000
CXUS55 KJKL 011000
CF6LOZ
PRELIMINARY LOCAL CLIMATOLOGICAL DATA (WS FORM: F-6)
STATION: LONDON KY
MONTH: NOVEMBER
YEAR: 2020
LATITUDE: 37 4 N
LONGITUDE: 84 5 W
TEMPERATURE IN F: :PCPN: SNOW: WIND :SUNSHINE: SKY :PK WND
================================================================================
1 2 3 4 5 6A 6B 7 8 9 10 11 12 13 14 15 16 17 18
12Z AVG MX 2MIN
DY MAX MIN AVG DEP HDD CDD WTR SNW DPTH SPD SPD DIR MIN PSBL S-S WX SPD DR
================================================================================
1 60 36 48 -4 17 0 0.00 M M 12.9 26 290 M M 4 37 320
2 49 26 38 -14 27 0 0.00 M M 2.7 14 250 M M 0 18 260
3 63 30 47 -5 18 0 0.00 M M 2.4 13 250 M M 0 22 240
4 69 34 52 0 13 0 0.00 M M 1.5 9 260 M M 0 15 270
5 66 38 52 1 13 0 0.00 M M 2.3 12 230 M M 0 8 16 200
6 71 38 55 4 10 0 0.00 M M 0.4 6 230 M M 0 10 270
7 77 39 58 7 7 0 0.00 M M 0.3 6 260 M M 0 1 9 260
8 79 45 62 12 3 0 0.00 M M 0.5 9 150 M M 0 1 13 140
9 80 48 64 14 1 0 0.00 M M 2.3 12 140 M M 0 1 16 150
10 80 51 66 16 0 1 0.07 M M 3.9 14 180 M M 2 1 23 160
11 68 53 61 12 4 0 0.75 M M 4.4 14 320 M M 10 1 22 340
12 59 40 50 1 15 0 0.00 M M 6.4 14 10 M M 2 19 40
13 62 37 50 2 15 0 0.00 M M 2.3 14 300 M M 1 1 21 280
14 63 34 49 1 16 0 0.00 M M 3.1 12 180 M M 3 17 170
15 65 45 55 7 10 0 M M M 13.2 30 260 M M 3 47 210
16 55 31 43 -5 22 0 0.00 M M 4.3 14 260 M M 0 20 280
17 50 31 41 -6 24 0 0.00 M M 7.0 18 300 M M 1 27 320
18 50 25 38 -9 27 0 0.00 M M 2.5 10 80 M M 0 15 80
19 64 30 47 1 18 0 0.00 M M 4.5 17 180 M M 0 8 23 180
20 67 36 52 6 13 0 0.00 M M 4.2 16 240 M M 0 23 230
21 68 38 53 7 12 0 0.00 M M 1.8 7 20 M M 2 11 270
22 65 41 53 8 12 0 0.28 M M 8.0 21 290 M M 5 1 30 280
23 51 34 43 -2 22 0 0.00 M M 3.1 16 340 M M 4 23 310
24 56 35 46 1 19 0 0.00 M M 3.5 10 190 M M 0 15 190
25 63 45 54 10 11 0 0.06 M M 12.3 24 180 M M 5 37 190
26 61 40 51 7 14 0 T M M 6.3 14 260 M M 8 27 210
27 58 33 46 2 19 0 0.00 M M 0.9 8 240 M M 5 12 10 240
28 50 30 40 -3 25 0 0.00 M M 1.4 9 10 M M 3 1 14 30
29 56 28 42 -1 23 0 0.11 M M 1.1 7 140 M M 2 1 11 140
30 48 30 39 -4 26 0 0.64 M M 10.6 24 290 M M 9 18 33 280
================================================================================
SM 1873 1101 456 1 1.91 M 130.1 M 69
================================================================================
AV 62.4 36.7 4.3 FASTST M M 2 MAX(MPH)
MISC ----> # 30 260 # 47 210
================================================================================
NOTES:
# LAST OF SEVERAL OCCURRENCES
COLUMN 17 PEAK WIND IN M.P.H.
PRELIMINARY LOCAL CLIMATOLOGICAL DATA (WS FORM: F-6) , PAGE 2
STATION: LONDON KY
MONTH: NOVEMBER
YEAR: 2020
LATITUDE: 37 4 N
LONGITUDE: 84 5 W
[TEMPERATURE DATA] [PRECIPITATION DATA] SYMBOLS USED IN COLUMN 16
AVERAGE MONTHLY: 49.6 TOTAL FOR MONTH: 1.91 1 = FOG OR MIST
DPTR FM NORMAL: 2.0 DPTR FM NORMAL: -1.92 2 = FOG REDUCING VISIBILITY
HIGHEST: 80 ON 10, 9 GRTST 24HR 0.75 ON 11-11 TO 1/4 MILE OR LESS
LOWEST: 25 ON 18 3 = THUNDER
SNOW, ICE PELLETS, HAIL 4 = ICE PELLETS
TOTAL MONTH: M 5 = HAIL
GRTST 24HR M ON M 6 = FREEZING RAIN OR DRIZZLE
GRTST DEPTH: M ON M 7 = DUSTSTORM OR SANDSTORM:
VSBY 1/2 MILE OR LESS
8 = SMOKE OR HAZE
[NO. OF DAYS WITH] [WEATHER - DAYS WITH] 9 = BLOWING SNOW
X = TORNADO
MAX 32 OR BELOW: 0 0.01 INCH OR MORE: 6
MAX 90 OR ABOVE: 0 0.10 INCH OR MORE: 4
MIN 32 OR BELOW: 9 0.50 INCH OR MORE: 2
MIN 0 OR BELOW: 0 1.00 INCH OR MORE: 0
[HDD (BASE 65) ]
TOTAL THIS MO. 456 CLEAR (SCALE 0-3) 19
DPTR FM NORMAL -68 PTCLDY (SCALE 4-7) 9
TOTAL FM JUL 1 696 CLOUDY (SCALE 8-10) 2
DPTR FM NORMAL -134
[CDD (BASE 65) ]
TOTAL THIS MO. 1
DPTR FM NORMAL -1 [PRESSURE DATA]
TOTAL FM JAN 1 1254 HIGHEST SLP 30.67 ON 18
DPTR FM NORMAL 64 LOWEST SLP 29.60 ON 30
[REMARKS]
#FINAL-11-20#