000
CXUS53 KARX 010900
CF6LSE
PRELIMINARY LOCAL CLIMATOLOGICAL DATA (WS FORM: F-6)
STATION: LA CROSSE WI
MONTH: MARCH
YEAR: 2021
LATITUDE: 43 52 N
LONGITUDE: 91 15 W
TEMPERATURE IN F: :PCPN: SNOW: WIND :SUNSHINE: SKY :PK WND
================================================================================
1 2 3 4 5 6A 6B 7 8 9 10 11 12 13 14 15 16 17 18
12Z AVG MX 2MIN
DY MAX MIN AVG DEP HDD CDD WTR SNW DPTH SPD SPD DIR MIN PSBL S-S WX SPD DR
================================================================================
1 29 17 23 -5 42 0 0.01 0.1 3 8.3 18 350 M M 3 18 24 320
2 45 17 31 3 34 0 0.00 0.0 3 12.8 26 200 M M 0 34 200
3 53 23 38 9 27 0 0.00 0.0 2 3.5 10 250 M M 1 18 14 290
4 47 27 37 8 28 0 0.00 0.0 1 4.3 12 60 M M 1 16 100
5 50 22 36 6 29 0 0.00 0.0 0 1.6 8 240 M M 3 10 230
6 52 20 36 6 29 0 0.00 0.0 0 2.7 8 160 M M 1 10 290
7 56 25 41 11 24 0 0.00 0.0 0 10.1 22 170 M M 1 27 180
8 62 34 48 17 17 0 0.00 0.0 0 3.0 14 100 M M 0 19 70
9 69 33 51 20 14 0 0.00 0.0 0 9.8 28 180 M M 2 37 180
10 64 43 54 22 11 0 0.47 0.0 0 16.3 36 210 M M 7 13 50 240
11 53 37 45 13 20 0 0.00 0.0 0 13.3 31 240 M M 5 45 230
12 50 27 39 6 26 0 0.00 0.0 0 5.6 16 320 M M 0 22 340
13 61 25 43 10 22 0 0.00 0.0 0 6.3 14 270 M M 0 18 270
14 52 29 41 7 24 0 0.00 0.0 0 9.0 20 110 M M 0 30 70
15 36 30 33 -1 32 0 0.33 3.9 0 9.4 20 80 M M 7 128 28 90
16 37 30 34 0 31 0 0.00 0.0 4 2.8 8 60 M M 10 10 70
17 45 33 39 4 26 0 T T 3 5.9 16 50 M M 7 20 20
18 56 34 45 10 20 0 0.00 0.0 T 9.9 20 10 M M 0 32 10
19 55 27 41 5 24 0 0.00 0.0 0 4.8 12 180 M M 0 16 190
20 61 33 47 11 18 0 0.00 0.0 0 12.6 23 180 M M 0 29 160
21 66 41 54 17 11 0 0.00 0.0 0 15.2 31 180 M M 1 43 170
22 66 45 56 19 9 0 0.03 0.0 0 6.2 16 290 M M 6 20 290
23 61 40 51 13 14 0 0.17 0.0 0 7.1 17 90 M M 7 12 27 70
24 54 42 48 10 17 0 0.17 0.0 0 11.6 24 280 M M 10 1 30 260
25 51 39 45 6 20 0 0.00 0.0 0 6.7 15 340 M M 8 21 80
26 53 30 42 3 23 0 0.00 0.0 0 6.0 14 330 M M 5 17 320
27 49 38 44 4 21 0 0.33 0.0 0 7.4 26 320 M M 8 1 37 330
28 46 32 39 -1 26 0 T 0.0 0 14.1 28 320 M M 2 35 330
29 72 33 53 13 12 0 0.00 0.0 0 19.1 28 170 M M 1 50 180
30 61 34 48 7 17 0 0.00 0.0 0 17.7 28 300 M M 3 39 300
31 40 26 33 -9 32 0 0.00 0.0 0 15.7 25 310 M M 5 32 320
================================================================================
SM 1652 966 700 0 1.51 4.0 278.8 M 104
================================================================================
AV 53.3 31.2 9.0 FASTST M M 3 MAX(MPH)
MISC ----> 36 210 50 240
================================================================================
NOTES:
# LAST OF SEVERAL OCCURRENCES
COLUMN 17 PEAK WIND IN M.P.H.
PRELIMINARY LOCAL CLIMATOLOGICAL DATA (WS FORM: F-6) , PAGE 2
STATION: LA CROSSE WI
MONTH: MARCH
YEAR: 2021
LATITUDE: 43 52 N
LONGITUDE: 91 15 W
[TEMPERATURE DATA] [PRECIPITATION DATA] SYMBOLS USED IN COLUMN 16
AVERAGE MONTHLY: 42.2 TOTAL FOR MONTH: 1.51 1 = FOG OR MIST
DPTR FM NORMAL: 7.7 DPTR FM NORMAL: -0.53 2 = FOG REDUCING VISIBILITY
HIGHEST: 72 ON 29 GRTST 24HR 0.47 ON 10-10 TO 1/4 MILE OR LESS
LOWEST: 17 ON 2, 1 3 = THUNDER
SNOW, ICE PELLETS, HAIL 4 = ICE PELLETS
TOTAL MONTH: 4.0 INCHES 5 = HAIL
GRTST 24HR 3.9 ON 15-15 6 = FREEZING RAIN OR DRIZZLE
GRTST DEPTH: 4 ON 16 7 = DUSTSTORM OR SANDSTORM:
VSBY 1/2 MILE OR LESS
8 = SMOKE OR HAZE
[NO. OF DAYS WITH] [WEATHER - DAYS WITH] 9 = BLOWING SNOW
X = TORNADO
MAX 32 OR BELOW: 1 0.01 INCH OR MORE: 7
MAX 90 OR ABOVE: 0 0.10 INCH OR MORE: 5
MIN 32 OR BELOW: 16 0.50 INCH OR MORE: 0
MIN 0 OR BELOW: 0 1.00 INCH OR MORE: 0
[HDD (BASE 65) ]
TOTAL THIS MO. 700 CLEAR (SCALE 0-3) 17
DPTR FM NORMAL -244 PTCLDY (SCALE 4-7) 11
TOTAL FM JUL 1 5990 CLOUDY (SCALE 8-10) 3
DPTR FM NORMAL -464
[CDD (BASE 65) ]
TOTAL THIS MO. 0
DPTR FM NORMAL 0 [PRESSURE DATA]
TOTAL FM JAN 1 0 HIGHEST SLP 30.60 ON 19
DPTR FM NORMAL 0 LOWEST SLP 29.44 ON 24
[REMARKS]
#FINAL-03-21#