000
CXUS54 KHGX 011410
CF6LVJ
PRELIMINARY LOCAL CLIMATOLOGICAL DATA (WS FORM: F-6)
STATION: HOUSTON/CLOVER_FIELD
MONTH: APRIL
YEAR: 2021
LATITUDE: 29 31 N
LONGITUDE: 95 14 W
TEMPERATURE IN F: :PCPN: SNOW: WIND :SUNSHINE: SKY :PK WND
================================================================================
1 2 3 4 5 6A 6B 7 8 9 10 11 12 13 14 15 16 17 18
12Z AVG MX 2MIN
DY MAX MIN AVG DEP HDD CDD WTR SNW DPTH SPD SPD DIR MIN PSBL S-S WX SPD DR
================================================================================
1 72 49 61 -5 4 0 0.00 0.0 0 10.0 23 60 M M 2 31 50
2 66 45 56 -10 9 0 0.00 0.0 0 7.3 20 70 M M 0 26 90
3 69 49 59 -7 6 0 T 0.0 0 5.6 18 130 M M 5 24 120
4 74 55 65 -1 0 0 0.00 0.0 0 6.4 16 130 M M 4 23 100
5 78 59 69 2 0 4 0.00 0.0 0 7.2 18 130 M M 4 1 24 150
6 80 68 74 7 0 9 0.00 0.0 0 12.6 23 170 M M 9 29 170
7 81 64 73 6 0 8 0.03 0.0 0 10.6 21 180 M M 8 8 29 190
8 87 59 73 6 0 8 0.00 0.0 0 5.8 15 150 M M 1 1 20 140
9 82 73 78 10 0 13 T 0.0 0 9.5 22 170 M M 10 18 29 150
10 87 62 75 7 0 10 0.00 0.0 0 7.2 21 340 M M 5 18 28 320
11 85 54 70 2 0 5 0.00 0.0 0 5.5 14 80 M M 0 17 80
12 81 54 68 0 0 3 0.00 0.0 0 6.7 15 140 M M 4 1 18 100
13 87 71 79 11 0 14 0.02 0.0 0 8.1 24 100 M M 9 18 32 100
14 80 69 75 6 0 10 0.30 0.0 0 8.4 17 130 M M 10 138 23 140
15 72 65 69 0 0 4 0.00 0.0 0 10.8 17 100 M M 10 1 22 70
16 74 64 69 0 0 4 0.05 0.0 0 8.6 16 80 M M 10 1 21 80
17 65 56 61 -8 4 0 0.03 0.0 0 11.5 26 360 M M 10 1 33 350
18 68 53 61 -9 4 0 T 0.0 0 8.1 16 20 M M 1 21 20
19 73 49 61 -9 4 0 T 0.0 0 4.2 15 70 M M 4 21 70
20 82 53 68 -2 0 3 0.00 0.0 0 4.2 15 320 M M 2 20 130
21 71 49 60 -10 5 0 0.00 0.0 0 10.1 21 20 M M 0 28 20
22 72 52 62 -8 3 0 0.01 0.0 0 10.2 20 100 M M 6 1 26 100
23 77 67 72 1 0 7 0.19 0.0 0 11.5 25 150 M M 10 138 35 160
24 88 67 78 7 0 13 0.00 0.0 0 8.2 17 360 M M 3 18 23 340
25 80 62 71 0 0 6 0.00 0.0 0 7.3 17 80 M M 1 24 120
26 81 60 71 0 0 6 0.00 0.0 0 7.9 18 130 M M 2 1 23 130
27 80 73 77 5 0 12 0.00 0.0 0 9.8 23 120 M M 8 33 120
28 83 75 79 7 0 14 0.00 0.0 0 15.1 26 170 M M 9 8 36 160
29 82 74 78 6 0 13 0.01 0.0 0 7.4 16 160 M M 8 18 23 180
30 77 70 74 2 0 9 0.52 0.0 0 8.7 20 70 M M 8 13 27 70
================================================================================
SM 2334 1820 39 175 1.16 0.0 254.5 M 163
================================================================================
AV 77.8 60.7 8.5 FASTST M M 5 MAX(MPH)
MISC ----> # 26 360 36 160
================================================================================
NOTES:
# LAST OF SEVERAL OCCURRENCES
COLUMN 17 PEAK WIND IN M.P.H.
PRELIMINARY LOCAL CLIMATOLOGICAL DATA (WS FORM: F-6) , PAGE 2
STATION: HOUSTON/CLOVER_FIELD
MONTH: APRIL
YEAR: 2021
LATITUDE: 29 31 N
LONGITUDE: 95 14 W
[TEMPERATURE DATA] [PRECIPITATION DATA] SYMBOLS USED IN COLUMN 16
AVERAGE MONTHLY: 69.2 TOTAL FOR MONTH: 1.16 1 = FOG OR MIST
DPTR FM NORMAL: 0.2 DPTR FM NORMAL: -2.36 2 = FOG REDUCING VISIBILITY
HIGHEST: 88 ON 24 GRTST 24HR 0.53 ON 29-30 TO 1/4 MILE OR LESS
LOWEST: 45 ON 2 3 = THUNDER
SNOW, ICE PELLETS, HAIL 4 = ICE PELLETS
TOTAL MONTH: 0.0 INCH 5 = HAIL
GRTST 24HR 0.0 6 = FREEZING RAIN OR DRIZZLE
GRTST DEPTH: 0 7 = DUSTSTORM OR SANDSTORM:
VSBY 1/2 MILE OR LESS
8 = SMOKE OR HAZE
[NO. OF DAYS WITH] [WEATHER - DAYS WITH] 9 = BLOWING SNOW
X = TORNADO
MAX 32 OR BELOW: 0 0.01 INCH OR MORE: 9
MAX 90 OR ABOVE: 0 0.10 INCH OR MORE: 3
MIN 32 OR BELOW: 0 0.50 INCH OR MORE: 1
MIN 0 OR BELOW: 0 1.00 INCH OR MORE: 0
[HDD (BASE 65) ]
TOTAL THIS MO. 39 CLEAR (SCALE 0-3) 9
DPTR FM NORMAL 5 PTCLDY (SCALE 4-7) 11
TOTAL FM JUL 1 1138 CLOUDY (SCALE 8-10) 10
DPTR FM NORMAL -150
[CDD (BASE 65) ]
TOTAL THIS MO. 175
DPTR FM NORMAL 20 [PRESSURE DATA]
TOTAL FM JAN 1 337 HIGHEST SLP 30.52 ON 1
DPTR FM NORMAL 92 LOWEST SLP 29.63 ON 9
[REMARKS]
#FINAL-04-21#