000
CXUS56 KMTR 042012
CF6LVK
PRELIMINARY LOCAL CLIMATOLOGICAL DATA (WS FORM: F-6)
STATION: LIVERMORE AIRPORT
MONTH: AUGUST
YEAR: 2020
LATITUDE: 37 42 N
LONGITUDE: 121 49 W
TEMPERATURE IN F: :PCPN: SNOW: WIND :SUNSHINE: SKY :PK WND
================================================================================
1 2 3 4 5 6A 6B 7 8 9 10 11 12 13 14 15 16 17 18
12Z AVG MX 2MIN
DY MAX MIN AVG DEP HDD CDD WTR SNW DPTH SPD SPD DIR MIN PSBL S-S WX SPD DR
================================================================================
1 90 54 72 -1 0 7 0.00 M M 8.2 14 290 M M 0 18 290
2 91 55 73 0 0 8 0.00 M M 7.3 17 300 M M 0 19 300
3 95 59 77 4 0 12 0.00 M M 7.1 18 300 M M 0 21 280
4 83 57 70 -3 0 5 0.00 M M 10.4 20 230 M M 1 25 220
5 69 60 65 -7 0 0 0.00 M M 13.5 21 250 M M 10 8 26 250
6 83 59 71 -1 0 6 0.00 M M 8.6 16 200 M M 4 21 250
7 91 57 74 2 0 9 0.00 M M 6.9 16 290 M M 0 19 300
8 93 59 76 4 0 11 0.00 M M 6.2 17 300 M M 0 21 300
9 98 60 79 7 0 14 0.00 M M 6.5 17 270 M M 0 21 270
10 94 60 77 5 0 12 0.00 M M 9.5 18 290 M M 0 27 280
11 84 58 71 -1 0 6 0.00 M M 10.5 22 290 M M 1 26 290
12 96 58 77 5 0 12 0.00 M M 5.4 16 280 M M 1 18 290
13 102 63 83 11 0 18 0.00 M M 3.6 17 280 M M 0 22 300
14 106 73 90 18 0 25 0.00 M M 2.9 13 90 M M 1 15 20
15 108 72 90 18 0 25 0.00 M M 4.3 14 280 M M 1 17 270
16 106 75 91 19 0 26 0.11 M M 7.0 24 220 M M 1 38 35 220
17 103 74 89 17 0 24 0.00 M M 4.0 16 280 M M 0 8 19 270
18 105 72 89 17 0 24 0.00 M M 5.1 17 260 M M 0 8 25 280
19 104 69 87 15 0 22 0.00 M M 6.9 21 260 M M 1 8 24 260
20 93 60 77 5 0 12 0.00 M M 8.3 17 290 M M 1 18 22 280
21 96 60 78 6 0 13 0.00 M M 6.6 17 290 M M 3 18 21 290
22 97 60 79 7 0 14 0.00 M M 4.0 17 280 M M 1 8 21 280
23 93 64 79 7 0 14 T M M 4.3 14 290 M M 5 8 18 280
24 94 68 81 9 0 16 0.00 M M 6.1 20 290 M M 2 8 24 280
25 86 60 73 1 0 8 0.00 M M 8.9 20 280 M M 1 18 23 290
26 82 55 69 -3 0 4 0.00 M M 10.0 20 290 M M 0 18 24 290
27 87 55 71 -1 0 6 0.00 M M 5.8 13 300 M M 3 8 16 290
28 91 57 74 2 0 9 0.00 M M 5.4 14 280 M M 0 18 16 280
29 89 57 73 1 0 8 0.00 M M 6.2 14 290 M M 0 18 17 300
30 90 55 73 1 0 8 0.00 M M 5.8 12 290 M M 1 18 15 280
31 88 57 73 1 0 8 0.00 M M 5.8 14 300 M M 0 18 16 290
================================================================================
SM 2887 1902 0 386 0.11 M 211.1 M 38
================================================================================
AV 93.1 61.4 6.8 FASTST M M 1 MAX(MPH)
MISC ----> 24 220 35 220
================================================================================
NOTES:
# LAST OF SEVERAL OCCURRENCES
COLUMN 17 PEAK WIND IN M.P.H.
PRELIMINARY LOCAL CLIMATOLOGICAL DATA (WS FORM: F-6) , PAGE 2
STATION: LIVERMORE AIRPORT
MONTH: AUGUST
YEAR: 2020
LATITUDE: 37 42 N
LONGITUDE: 121 49 W
[TEMPERATURE DATA] [PRECIPITATION DATA] SYMBOLS USED IN COLUMN 16
AVERAGE MONTHLY: 77.2 TOTAL FOR MONTH: 0.11 1 = FOG OR MIST
DPTR FM NORMAL: 4.9 DPTR FM NORMAL: 0.10 2 = FOG REDUCING VISIBILITY
HIGHEST: 108 ON 15 GRTST 24HR 0.11 ON 16-16 TO 1/4 MILE OR LESS
LOWEST: 54 ON 1 3 = THUNDER
SNOW, ICE PELLETS, HAIL 4 = ICE PELLETS
TOTAL MONTH: M 5 = HAIL
GRTST 24HR M ON M 6 = FREEZING RAIN OR DRIZZLE
GRTST DEPTH: M ON M 7 = DUSTSTORM OR SANDSTORM:
VSBY 1/2 MILE OR LESS
8 = SMOKE OR HAZE
[NO. OF DAYS WITH] [WEATHER - DAYS WITH] 9 = BLOWING SNOW
X = TORNADO
MAX 32 OR BELOW: 0 0.01 INCH OR MORE: 1
MAX 90 OR ABOVE: 22 0.10 INCH OR MORE: 1
MIN 32 OR BELOW: 0 0.50 INCH OR MORE: 0
MIN 0 OR BELOW: 0 1.00 INCH OR MORE: 0
[HDD (BASE 65) ]
TOTAL THIS MO. 0 CLEAR (SCALE 0-3) 28
DPTR FM NORMAL -3 PTCLDY (SCALE 4-7) 2
TOTAL FM JUL 1 0 CLOUDY (SCALE 8-10) 1
DPTR FM NORMAL -4
[CDD (BASE 65) ]
TOTAL THIS MO. 386
DPTR FM NORMAL 155 [PRESSURE DATA]
TOTAL FM JAN 1 945 HIGHEST SLP 30.03 ON 2
DPTR FM NORMAL 320 LOWEST SLP 29.72 ON 27
[REMARKS]
#FINAL-08-20#