000
CXUS55 KBYZ 011000
CF6LVM
PRELIMINARY LOCAL CLIMATOLOGICAL DATA (WS FORM: F-6)
STATION: LIVINGSTON MT
MONTH: JUNE
YEAR: 2023
LATITUDE: 45 41 N
LONGITUDE: 110 26 W
TEMPERATURE IN F: :PCPN: SNOW: WIND :SUNSHINE: SKY :PK WND
================================================================================
1 2 3 4 5 6A 6B 7 8 9 10 11 12 13 14 15 16 17 18
12Z AVG MX 2MIN
DY MAX MIN AVG DEP HDD CDD WTR SNW DPTH SPD SPD DIR MIN PSBL S-S WX SPD DR
================================================================================
1 76 44 60 4 5 0 0.00 M M 7.7 23 70 M M 2 3 29 70
2 58 51 55 -1 10 0 0.63 M M 7.9 20 330 M M 10 1 27 330
3 64 53 59 3 6 0 0.87 M M 10.4 17 330 M M 10 1 22 330
4 70 49 60 4 5 0 0.11 M M 4.4 17 130 M M 9 21 140
5 80 49 65 8 0 0 T M M 8.2 20 80 M M 2 3 24 90
6 77 51 64 7 1 0 0.01 M M 8.5 25 90 M M 2 3 31 80
7 78 47 63 6 2 0 0.00 M M 7.2 22 80 M M 0 1 26 70
8 73 56 65 8 0 0 0.05 M M 6.1 23 100 M M 6 13 29 100
9 78 51 65 7 0 0 0.05 M M 7.8 21 80 M M 1 1 25 80
10 66 53 60 2 5 0 0.07 M M 7.8 21 80 M M 5 3 26 80
11 72 54 63 5 2 0 0.12 M M 11.1 26 80 M M 6 13 33 80
12 70 54 62 4 3 0 0.29 M M 8.1 22 100 M M 9 13 28 100
13 72 50 61 3 4 0 0.08 M M 6.8 26 210 M M 6 13 32 210
14 69 56 63 4 2 0 0.08 M M 9.5 26 260 M M 8 34 220
15 66 48 57 -2 8 0 0.32 M M 7.1 17 340 M M 9 18 22 340
16 72 44 58 -1 7 0 0.01 M M 5.3 14 330 M M 6 19 310
17 72 46 59 -1 6 0 0.00 M M 12.9 28 200 M M 6 38 200
18 66 49 58 -2 7 0 0.96 M M 10.0 31 210 M M 9 1 39 220
19 73 40 57 -3 8 0 T M M 10.5 32 280 M M 5 1 39 270
20 66 41 54 -6 11 0 0.00 M M 8.6 31 250 M M 4 37 250
21 66 34 50 -11 15 0 0.08 M M 7.4 30 260 M M 3 13 37 250
22 68 33 51 -10 14 0 0.00 M M 11.4 24 70 M M 1 28 60
23 66 50 58 -3 7 0 0.37 M M 11.5 23 70 M M 10 13 30 70
24 71 48 60 -2 5 0 0.23 M M 10.5 24 220 M M 6 13 33 220
25 77 47 62 0 3 0 0.02 M M 11.0 23 230 M M 2 3 29 230
26 77 44 61 -1 4 0 0.20 M M 6.7 29 220 M M 3 13 46 300
27 74 48 61 -2 4 0 0.01 M M 7.8 26 200 M M 2 3 32 210
28 73 48 61 -2 4 0 T M M 9.4 26 270 M M 4 3 31 270
29 79 46 63 0 2 0 0.00 M M 5.5 13 40 M M 1 8 17 50
30 84 50 67 3 0 2 0.00 M M 6.3 16 280 M M 1 20 280
================================================================================
SM 2153 1434 150 2 4.56 M 253.4 M 148
================================================================================
AV 71.8 47.8 8.4 FASTST M M 5 MAX(MPH)
MISC ----> 32 280 46 300
================================================================================
NOTES:
# LAST OF SEVERAL OCCURRENCES
COLUMN 17 PEAK WIND IN M.P.H.
PRELIMINARY LOCAL CLIMATOLOGICAL DATA (WS FORM: F-6) , PAGE 2
STATION: LIVINGSTON MT
MONTH: JUNE
YEAR: 2023
LATITUDE: 45 41 N
LONGITUDE: 110 26 W
[TEMPERATURE DATA] [PRECIPITATION DATA] SYMBOLS USED IN COLUMN 16
AVERAGE MONTHLY: 59.8 TOTAL FOR MONTH: 4.56 1 = FOG OR MIST
DPTR FM NORMAL: 0.5 DPTR FM NORMAL: 2.14 2 = FOG REDUCING VISIBILITY
HIGHEST: 84 ON 30 GRTST 24HR 1.42 ON 2- 3 TO 1/4 MILE OR LESS
LOWEST: 33 ON 22 3 = THUNDER
SNOW, ICE PELLETS, HAIL 4 = ICE PELLETS
TOTAL MONTH: M 5 = HAIL
GRTST 24HR M ON M 6 = FREEZING RAIN OR DRIZZLE
GRTST DEPTH: M ON M 7 = DUSTSTORM OR SANDSTORM:
VSBY 1/2 MILE OR LESS
8 = SMOKE OR HAZE
[NO. OF DAYS WITH] [WEATHER - DAYS WITH] 9 = BLOWING SNOW
X = TORNADO
MAX 32 OR BELOW: 0 0.01 INCH OR MORE: 20
MAX 90 OR ABOVE: 0 0.10 INCH OR MORE: 10
MIN 32 OR BELOW: 0 0.50 INCH OR MORE: 3
MIN 0 OR BELOW: 0 1.00 INCH OR MORE: 0
[HDD (BASE 65) ]
TOTAL THIS MO. 150 CLEAR (SCALE 0-3) 12
DPTR FM NORMAL -42 PTCLDY (SCALE 4-7) 11
TOTAL FM JUL 1 7517 CLOUDY (SCALE 8-10) 7
DPTR FM NORMAL 141
[CDD (BASE 65) ]
TOTAL THIS MO. 2
DPTR FM NORMAL -20 [PRESSURE DATA]
TOTAL FM JAN 1 4 HIGHEST SLP 30.26 ON 21
DPTR FM NORMAL -19 LOWEST SLP 29.41 ON 18
[REMARKS]
#FINAL-06-23#