000
CXUS53 KTOP 010910
CF6LWC
PRELIMINARY LOCAL CLIMATOLOGICAL DATA (WS FORM: F-6)
STATION: LAWRENCE KS
MONTH: FEBRUARY
YEAR: 2022
LATITUDE: 39 0 N
LONGITUDE: 95 13 W
TEMPERATURE IN F: :PCPN: SNOW: WIND :SUNSHINE: SKY :PK WND
================================================================================
1 2 3 4 5 6A 6B 7 8 9 10 11 12 13 14 15 16 17 18
12Z AVG MX 2MIN
DY MAX MIN AVG DEP HDD CDD WTR SNW DPTH SPD SPD DIR MIN PSBL S-S WX SPD DR
================================================================================
1 57 32 45 15 20 0 0.02 M M 10.7 22 200 M M 8 29 210
2 32 14 23 -8 42 0 0.05 M M 14.8 25 20 M M 10 38 30
3 21 7 14 -17 51 0 T M M 11.2 20 10 M M 2 28 10
4 36 -3 17 -14 48 0 0.00 M M 5.0 17 300 M M 1 21 300
5 48 13 31 0 34 0 0.00 M M 11.1 24 190 M M 0 33 200
6 54 21 38 6 27 0 0.00 M M 7.8 20 350 M M 0 26 340
7 57 17 37 5 28 0 0.00 M M 6.3 18 240 M M 3 26 260
8 65 24 45 13 20 0 0.00 M M 5.9 21 310 M M 0 8 27 310
9 60 26 43 11 22 0 0.00 M M 9.6 26 300 M M 2 34 350
10 55 24 40 7 25 0 0.00 M M 9.6 23 220 M M 1 8 32 220
11 58 22 40 7 25 0 T M M 17.3 31 330 M M 3 43 360
12 33 11 22 -11 43 0 0.00 M M 8.7 22 340 M M 1 8 27 350
13 35 16 26 -8 39 0 0.00 M M 8.6 22 360 M M 1 8 27 20
14 54 17 36 2 29 0 0.00 M M 6.0 15 350 M M 0 8 19 350
15 69 26 48 14 17 0 0.00 M M 17.0 33 170 M M 0 8 47 200
16 67 35 51 16 14 0 0.00 M M 19.5 35 190 M M 6 52 190
17 35 -4 16 -19 49 0 M M M 14.4 26 330 M M 7 128 40 360
18 39 -6 17 -18 48 0 0.00 M M 8.9 23 240 M M 1 35 220
19 36 15 26 -10 39 0 0.00 M M 8.6 17 10 M M 0 27 340
20 59 23 41 5 24 0 0.00 M M 14.2 28 200 M M 0 40 190
21 70 33 52 16 13 0 0.00 M M 11.2 25 340 M M 1 34 340
22 33 10 22 -15 43 0 T M M 18.2 28 320 M M 9 18 36 350
23 21 4 13 -24 52 0 0.00 M M 11.0 20 340 M M 3 24 340
24 20 12 16 -22 49 0 T M M 9.0 16 330 M M 9 18 19 330
25 29 4 17 -21 48 0 0.00 M M 5.9 16 330 M M 0 20 330
26 43 9 26 -12 39 0 0.00 M M 1.9 8 160 M M 0 11 170
27 56 14 35 -4 30 0 0.00 M M 3.7 14 270 M M 0 20 270
28 67 19 43 4 22 0 0.00 M M 2.0 9 190 M M 0 8 11 200
================================================================================
SM 1309 435 940 0 0.07 M 278.1 M 68
================================================================================
AV 46.8 15.5 9.9 FASTST M M 2 MAX(MPH)
MISC ----> 35 190 52 190
================================================================================
NOTES:
# LAST OF SEVERAL OCCURRENCES
COLUMN 17 PEAK WIND IN M.P.H.
PRELIMINARY LOCAL CLIMATOLOGICAL DATA (WS FORM: F-6) , PAGE 2
STATION: LAWRENCE KS
MONTH: FEBRUARY
YEAR: 2022
LATITUDE: 39 0 N
LONGITUDE: 95 13 W
[TEMPERATURE DATA] [PRECIPITATION DATA] SYMBOLS USED IN COLUMN 16
AVERAGE MONTHLY: 31.1 TOTAL FOR MONTH: 0.07 1 = FOG OR MIST
DPTR FM NORMAL: -3.2 DPTR FM NORMAL: -1.23 2 = FOG REDUCING VISIBILITY
HIGHEST: 70 ON 21 GRTST 24HR 0.26 ON 17-17 TO 1/4 MILE OR LESS
LOWEST: -6 ON 18 3 = THUNDER
SNOW, ICE PELLETS, HAIL 4 = ICE PELLETS
TOTAL MONTH: M 5 = HAIL
GRTST 24HR M ON M 6 = FREEZING RAIN OR DRIZZLE
GRTST DEPTH: M ON M 7 = DUSTSTORM OR SANDSTORM:
VSBY 1/2 MILE OR LESS
8 = SMOKE OR HAZE
[NO. OF DAYS WITH] [WEATHER - DAYS WITH] 9 = BLOWING SNOW
X = TORNADO
MAX 32 OR BELOW: 5 0.01 INCH OR MORE: 2
MAX 90 OR ABOVE: 0 0.10 INCH OR MORE: 0
MIN 32 OR BELOW: 26 0.50 INCH OR MORE: 0
MIN 0 OR BELOW: 3 1.00 INCH OR MORE: 0
[HDD (BASE 65) ]
TOTAL THIS MO. 940 CLEAR (SCALE 0-3) 20
DPTR FM NORMAL 82 PTCLDY (SCALE 4-7) 4
TOTAL FM JUL 1 3513 CLOUDY (SCALE 8-10) 4
DPTR FM NORMAL -431
[CDD (BASE 65) ]
TOTAL THIS MO. 0
DPTR FM NORMAL 0 [PRESSURE DATA]
TOTAL FM JAN 1 0 HIGHEST SLP 30.75 ON 23
DPTR FM NORMAL 0 LOWEST SLP 29.56 ON 21
[REMARKS]
#FINAL-02-22#