000
CXUS53 KTOP 011414
CLMLWC
CLIMATE REPORT
NATIONAL WEATHER SERVICE TOPEKA KS
914 AM CDT THU JUN 01 2023
...................................
...THE LAWRENCE KS CLIMATE SUMMARY FOR THE MONTH OF MAY 2023...
CLIMATE NORMAL PERIOD 1991 TO 2020
CLIMATE RECORD PERIOD 9999 TO 9999
WEATHER OBSERVED NORMAL DEPART LAST YEAR`S
VALUE DATE(S) VALUE FROM VALUE
NORMAL
..............................................................
TEMPERATURE (F)
HIGHEST 95 05/06 94
LOWEST 32R 05/03 40
AVG. MAXIMUM 80.8 77.0 3.8 76.8
AVG. MINIMUM 52.5 53.4 -0.9 56.2
MEAN 66.7 65.2 1.5 66.5
DAYS MAX >= 90 2 2.0 0.0 5
DAYS MAX <= 32 0 0.0 0.0 0
DAYS MIN <= 32 1 0.5 0.5 0
DAYS MIN <= 0 0 0.0 0.0 0
PRECIPITATION (INCHES)
TOTALS 5.15R 4.74 0.41 8.12
DAILY AVG. 0.17 0.26
DAYS >= .01 11 15
DAYS >= .10 7 11
DAYS >= .50 2 6
DAYS >= 1.00 1 3
GREATEST
24 HR. TOTAL 3.74 05/30 TO 05/31 2.25
DEGREE DAYS
HEATING TOTAL 76 105 -29 104
SINCE 7/1 4827 4998 -171 MM
COOLING TOTAL 134 112 22 159
SINCE 1/1 148 136 12 MM
..............................................................
WIND (MPH)
AVERAGE WIND SPEED 6.8
HIGHEST WIND SPEED/DIRECTION 38/130 DATE 05/09
HIGHEST GUST SPEED/DIRECTION 51/130 DATE 05/09
SKY COVER
POSSIBLE SUNSHINE (PERCENT) MM
AVERAGE SKY COVER 0.28
NUMBER OF DAYS FAIR 21
NUMBER OF DAYS PC 7
NUMBER OF DAYS CLOUDY 3
AVERAGE RH (PERCENT) 66
WEATHER CONDITIONS. NUMBER OF DAYS WITH
THUNDERSTORM 6 MIXED PRECIP 0
HEAVY RAIN 4 RAIN 7
LIGHT RAIN 13 FREEZING RAIN 0
LT FREEZING RAIN 0 HAIL 0
HEAVY SNOW 0 SNOW 0
LIGHT SNOW 0 SLEET 0
FOG 24 FOG W/VIS <= 1/4 MILE 3
HAZE 26
- INDICATES NEGATIVE NUMBERS.
R INDICATES RECORD WAS SET OR TIED.
MM INDICATES DATA IS MISSING.
T INDICATES TRACE AMOUNT.
$$