000
CXUS53 KTOP 011514
CLMLWC
CLIMATE REPORT
NATIONAL WEATHER SERVICE TOPEKA KS
914 AM CST THU FEB 01 2024
...................................
...THE LAWRENCE KS CLIMATE SUMMARY FOR THE MONTH OF JANUARY 2024...
CLIMATE NORMAL PERIOD 1991 TO 2020
CLIMATE RECORD PERIOD 9999 TO 9999
WEATHER OBSERVED NORMAL DEPART LAST YEAR`S
VALUE DATE(S) VALUE FROM VALUE
NORMAL
..............................................................
TEMPERATURE (F)
HIGHEST 64 01/29 61
01/31
LOWEST -13R 01/16 5
AVG. MAXIMUM 34.7 40.7 -6.0 44.8
AVG. MINIMUM 16.1 17.9 -1.8 22.2
MEAN 25.4 29.3 -3.9 33.5
DAYS MAX >= 90 0 0.0 0.0 0
DAYS MAX <= 32 8 8.4 -0.4 4
DAYS MIN <= 32 26 28.4 -2.4 27
DAYS MIN <= 0 6 2.3 3.7 0
PRECIPITATION (INCHES)
TOTALS 1.93 0.87 1.06 1.09
DAILY AVG. 0.06 0.04
DAYS >= .01 9 7
DAYS >= .10 5 5
DAYS >= .50 1 0
DAYS >= 1.00 0 0
GREATEST
24 HR. TOTAL 0.92 01/08 TO 01/09 0.49
DEGREE DAYS
HEATING TOTAL 1221 1106 115 967
SINCE 7/1 2893 3087 -194 MM
COOLING TOTAL 0 0 0 0
SINCE 1/1 0 0 0 MM
..............................................................
WIND (MPH)
AVERAGE WIND SPEED 7.6
HIGHEST WIND SPEED/DIRECTION 33/330 DATE 01/09
HIGHEST GUST SPEED/DIRECTION 42/320 DATE 01/09
SKY COVER
POSSIBLE SUNSHINE (PERCENT) MM
AVERAGE SKY COVER 0.47
NUMBER OF DAYS FAIR 15
NUMBER OF DAYS PC 6
NUMBER OF DAYS CLOUDY 10
AVERAGE RH (PERCENT) 76
WEATHER CONDITIONS. NUMBER OF DAYS WITH
THUNDERSTORM 0 MIXED PRECIP 0
HEAVY RAIN 1 RAIN 4
LIGHT RAIN 5 FREEZING RAIN 0
LT FREEZING RAIN 0 HAIL 0
HEAVY SNOW 0 SNOW 4
LIGHT SNOW 8 SLEET 0
FOG 20 FOG W/VIS <= 1/4 MILE 3
HAZE 10
- INDICATES NEGATIVE NUMBERS.
R INDICATES RECORD WAS SET OR TIED.
MM INDICATES DATA IS MISSING.
T INDICATES TRACE AMOUNT.
$$