000
CXUS53 KILX 012108
CLALWV
CLIMATE REPORT
NATIONAL WEATHER SERVICE LINCOLN IL
308 PM CST MON JAN 01 2024
...................................
...THE LAWRENCEVILLE IL AIRPORT CLIMATE SUMMARY FOR THE YEAR OF 2023...
CLIMATE NORMAL PERIOD 1991 TO 2020
CLIMATE RECORD PERIOD 9999 TO 9999
WEATHER OBSERVED NORMAL DEPART LAST YEAR`S
VALUE DATE(S) VALUE FROM VALUE
NORMAL
..............................................................
TEMPERATURE (F)
RECORD
HIGH MM MM
LOW -6 02/17/2021
HIGHEST 102 06/25 MM MM 98
LOWEST 14 02/03 MM MM -6
AVG. MAXIMUM 71.2 65.9 5.3 65.8
AVG. MINIMUM 48.3 45.5 2.8 45.1
MEAN 59.8 55.7 4.1 55.4
DAYS MAX >= 90 40 40.7 -0.7 37
DAYS MAX <= 32 3 19.7 -16.7 23
DAYS MIN <= 32 56 96.5 -40.5 93
DAYS MIN <= 0 0 2.7 -2.7 2
PRECIPITATION (INCHES)
RECORD
MAXIMUM 54.29 2019
MINIMUM 32.76 2022
TOTALS 26.45R 41.66 -15.21 32.76
DAILY AVG. 0.09 0.10
DAYS >= .01 81 115.7 -34.7 88
DAYS >= .10 52 69.2 -17.2 53
DAYS >= .50 14 28.4 -14.4 24
DAYS >= 1.00 8 11.6 -3.6 11
GREATEST
24 HR. TOTAL 2.65 4.12
DEGREE DAYS
HEATING TOTAL 2985 4715 -1730 4486
COOLING TOTAL 1445 1379 66 1549
FREEZE DATES
RECORD
EARLIEST MM
LATEST MM
EARLIEST 10/30
LATEST 04/24
..............................................................
SKY COVER
POSSIBLE SUNSHINE (PERCENT) MM
- INDICATES NEGATIVE NUMBERS.
R INDICATES RECORD WAS SET OR TIED.
MM INDICATES DATA IS MISSING.
T INDICATES TRACE AMOUNT.
$$