000
CXUS53 KEAX 071510
CF6LXT
PRELIMINARY LOCAL CLIMATOLOGICAL DATA (WS FORM: F-6)
STATION: LEE`S SUMMIT MO
MONTH: DECEMBER
YEAR: 2022
LATITUDE: 38 57 N
LONGITUDE: 94 22 W
TEMPERATURE IN F: :PCPN: SNOW: WIND :SUNSHINE: SKY :PK WND
================================================================================
1 2 3 4 5 6A 6B 7 8 9 10 11 12 13 14 15 16 17 18
12Z AVG MX 2MIN
DY MAX MIN AVG DEP HDD CDD WTR SNW DPTH SPD SPD DIR MIN PSBL S-S WX SPD DR
================================================================================
1 48 24 36 -3 29 0 0.00 M M 15.2 26 190 M M 5 36 200
2 60 28 44 5 21 0 0.00 M M 21.4 35 310 M M 3 47 210
3 33 17 25 -13 40 0 0.00 M M 7.6 24 330 M M 0 35 340
4 45 25 35 -3 30 0 0.00 M M 6.4 12 220 M M 0 16 210
5 48 35 42 4 23 0 0.00 M M 6.9 13 200 M M 1 12 17 180
6 43 34 39 1 26 0 0.00 M M 6.1 12 30 M M 9 12 15 50
7 50 38 44 7 21 0 0.00 M M 1.8 7 60 M M 7 10 60
8 49 43 46 9 19 0 0.08 M M 7.8 15 100 M M 10 1 18 100
9 49 33 41 5 24 0 0.00 M M 7.2 18 260 M M 9 1 28 250
10 42 30 36 0 29 0 0.02 M M 4.0 12 300 M M 8 1 17 310
11 40 24 32 -4 33 0 0.00 M M 5.3 14 170 M M 8 128 19 150
12 43 36 40 4 25 0 0.11 M M 11.4 21 100 M M 10 1 30 100
13 56 40 48 13 17 0 0.76 M M 11.6 21 120 M M 8 13 32 120
14 40 28 34 -1 31 0 0.00 M M 12.3 21 260 M M 4 8 29 260
15 34 28 31 -4 34 0 0.00 M M 15.8 24 290 M M 9 37 280
16 31 23 27 -7 38 0 0.00 M M 15.0 24 290 M M 7 36 290
17 32 21 27 -7 38 0 0.00 M M 11.8 25 310 M M 5 34 320
18 36 12 24 -10 41 0 0.00 M M 4.3 12 100 M M 0 15 300
19 39 30 35 1 30 0 T M M 7.7 15 140 M M 8 1 23 140
20 35 20 28 -6 37 0 0.00 M M 9.3 16 340 M M 10 1 21 340
21 35 21 28 -5 37 0 0.00 M M 6.8 15 100 M M 9 20 90
22 33 -7 13 -20 52 0 0.15 M M 20.8 35 340 M M 9 12689 44 350
23 8 -7 1 -32 64 0 0.00 M M 18.0 26 300 M M 3 35 300
24 17 3 10 -23 55 0 0.00 M M 11.8 22 290 M M 3 31 290
25 27 1 14 -18 51 0 T M M 9.5 26 190 M M 1 46 35 190
26 32 10 21 -11 44 0 T M M 11.6 26 310 M M 5 36 340
27 38 9 24 -8 41 0 0.00 M M 14.0 25 190 M M 0 38 180
28 57 36 47 15 18 0 0.00 M M 17.7 29 190 M M 0 40 190
29 67 40 54 22 11 0 0.00 M M 19.6 36 220 M M 0 48 220
30 46 32 39 7 26 0 0.00 M M 5.5 18 300 M M 3 24 300
31 60 29 45 14 20 0 T M M 9.7 18 190 M M 5 25 170
================================================================================
SM 1273 736 1005 0 1.12 M 333.9 M 159
================================================================================
AV 41.1 23.7 10.8 FASTST M M 5 MAX(MPH)
MISC ----> 36 220 48 220
================================================================================
NOTES:
# LAST OF SEVERAL OCCURRENCES
COLUMN 17 PEAK WIND IN M.P.H.
PRELIMINARY LOCAL CLIMATOLOGICAL DATA (WS FORM: F-6) , PAGE 2
STATION: LEE`S SUMMIT MO
MONTH: DECEMBER
YEAR: 2022
LATITUDE: 38 57 N
LONGITUDE: 94 22 W
[TEMPERATURE DATA] [PRECIPITATION DATA] SYMBOLS USED IN COLUMN 16
AVERAGE MONTHLY: 32.4 TOTAL FOR MONTH: 1.12 1 = FOG OR MIST
DPTR FM NORMAL: -2.3 DPTR FM NORMAL: -0.23 2 = FOG REDUCING VISIBILITY
HIGHEST: 67 ON 29 GRTST 24HR 0.76 ON 13-13 TO 1/4 MILE OR LESS
LOWEST: -7 ON 23,22 3 = THUNDER
SNOW, ICE PELLETS, HAIL 4 = ICE PELLETS
TOTAL MONTH: M 5 = HAIL
GRTST 24HR M ON M 6 = FREEZING RAIN OR DRIZZLE
GRTST DEPTH: M ON M 7 = DUSTSTORM OR SANDSTORM:
VSBY 1/2 MILE OR LESS
8 = SMOKE OR HAZE
[NO. OF DAYS WITH] [WEATHER - DAYS WITH] 9 = BLOWING SNOW
X = TORNADO
MAX 32 OR BELOW: 6 0.01 INCH OR MORE: 5
MAX 90 OR ABOVE: 0 0.10 INCH OR MORE: 3
MIN 32 OR BELOW: 22 0.50 INCH OR MORE: 1
MIN 0 OR BELOW: 2 1.00 INCH OR MORE: 0
[HDD (BASE 65) ]
TOTAL THIS MO. 1005 CLEAR (SCALE 0-3) 11
DPTR FM NORMAL 67 PTCLDY (SCALE 4-7) 9
TOTAL FM JUL 1 1941 CLOUDY (SCALE 8-10) 11
DPTR FM NORMAL 79
[CDD (BASE 65) ]
TOTAL THIS MO. 0
DPTR FM NORMAL 0 [PRESSURE DATA]
TOTAL FM JAN 1 1509 HIGHEST SLP 30.64 ON 3
DPTR FM NORMAL 63 LOWEST SLP 29.53 ON 28
[REMARKS]
#FINAL-12-22#