000
CXUS53 KEAX 010736
CF6LXT
PRELIMINARY LOCAL CLIMATOLOGICAL DATA (WS FORM: F-6)
STATION: LEE`S SUMMIT MO
MONTH: MAY
YEAR: 2022
LATITUDE: 38 57 N
LONGITUDE: 94 22 W
TEMPERATURE IN F: :PCPN: SNOW: WIND :SUNSHINE: SKY :PK WND
================================================================================
1 2 3 4 5 6A 6B 7 8 9 10 11 12 13 14 15 16 17 18
12Z AVG MX 2MIN
DY MAX MIN AVG DEP HDD CDD WTR SNW DPTH SPD SPD DIR MIN PSBL S-S WX SPD DR
================================================================================
1 70 48 59 -1 6 0 0.00 M M 10.7 23 290 M M 2 37 290
2 59 49 54 -7 11 0 0.93 M M 11.3 26 300 M M 6 13 38 300
3 54 45 50 -11 15 0 0.00 M M 10.8 21 330 M M 10 1 28 340
4 53 49 51 -10 14 0 0.53 M M 10.4 36 110 M M 10 13 50 110
5 63 51 57 -5 8 0 0.22 M M 8.7 21 90 M M 10 1 29 90
6 65 52 59 -3 6 0 0.06 M M 6.1 15 50 M M 9 18 20 40
7 72 48 60 -2 5 0 0.00 M M 9.3 16 120 M M 0 24 120
8 75 59 67 4 0 2 T M M 14.1 24 160 M M 6 37 130
9 88 68 78 15 0 13 0.00 M M 19.8 30 200 M M 1 43 180
10 87 74 81 18 0 16 0.00 M M 13.8 22 210 M M 3 32 200
11 89 73 81 17 0 16 0.00 M M 11.0 18 180 M M 1 1 27 170
12 90 70 80 16 0 15 0.00 M M 12.7 22 170 M M 0 36 170
13 84 61 73 9 0 8 0.04 M M 8.3 23 280 M M 3 3 34 290
14 88 62 75 10 0 10 0.00 M M 3.1 8 20 M M 0 12 330
15 75 54 65 0 0 0 0.39 M M 8.9 26 320 M M 2 13 40 300
16 79 50 65 0 0 0 0.00 M M 5.0 13 240 M M 0 17 290
17 80 59 70 4 0 5 0.08 M M 9.5 23 190 M M 1 13 31 190
18 83 61 72 6 0 7 0.38 M M 6.8 22 300 M M 4 13 36 180
19 80 64 72 6 0 7 0.00 M M 11.1 23 210 M M 0 32 180
20 75 61 68 1 0 3 T M M 11.1 23 180 M M 7 3 36 180
21 63 46 55 -12 10 0 0.04 M M 12.4 21 360 M M 8 3 27 350
22 68 45 57 -10 8 0 0.00 M M 8.1 18 10 M M 0 24 10
23 66 45 56 -12 9 0 0.00 M M 7.9 18 100 M M 4 26 100
24 62 53 58 -10 7 0 1.36 M M 10.0 17 70 M M 10 13 24 60
25 71 55 63 -5 2 0 0.40 M M 10.0 24 220 M M 9 1 33 210
26 65 51 58 -11 7 0 0.43 M M 8.3 21 300 M M 9 1 28 320
27 79 47 63 -6 2 0 0.00 M M 7.0 14 310 M M 0 20 300
28 82 59 71 1 0 6 0.00 M M 12.9 24 190 M M 0 37 170
29 87 69 78 8 0 13 0.00 M M 18.2 30 190 M M 0 3 44 190
30 83 70 77 7 0 12 0.00 M M 20.3 35 200 M M 2 48 190
31 78 65 72 2 0 7 2.30 M M 7.3 21 170 M M 9 13 29 160
================================================================================
SM 2313 1763 110 140 7.16 M 324.9 M 126
================================================================================
AV 74.6 56.9 10.5 FASTST M M 4 MAX(MPH)
MISC ----> 36 110 50 110
================================================================================
NOTES:
# LAST OF SEVERAL OCCURRENCES
COLUMN 17 PEAK WIND IN M.P.H.
PRELIMINARY LOCAL CLIMATOLOGICAL DATA (WS FORM: F-6) , PAGE 2
STATION: LEE`S SUMMIT MO
MONTH: MAY
YEAR: 2022
LATITUDE: 38 57 N
LONGITUDE: 94 22 W
[TEMPERATURE DATA] [PRECIPITATION DATA] SYMBOLS USED IN COLUMN 16
AVERAGE MONTHLY: 65.7 TOTAL FOR MONTH: 7.16 1 = FOG OR MIST
DPTR FM NORMAL: 0.4 DPTR FM NORMAL: 1.46 2 = FOG REDUCING VISIBILITY
HIGHEST: 90 ON 12 GRTST 24HR 2.30 ON 31-31 TO 1/4 MILE OR LESS
LOWEST: 45 ON 23,22 3 = THUNDER
SNOW, ICE PELLETS, HAIL 4 = ICE PELLETS
TOTAL MONTH: M 5 = HAIL
GRTST 24HR M ON M 6 = FREEZING RAIN OR DRIZZLE
GRTST DEPTH: M ON M 7 = DUSTSTORM OR SANDSTORM:
VSBY 1/2 MILE OR LESS
8 = SMOKE OR HAZE
[NO. OF DAYS WITH] [WEATHER - DAYS WITH] 9 = BLOWING SNOW
X = TORNADO
MAX 32 OR BELOW: 0 0.01 INCH OR MORE: 13
MAX 90 OR ABOVE: 1 0.10 INCH OR MORE: 9
MIN 32 OR BELOW: 0 0.50 INCH OR MORE: 4
MIN 0 OR BELOW: 0 1.00 INCH OR MORE: 2
[HDD (BASE 65) ]
TOTAL THIS MO. 110 CLEAR (SCALE 0-3) 17
DPTR FM NORMAL 13 PTCLDY (SCALE 4-7) 6
TOTAL FM JUL 1 4411 CLOUDY (SCALE 8-10) 8
DPTR FM NORMAL -372
[CDD (BASE 65) ]
TOTAL THIS MO. 140
DPTR FM NORMAL 32 [PRESSURE DATA]
TOTAL FM JAN 1 150 HIGHEST SLP M ON M
DPTR FM NORMAL 18 LOWEST SLP 29.26 ON 20
[REMARKS]
#FINAL-05-22#