000
CXUS55 KPUB 011310
CF6LXV
PRELIMINARY LOCAL CLIMATOLOGICAL DATA (WS FORM: F-6)
STATION: LEADVILLE CO
MONTH: FEBRUARY
YEAR: 2024
LATITUDE: 39 15 N
LONGITUDE: 106 18 W
TEMPERATURE IN F: :PCPN: SNOW: WIND :SUNSHINE: SKY :PK WND
================================================================================
1 2 3 4 5 6A 6B 7 8 9 10 11 12 13 14 15 16 17 18
12Z AVG MX 2MIN
DY MAX MIN AVG DEP HDD CDD WTR SNW DPTH SPD SPD DIR MIN PSBL S-S WX SPD DR
================================================================================
1 42 9 26 9 39 0 0.00 M M 5.1 14 360 M M 3 22 340
2 32 20 26 9 39 0 0.47 M M 5.3 16 190 M M 10 12 20 320
3 25 15 20 3 45 0 0.10 M M 7.5 21 10 M M 10 18 30 10
4 32 -2 15 -2 50 0 T M M 4.5 10 360 M M 3 18 15 350
5 43 -1 21 4 44 0 0.00 M M 3.4 22 160 M M 0 29 170
6 40 14 27 10 38 0 0.01 M M 8.7 23 180 M M 2 1 33 170
7 31 14 23 6 42 0 0.02 M M 5.9 20 310 M M 7 1 27 300
8 28 0 14 -3 51 0 0.02 M M 7.2 16 310 M M 7 18 26 340
9 27 -1 13 -4 52 0 0.07 M M 4.3 14 350 M M 8 1 22 330
10 21 3 12 -5 53 0 0.07 M M 5.3 14 190 M M 7 18 17 190
11 27 -6 11 -6 54 0 0.00 M M 8.5 18 10 M M 1 24 10
12 33 4 19 1 46 0 T M M 7.0 20 290 M M 7 8 28 290
13 35 4 20 2 45 0 T M M 6.0 20 300 M M 2 29 300
14 29 6 18 0 47 0 0.03 M M 8.0 20 290 M M 6 8 37 300
15 34 5 20 2 45 0 0.02 M M 5.3 21 300 M M 7 18 30 310
16 32 14 23 5 42 0 0.09 M M 9.0 24 10 M M 9 128 33 280
17 30 -4 13 -5 52 0 0.01 M M 6.2 15 10 M M 3 18 21 350
18 35 -9 13 -5 52 0 0.03 M M 9.2 26 300 M M 6 18 41 340
19 42 19 31 13 34 0 T M M 9.0 21 310 M M 2 36 300
20 38 15 27 8 38 0 T M M 6.7 20 210 M M 6 31 220
21 36 20 28 9 37 0 0.00 M M 7.9 24 210 M M 5 37 220
22 32 16 24 5 41 0 0.07 M M 5.9 18 290 M M 9 1 27 300
23 31 11 21 2 44 0 0.01 M M 8.8 20 300 M M 4 1 26 310
24 39 10 25 5 40 0 0.00 M M 8.2 21 290 M M 0 30 280
25 41 12 27 7 38 0 0.00 M M 10.7 24 240 M M 0 41 220
26 36 26 31 11 34 0 0.04 M M 8.1 23 230 M M 10 1 38 280
27 27 2 15 -5 50 0 0.71 M M 9.3 23 310 M M 10 128 36 280
28 37 -5 16 -4 49 0 T M M 6.7 18 360 M M 1 8 29 10
29 41 2 22 1 43 0 0.00 M M 7.6 17 270 M M 0 26 250
================================================================================
SM 976 213 1284 0 1.77 M 205.3 M 145
================================================================================
AV 33.7 7.3 7.1 FASTST M M 5 MAX(MPH)
MISC ----> 26 300 # 41 340
================================================================================
NOTES:
# LAST OF SEVERAL OCCURRENCES
COLUMN 17 PEAK WIND IN M.P.H.
PRELIMINARY LOCAL CLIMATOLOGICAL DATA (WS FORM: F-6) , PAGE 2
STATION: LEADVILLE CO
MONTH: FEBRUARY
YEAR: 2024
LATITUDE: 39 15 N
LONGITUDE: 106 18 W
[TEMPERATURE DATA] [PRECIPITATION DATA] SYMBOLS USED IN COLUMN 16
AVERAGE MONTHLY: 20.5 TOTAL FOR MONTH: 1.77 1 = FOG OR MIST
DPTR FM NORMAL: 2.4 DPTR FM NORMAL: 0.86 2 = FOG REDUCING VISIBILITY
HIGHEST: 43 ON 5 GRTST 24HR 0.71 ON 27-27 TO 1/4 MILE OR LESS
LOWEST: -9 ON 18 3 = THUNDER
SNOW, ICE PELLETS, HAIL 4 = ICE PELLETS
TOTAL MONTH: M 5 = HAIL
GRTST 24HR M ON M 6 = FREEZING RAIN OR DRIZZLE
GRTST DEPTH: M ON M 7 = DUSTSTORM OR SANDSTORM:
VSBY 1/2 MILE OR LESS
8 = SMOKE OR HAZE
[NO. OF DAYS WITH] [WEATHER - DAYS WITH] 9 = BLOWING SNOW
X = TORNADO
MAX 32 OR BELOW: 14 0.01 INCH OR MORE: 16
MAX 90 OR ABOVE: 0 0.10 INCH OR MORE: 3
MIN 32 OR BELOW: 29 0.50 INCH OR MORE: 1
MIN 0 OR BELOW: 8 1.00 INCH OR MORE: 0
[HDD (BASE 65) ]
TOTAL THIS MO. 1284 CLEAR (SCALE 0-3) 12
DPTR FM NORMAL -28 PTCLDY (SCALE 4-7) 11
TOTAL FM JUL 1 6804 CLOUDY (SCALE 8-10) 6
DPTR FM NORMAL -880
[CDD (BASE 65) ]
TOTAL THIS MO. 0
DPTR FM NORMAL 0 [PRESSURE DATA]
TOTAL FM JAN 1 0 HIGHEST SLP 30.32 ON 17
DPTR FM NORMAL 0 LOWEST SLP 29.28 ON 7
[REMARKS]
#FINAL-02-24#