000
CXUS55 KPUB 011610
CF6LXV
PRELIMINARY LOCAL CLIMATOLOGICAL DATA (WS FORM: F-6)
STATION: LEADVILLE CO
MONTH: FEBRUARY
YEAR: 2020
LATITUDE: 39 15 N
LONGITUDE: 106 18 W
TEMPERATURE IN F: :PCPN: SNOW: WIND :SUNSHINE: SKY :PK WND
================================================================================
1 2 3 4 5 6A 6B 7 8 9 10 11 12 13 14 15 16 17 18
12Z AVG MX 2MIN
DY MAX MIN AVG DEP HDD CDD WTR SNW DPTH SPD SPD DIR MIN PSBL S-S WX SPD DR
================================================================================
1 41 14 28 11 37 0 0.00 M M 7.9 21 310 M M 2 28 300
2 46 12 29 12 36 0 0.00 M M 7.6 23 210 M M 0 33 180
3 31 7 19 2 46 0 0.07 M M 13.3 29 210 M M 6 128 46 210
4 6 -16 -5 -22 70 0 0.11 M M 9.4 18 190 M M 7 189 24 190
5 9 -18 -4 -21 69 0 0.01 M M 9.9 22 20 M M 6 18 31 20
6 19 0 10 -7 55 0 0.37 M M 11.4 20 310 M M 10 18 39 310
7 24 19 22 5 43 0 1.09 M M 12.2 23 310 M M 10 12 35 300
8 37 20 29 12 36 0 T M M 7.3 20 260 M M 5 1 32 310
9 24 11 18 1 47 0 0.07 M M 8.4 24 360 M M 9 128 35 350
10 30 7 19 2 46 0 0.13 M M 9.3 15 340 M M 8 18 23 320
11 27 1 14 -3 51 0 0.02 M M 4.9 15 10 M M 4 18 20 360
12 19 1 10 -8 55 0 0.03 M M 7.1 23 10 M M 9 18 29 10
13 20 8 14 -4 51 0 0.08 M M 8.4 25 310 M M 10 18 36 340
14 39 2 21 3 44 0 0.00 M M 7.7 17 320 M M 1 26 330
15 30 13 22 4 43 0 T M M 9.4 23 300 M M 5 35 310
16 30 20 25 7 40 0 0.07 M M 8.7 25 300 M M 10 18 39 310
17 28 11 20 2 45 0 0.10 M M 11.1 26 290 M M 8 18 41 310
18 26 4 15 -3 50 0 T M M 5.8 13 340 M M 5 18 20 340
19 30 0 15 -3 50 0 T M M 6.0 21 220 M M 7 8 28 220
20 32 -13 10 -9 55 0 0.00 M M 4.4 12 300 M M 1 15 310
21 42 -6 18 -1 47 0 0.00 M M 4.8 14 310 M M 0 21 310
22 43 13 28 9 37 0 0.00 M M 5.6 13 310 M M 3 16 320
23 31 14 23 4 42 0 0.59 M M 5.5 17 10 M M 9 128 27 20
24 21 -3 9 -11 56 0 0.17 M M 12.4 36 300 M M 8 1289 53 300
25 12 -12 0 -20 65 0 T M M 10.4 25 360 M M 4 189 41 360
26 24 -14 5 -15 60 0 0.00 M M 9.6 23 360 M M 4 33 10
27 29 14 22 2 43 0 0.02 M M 10.6 24 320 M M 8 8 36 300
28 40 5 23 3 42 0 0.00 M M 7.4 21 310 M M 0 31 320
29 38 0 19 -1 46 0 0.00 M M 6.2 17 320 M M 0 31 310
================================================================================
SM 828 114 1407 0 2.93 M 242.7 M 159
================================================================================
AV 28.6 3.9 8.4 FASTST M M 5 MAX(MPH)
MISC ----> 36 300 53 300
================================================================================
NOTES:
# LAST OF SEVERAL OCCURRENCES
COLUMN 17 PEAK WIND IN M.P.H.
PRELIMINARY LOCAL CLIMATOLOGICAL DATA (WS FORM: F-6) , PAGE 2
STATION: LEADVILLE CO
MONTH: FEBRUARY
YEAR: 2020
LATITUDE: 39 15 N
LONGITUDE: 106 18 W
[TEMPERATURE DATA] [PRECIPITATION DATA] SYMBOLS USED IN COLUMN 16
AVERAGE MONTHLY: 16.2 TOTAL FOR MONTH: 2.93 1 = FOG OR MIST
DPTR FM NORMAL: -1.9 DPTR FM NORMAL: 2.23 2 = FOG REDUCING VISIBILITY
HIGHEST: 46 ON 2 GRTST 24HR 1.17 ON 6- 7 TO 1/4 MILE OR LESS
LOWEST: -18 ON 5 3 = THUNDER
SNOW, ICE PELLETS, HAIL 4 = ICE PELLETS
TOTAL MONTH: M 5 = HAIL
GRTST 24HR M ON M 6 = FREEZING RAIN OR DRIZZLE
GRTST DEPTH: M ON M 7 = DUSTSTORM OR SANDSTORM:
VSBY 1/2 MILE OR LESS
8 = SMOKE OR HAZE
[NO. OF DAYS WITH] [WEATHER - DAYS WITH] 9 = BLOWING SNOW
X = TORNADO
MAX 32 OR BELOW: 21 0.01 INCH OR MORE: 15
MAX 90 OR ABOVE: 0 0.10 INCH OR MORE: 7
MIN 32 OR BELOW: 29 0.50 INCH OR MORE: 2
MIN 0 OR BELOW: 10 1.00 INCH OR MORE: 1
[HDD (BASE 65) ]
TOTAL THIS MO. 1407 CLEAR (SCALE 0-3) 8
DPTR FM NORMAL 94 PTCLDY (SCALE 4-7) 13
TOTAL FM JUL 1 7624 CLOUDY (SCALE 8-10) 8
DPTR FM NORMAL -173
[CDD (BASE 65) ]
TOTAL THIS MO. 0
DPTR FM NORMAL 0 [PRESSURE DATA]
TOTAL FM JAN 1 0 HIGHEST SLP 30.65 ON 20
DPTR FM NORMAL 0 LOWEST SLP 29.12 ON 3
[REMARKS]
#FINAL-02-20#