000
CXUS51 KRNK 032209
CF6LYH
PRELIMINARY LOCAL CLIMATOLOGICAL DATA (WS FORM: F-6)
STATION: LYNCHBURG VA
MONTH: SEPTEMBER
YEAR: 2022
LATITUDE: 37 19 N
LONGITUDE: 79 12 W
TEMPERATURE IN F: :PCPN: SNOW: WIND :SUNSHINE: SKY :PK WND
================================================================================
1 2 3 4 5 6A 6B 7 8 9 10 11 12 13 14 15 16 17 18
12Z AVG MX 2MIN
DY MAX MIN AVG DEP HDD CDD WTR SNW DPTH SPD SPD DIR MIN PSBL S-S WX SPD DR
================================================================================
1 86 56 71 -1 0 6 0.00 0.0 0 1.4 9 210 M M 0 1 11 150
2 88 60 74 2 0 9 0.00 0.0 0 2.4 9 160 M M 0 1 12 100
3 88 67 78 6 0 13 0.00 0.0 0 1.8 8 140 M M 5 11 120
4 88 66 77 5 0 12 T 0.0 0 1.8 15 180 M M 6 1 19 190
5 83 70 77 6 0 12 0.11 0.0 0 3.1 13 180 M M 8 1 18 200
6 88 70 79 8 0 14 0.01 0.0 0 2.8 10 200 M M 4 1 16 210
7 88 69 79 8 0 14 0.14 0.0 0 3.4 16 20 M M 6 13 21 20
8 80 63 72 2 0 7 0.01 0.0 0 4.4 9 80 M M 7 1 13 80
9 82 61 72 2 0 7 0.00 0.0 0 4.7 13 40 M M 2 1 20 40
10 71 63 67 -3 0 2 0.38 0.0 0 7.1 15 20 M M 8 1 20 50
11 82 67 75 5 0 10 0.23 0.0 0 3.2 10 20 M M 7 1 13 20
12 85 70 78 9 0 13 T 0.0 0 3.2 12 180 M M 7 123 19 340
13 81 56 69 0 0 4 0.00 0.0 0 3.3 12 270 M M 4 24 210
14 80 51 66 -3 0 1 0.00 0.0 0 1.3 9 20 M M 0 13 160
15 83 53 68 0 0 3 0.00 0.0 0 1.5 9 100 M M 1 1 14 90
16 83 59 71 3 0 6 0.00 0.0 0 2.2 8 20 M M 1 1 11 360
17 83 57 70 2 0 5 0.00 0.0 0 2.1 9 120 M M 0 1 14 170
18 86 53 70 3 0 5 0.00 0.0 0 2.4 10 190 M M 0 15 210
19 87 57 72 5 0 7 0.00 0.0 0 2.5 13 200 M M 2 12 18 230
20 90 60 75 8 0 10 0.00 0.0 0 2.6 9 360 M M 1 1 14 340
21 89 63 76 10 0 11 0.00 0.0 0 2.7 10 180 M M 0 13 10
22 88 59 74 8 0 9 0.00 0.0 0 7.3 20 260 M M 3 28 280
23 74 51 63 -3 2 0 0.00 0.0 0 4.2 14 10 M M 0 22 300
24 76 52 64 -1 1 0 T 0.0 0 4.5 14 200 M M 2 19 210
25 82 52 67 2 0 2 0.09 0.0 0 5.0 14 230 M M 3 3 22 300
26 80 53 67 3 0 2 0.00 0.0 0 4.9 14 230 M M 1 24 260
27 73 45 59 -5 6 0 0.00 0.0 0 3.7 14 270 M M 1 20 270
28 70 39 55 -9 10 0 0.00 0.0 0 3.2 10 300 M M 0 15 320
29 71 49 60 -3 5 0 0.00 0.0 0 10.1 21 40 M M 0 30 50
30 59 54 57 -6 8 0 0.82 0.0 0 17.8 30 30 M M 6 1 49 40
================================================================================
SM 2444 1745 32 184 1.79 0.0 120.6 M 85
================================================================================
AV 81.5 58.2 4.0 FASTST M M 3 MAX(MPH)
MISC ----> 30 30 49 40
================================================================================
NOTES:
# LAST OF SEVERAL OCCURRENCES
COLUMN 17 PEAK WIND IN M.P.H.
PRELIMINARY LOCAL CLIMATOLOGICAL DATA (WS FORM: F-6) , PAGE 2
STATION: LYNCHBURG VA
MONTH: SEPTEMBER
YEAR: 2022
LATITUDE: 37 19 N
LONGITUDE: 79 12 W
[TEMPERATURE DATA] [PRECIPITATION DATA] SYMBOLS USED IN COLUMN 16
AVERAGE MONTHLY: 69.8 TOTAL FOR MONTH: 1.79 1 = FOG OR MIST
DPTR FM NORMAL: 1.8 DPTR FM NORMAL: -2.17 2 = FOG REDUCING VISIBILITY
HIGHEST: 90 ON 20 GRTST 24HR 0.82 ON 30-30 TO 1/4 MILE OR LESS
LOWEST: 39 ON 28 3 = THUNDER
SNOW, ICE PELLETS, HAIL 4 = ICE PELLETS
TOTAL MONTH: 0.0 INCH 5 = HAIL
GRTST 24HR 0.0 6 = FREEZING RAIN OR DRIZZLE
GRTST DEPTH: 0 7 = DUSTSTORM OR SANDSTORM:
VSBY 1/2 MILE OR LESS
8 = SMOKE OR HAZE
[NO. OF DAYS WITH] [WEATHER - DAYS WITH] 9 = BLOWING SNOW
X = TORNADO
MAX 32 OR BELOW: 0 0.01 INCH OR MORE: 8
MAX 90 OR ABOVE: 1 0.10 INCH OR MORE: 5
MIN 32 OR BELOW: 0 0.50 INCH OR MORE: 1
MIN 0 OR BELOW: 0 1.00 INCH OR MORE: 0
[HDD (BASE 65) ]
TOTAL THIS MO. 32 CLEAR (SCALE 0-3) 18
DPTR FM NORMAL -14 PTCLDY (SCALE 4-7) 12
TOTAL FM JUL 1 32 CLOUDY (SCALE 8-10) 0
DPTR FM NORMAL -14
[CDD (BASE 65) ]
TOTAL THIS MO. 184
DPTR FM NORMAL 48 [PRESSURE DATA]
TOTAL FM JAN 1 1515 HIGHEST SLP 30.32 ON 29
DPTR FM NORMAL 420 LOWEST SLP 29.69 ON 30
[REMARKS]
#FINAL-09-22#