000
CXUS51 KRNK 010624
CF6LYH
PRELIMINARY LOCAL CLIMATOLOGICAL DATA (WS FORM: F-6)
STATION: LYNCHBURG VA
MONTH: AUGUST
YEAR: 2023
LATITUDE: 37 19 N
LONGITUDE: 79 12 W
TEMPERATURE IN F: :PCPN: SNOW: WIND :SUNSHINE: SKY :PK WND
================================================================================
1 2 3 4 5 6A 6B 7 8 9 10 11 12 13 14 15 16 17 18
12Z AVG MX 2MIN
DY MAX MIN AVG DEP HDD CDD WTR SNW DPTH SPD SPD DIR MIN PSBL S-S WX SPD DR
================================================================================
1 82 62 72 -4 0 7 0.00 0.0 0 5.3 12 20 M M 2 16 40
2 81 57 69 -7 0 4 0.00 0.0 0 3.3 10 170 M M 2 1 17 180
3 69 64 67 -9 0 2 0.86 0.0 0 7.0 17 170 M M 10 1 22 180
4 82 65 74 -2 0 9 0.09 0.0 0 2.3 8 40 M M 7 12 11 50
5 88 63 76 0 0 11 0.00 0.0 0 1.3 9 190 M M 2 12 12 180
6 90 68 79 3 0 14 0.65 0.0 0 4.1 15 260 M M 5 13 24 310
7 87 71 79 4 0 14 0.00 0.0 0 7.6 18 190 M M 6 1 24 200
8 83 63 73 -2 0 8 0.00 0.0 0 5.2 12 260 M M 1 20 330
9 86 60 73 -2 0 8 0.00 0.0 0 2.8 9 180 M M 1 15 240
10 81 68 75 0 0 10 0.12 0.0 0 4.9 12 230 M M 5 1 19 240
11 86 61 74 -1 0 9 0.00 0.0 0 2.6 10 160 M M 1 14 230
12 89 64 77 2 0 12 0.00 0.0 0 3.2 15 170 M M 1 1 M M
13 92 67 80 5 0 15 0.00 0.0 0 1.8 9 330 M M 1 14 260
14 86 70 78 3 0 13 0.02 0.0 0 3.8 12 210 M M 2 1 15 220
15 87 66 77 2 0 12 0.15 0.0 0 3.7 16 190 M M 2 13 19 190
16 84 62 73 -2 0 8 0.00 0.0 0 2.1 9 210 M M 3 13 340
17 88 63 76 1 0 11 0.00 0.0 0 3.3 10 180 M M 3 1 13 190
18 86 60 73 -1 0 8 0.00 0.0 0 3.9 12 240 M M 1 19 240
19 82 54 68 -6 0 3 0.00 0.0 0 1.5 10 200 M M 0 13 200
20 89 55 72 -2 0 7 0.00 0.0 0 2.1 12 210 M M 0 1 14 190
21 91 64 78 4 0 13 0.00 0.0 0 1.5 7 50 M M 0 1 10 40
22 92 67 80 6 0 15 0.00 0.0 0 4.6 13 10 M M 3 1 19 70
23 83 58 71 -3 0 6 0.00 0.0 0 3.1 10 40 M M 1 13 50
24 92 63 78 4 0 13 0.00 0.0 0 2.3 9 70 M M 1 12 40
25 92 68 80 6 0 15 0.00 0.0 0 4.0 14 210 M M 0 1 21 200
26 93 70 82 9 0 17 0.00 0.0 0 1.6 12 40 M M 1 16 30
27 85 72 79 6 0 14 0.00 0.0 0 6.6 14 40 M M 8 18 40
28 75 69 72 -1 0 7 0.41 0.0 0 6.1 13 40 M M 10 1 17 40
29 80 70 75 2 0 10 T 0.0 0 2.2 9 20 M M 10 1 13 20
30 84 71 78 5 0 13 0.01 0.0 0 3.8 14 40 M M 6 12 20 30
31 81 58 70 -2 0 5 0.00 0.0 0 6.4 18 40 M M 1 29 30
================================================================================
SM 2646 1993 0 313 2.31 0.0 114.0 M 96
================================================================================
AV 85.4 64.3 3.7 FASTST M M 3 MAX(MPH)
MISC ----> # 18 190 29 30
================================================================================
NOTES:
# LAST OF SEVERAL OCCURRENCES
COLUMN 17 PEAK WIND IN M.P.H.
PRELIMINARY LOCAL CLIMATOLOGICAL DATA (WS FORM: F-6) , PAGE 2
STATION: LYNCHBURG VA
MONTH: AUGUST
YEAR: 2023
LATITUDE: 37 19 N
LONGITUDE: 79 12 W
[TEMPERATURE DATA] [PRECIPITATION DATA] SYMBOLS USED IN COLUMN 16
AVERAGE MONTHLY: 74.8 TOTAL FOR MONTH: 2.31 1 = FOG OR MIST
DPTR FM NORMAL: 0.3 DPTR FM NORMAL: -0.91 2 = FOG REDUCING VISIBILITY
HIGHEST: 93 ON 26 GRTST 24HR 0.94 ON 3- 4 TO 1/4 MILE OR LESS
LOWEST: 54 ON 19 3 = THUNDER
SNOW, ICE PELLETS, HAIL 4 = ICE PELLETS
TOTAL MONTH: 0.0 INCH 5 = HAIL
GRTST 24HR 0.0 6 = FREEZING RAIN OR DRIZZLE
GRTST DEPTH: 0 7 = DUSTSTORM OR SANDSTORM:
VSBY 1/2 MILE OR LESS
8 = SMOKE OR HAZE
[NO. OF DAYS WITH] [WEATHER - DAYS WITH] 9 = BLOWING SNOW
X = TORNADO
MAX 32 OR BELOW: 0 0.01 INCH OR MORE: 8
MAX 90 OR ABOVE: 7 0.10 INCH OR MORE: 5
MIN 32 OR BELOW: 0 0.50 INCH OR MORE: 2
MIN 0 OR BELOW: 0 1.00 INCH OR MORE: 0
[HDD (BASE 65) ]
TOTAL THIS MO. 0 CLEAR (SCALE 0-3) 20
DPTR FM NORMAL -2 PTCLDY (SCALE 4-7) 8
TOTAL FM JUL 1 0 CLOUDY (SCALE 8-10) 3
DPTR FM NORMAL 0
[CDD (BASE 65) ]
TOTAL THIS MO. 313
DPTR FM NORMAL 17 [PRESSURE DATA]
TOTAL FM JAN 1 935 HIGHEST SLP M ON M
DPTR FM NORMAL -24 LOWEST SLP 29.70 ON 10
[REMARKS]
#FINAL-08-23#