000
CXUS54 KLZK 041021 CCB
CLMLZK
CLIMATE REPORT...UPDATED WITH SUPPLEMENTAL DATA
NATIONAL WEATHER SERVICE LITTLE ROCK AR
520 AM CDT THU MAY 04 2023
...................................
...THE NORTH LITTLE ROCK CLIMATE SUMMARY FOR THE MONTH OF APRIL 2023...
CLIMATE NORMAL PERIOD 1991 TO 2020
CLIMATE RECORD PERIOD 1975 TO 2023
WEATHER OBSERVED NORMAL DEPART LAST YEAR`S
VALUE DATE(S) VALUE FROM VALUE DATE(S)
NORMAL
................................................................
TEMPERATURE (F)
RECORD
HIGH 94 04/20/1987
LOW 29 04/07/2018
HIGHEST 86 04/04 73 13 83 04/24
04/22
04/29
LOWEST 40 04/24 53 -13 34 04/09
04/01
AVG. MAXIMUM 71.7 71.6 0.1 71.6
AVG. MINIMUM 51.7 51.9 -0.2 51.2
MEAN 61.7 61.7 -0.0 61.4
DAYS MAX >= 90 0 0.2 -0.2 0
DAYS MAX <= 32 0 0.0 0.0 0
DAYS MIN <= 32 0 0.2 -0.2 0
DAYS MIN <= 0 0 0.0 0.0 0
PRECIPITATION (INCHES)
RECORD
MAXIMUM 11.01 1991
MINIMUM 0.66 1987
TOTALS 8.11 5.54 2.57 5.12
DAILY AVG. 0.27 0.18 0.09 0.17
DAYS >= .01 12 9.6 2.4 MM
DAYS >= .10 10 MM
DAYS >= .50 7 MM
DAYS >= 1.00 2 1.8 0.2 MM
GREATEST
24 HR. TOTAL 2.38 04/20 TO 04/20
STORM TOTAL 2.38
(MM/DD(HH))
SNOWFALL (INCHES)
RECORDS
TOTAL T 2020
24 HR TOTAL T 04/28/2020 TO 04/28/2020
04/07/2018 TO 04/07/2018
04/07/2018 TO 04/27/2014
SNOW DEPTH 0.0
TOTALS 0.0 0.0 0.0 0.0
LIQUID EQUIV 0.00 0.00 0.00 0.00
SINCE 7/1 0.6 3.8 -3.2 MM
LIQUID 7/1 0.06 0.00 0.06 MM
SNOWDEPTH AVG. 0
DAYS >= TRACE 0 0.0 0.0 0
DAYS >= 1.0 0 0
GREATEST
SNOW DEPTH 0
24 HR TOTAL 0 0.0
DEGREE DAYS
HEATING TOTAL 127 153 -26 162
SINCE 7/1 2685 3111 -426 MM
COOLING TOTAL 35 55 -20 60
SINCE 1/1 52 69 -17 MM
FREEZE DATES
RECORD
EARLIEST 10/20/1989
LATEST 04/19/1983
EARLIEST 11/12
LATEST 03/13
................................................................
WIND (MPH)
AVERAGE WIND SPEED MM
HIGHEST WIND SPEED/DIRECTION MM DATE MM
HIGHEST GUST SPEED/DIRECTION MM DATE MM
SKY COVER
POSSIBLE SUNSHINE (PERCENT) MM
AVERAGE SKY COVER MM
NUMBER OF DAYS FAIR 0
NUMBER OF DAYS PC 0
NUMBER OF DAYS CLOUDY 0
WEATHER CONDITIONS. NUMBER OF DAYS WITH
THUNDERSTORM 8 MIXED PRECIP 0
HEAVY RAIN 3 RAIN 7
LIGHT RAIN 13 FREEZING RAIN 0
LT FREEZING RAIN 0 HAIL 0
HEAVY SNOW 0 SLEET 0
FOG 2 FOG W/VIS <= 1/4 MILE 0
HAZE 0
- INDICATES NEGATIVE NUMBERS.
R INDICATES RECORD WAS SET OR TIED.
MM INDICATES DATA IS MISSING.
T INDICATES TRACE AMOUNT.
&&
.MONTHLY AVERAGES...
THE AVERAGE HIGH TEMPERATURE OF 71.7 (+0.1) WAS THE 19TH COLDEST AND
COOLEST SINCE 2022.
THE AVERAGE LOW TEMPERATURE OF 51.7 (-0.2) WAS THE 19TH COLDEST AND
COOLEST SINCE 2022.
THE AVERAGE TEMPERATURE OF 61.7 (0.0) WAS TIED FOR THE 18TH COLDEST
AND COOLEST SINCE 2022.
THE MONTHLY HIGH, LOW, AND AVERAGE TEMPERATURES WERE ALL NEAR THE 30-
YEAR CLIMATOLOGICAL AVERAGES.
.DAILY TEMPERATURES...
DAILY TEMPERATURES WERE AVERAGE ON 1 DAY.
DAILY TEMPERATURES WERE ABOVE AVERAGE ON 15 DAYS.
DAILY TEMPERATURES WERE BELOW AVERAGE ON 14 DAYS.
.DAILY TEMPERATURE RECORDS TIED OR BROKEN DURING THE MONTH...
NO DAILY TEMPERATURE RECORDS WERE TIED OR BROKEN.
.MONTHLY RAINFALL...
THE MONTHLY RAINFALL TOTAL OF 8.11 WAS THE 6TH WETTEST ON RECORD AND
WETTEST SINCE 2019. THE MONTHLY RAINFALL WAS +2.57 ABOVE AVERAGE FOR
THE MONTH.
.DAILY RAINFALL RECORDS TIED OR BROKEN DURING THE MONTH...
NO DAILY RAINFALL RECORDS WERE TIED OR BROKEN.
.MONTHLY SNOWFALL...
NO DAILY SNOWFALL WAS RECORDED.
.DAILY SNOWFALL RECORDS TIED OR BROKEN DURING THE MONTH...
NO DAILY SNOWFALL RECORDS WERE TIED OR BROKEN.
$$
70