000
CXUS56 KHNX 021643
CLMMAE
CLIMATE REPORT
NATIONAL WEATHER SERVICE
943 AM PDT SUN JUL 02 2023
...................................
...THE MADERA CA AIRPORT CLIMATE SUMMARY FOR THE MONTH OF JUNE 2023...
CLIMATE NORMAL PERIOD 1991 TO 2020
CLIMATE RECORD PERIOD 1898 TO 2023
WEATHER OBSERVED NORMAL DEPART LAST YEAR`S
VALUE DATE(S) VALUE FROM VALUE DATE(S)
NORMAL
................................................................
TEMPERATURE (F)
RECORD
HIGH 115 06/16/1961
LOW 38 06/09/1976
06/08/1976
06/26/1933
HIGHEST 103 06/30 MM 106 06/26
06/27
LOWEST 46 06/20 MM 48 06/19
MEAN 72.3 75.0 -2.8 76.9
DAYS MAX >= 90 10 20.0 -10.0 24
DAYS MIN <= 32 0 0.0 0.0 0
PRECIPITATION (INCHES)
RECORD
MAXIMUM 1.31 2011
MINIMUM 0.00 2021
TOTALS T 0.16 -0.16
DAYS >= .01 0 0.5 -0.5 1
DAYS >= .10 0 0.3 -0.3 1
DAYS >= .50 0 0.1 -0.1 0
DAYS >= 1.00 0 0.0 0.0 0
SNOWFALL (INCHES)
RECORDS
TOTAL 0.0 MM
TOTALS 0.0 MM
DEGREE DAYS
HEATING TOTAL 1 4 -3 0
SINCE 7/1 2728 2352 376 MM
COOLING TOTAL 226 305 -79 365
SINCE 1/1 412 473 -61 MM
................................................................
WIND (MPH)
AVERAGE WIND SPEED 7.5
HIGHEST WIND SPEED/DIRECTION 25/330 DATE 06/05
HIGHEST GUST SPEED/DIRECTION 32/330 DATE 06/05
AVERAGE RH (PERCENT) 54
WEATHER CONDITIONS. NUMBER OF DAYS WITH
THUNDERSTORM 0 RAIN 0
HAIL 0 FOG 0
FOG W/VIS <= 1/4 MILE 0 HAZE 4
- INDICATES NEGATIVE NUMBERS.
R INDICATES RECORD WAS SET OR TIED.
MM INDICATES DATA IS MISSING.
T INDICATES TRACE AMOUNT.
$$