000
CXUS54 KMAF 011531
CLMMAF
CLIMATE REPORT
NATIONAL WEATHER SERVICE MIDLAND/ODESSA TX
1031 AM CDT MON APR 01 2024
...................................
...THE MIDLAND INTERNATIONAL AIRPORT CLIMATE SUMMARY FOR THE MONTH OF MARCH 2024...
CLIMATE NORMAL PERIOD 1991 TO 2020
CLIMATE RECORD PERIOD 1930 TO 2024
WEATHER OBSERVED NORMAL DEPART LAST YEAR`S
VALUE DATE(S) VALUE FROM VALUE DATE(S)
NORMAL
................................................................
TEMPERATURE (F)
RECORD
HIGH 97 03/31/1946
LOW 9 03/02/1980
HIGHEST 84 03/31 71 13 87 03/11
LOWEST 31 03/10 41 -10 30 03/19
AVG. MAXIMUM 71.6 71.9 -0.3 71.5
AVG. MINIMUM 45.6 44.2 1.4 43.3
MEAN 58.6 58.0 0.6 57.4
DAYS MAX >= 90 0 1.0 -1.0 0
DAYS MAX <= 32 0 0.1 -0.1 0
DAYS MIN <= 32 1 4.4 -3.4 1
DAYS MIN <= 0 0 0.0 0.0 0
PRECIPITATION (INCHES)
RECORD
MAXIMUM 3.44 2020
MINIMUM 0.00 1946
TOTALS 0.60 0.68 -0.08 T
DAILY AVG. 0.02 0.02 -0.00 T
DAYS >= .01 5 3.6 1.4 0
DAYS >= .10 1 1.5 -0.5 0
DAYS >= .50 0 0.5 -0.5 0
DAYS >= 1.00 0 0.1 -0.1 0
GREATEST
24 HR. TOTAL 0.53 03/15 TO 03/16 T
SNOWFALL (INCHES)
RECORDS
TOTAL 5.9 1970
TOTALS T 0.0 0.0 0.0
SINCE 7/1 T 4.2 -4.2 MM
SNOWDEPTH AVG. 0 0
DAYS >= 1.0 0 0.0 0.0 0
GREATEST
SNOW DEPTH 0 0 MM
24 HR TOTAL MM MM
DEGREE DAYS
HEATING TOTAL 212 249 -37 250
SINCE 7/1 2163 2270 -107 MM
COOLING TOTAL 23 33 -10 21
SINCE 1/1 34 37 -3 MM
................................................................
WIND (MPH)
AVERAGE WIND SPEED 11.4
HIGHEST WIND SPEED/DIRECTION 43/280 DATE 03/24
HIGHEST GUST SPEED/DIRECTION 61/290 DATE 03/24
SKY COVER
POSSIBLE SUNSHINE (PERCENT) MM
AVERAGE SKY COVER 0.20
NUMBER OF DAYS FAIR 26
NUMBER OF DAYS PC 2
NUMBER OF DAYS CLOUDY 3
AVERAGE RH (PERCENT) 52
WEATHER CONDITIONS. NUMBER OF DAYS WITH
THUNDERSTORM 2 MIXED PRECIP 0
HEAVY RAIN 1 RAIN 1
LIGHT RAIN 7 FREEZING RAIN 0
LT FREEZING RAIN 0 HAIL 1
HEAVY SNOW 0 SNOW 0
LIGHT SNOW 0 SLEET 0
FOG 3 FOG W/VIS <= 1/4 MILE 0
HAZE 2
- INDICATES NEGATIVE NUMBERS.
R INDICATES RECORD WAS SET OR TIED.
MM INDICATES DATA IS MISSING.
T INDICATES TRACE AMOUNT.
$$