000
CXUS54 KMAF 012315
CLMMAF
CLIMATE REPORT
NATIONAL WEATHER SERVICE MIDLAND/ODESSA TX
615 PM CDT SAT APR 01 2023
...................................
...THE MIDLAND INTERNATIONAL AIRPORT CLIMATE SUMMARY FOR THE MONTH OF MARCH 2023...
CLIMATE NORMAL PERIOD 1991 TO 2020
CLIMATE RECORD PERIOD 1930 TO 2023
WEATHER OBSERVED NORMAL DEPART LAST YEAR`S
VALUE DATE(S) VALUE FROM VALUE DATE(S)
NORMAL
................................................................
TEMPERATURE (F)
RECORD
HIGH 97 03/31/1946
LOW 9 03/02/1980
HIGHEST 87 03/11 71 16 91 03/27
03/28
LOWEST 30 03/19 41 -11 20 03/12
AVG. MAXIMUM 71.5 71.9 -0.4 71.2
AVG. MINIMUM 43.3 44.2 -0.9 37.4
MEAN 57.4 58.0 -0.6 54.3
DAYS MAX >= 90 0 1.0 -1.0 3
DAYS MAX <= 32 0 0.1 -0.1 0
DAYS MIN <= 32 1 4.4 -3.4 11
DAYS MIN <= 0 0 0.0 0.0 0
PRECIPITATION (INCHES)
RECORD
MAXIMUM 3.44 2020
MINIMUM 0.00 1946
TOTALS T 0.68 -0.68 0.06
DAILY AVG. T 0.02 -0.02 0.00
DAYS >= .01 0 3.6 -3.6 1
DAYS >= .10 0 1.5 -1.5 0
DAYS >= .50 0 0.5 -0.5 0
DAYS >= 1.00 0 0.1 -0.1 0
GREATEST
24 HR. TOTAL T 03/08 TO 03/08 0.06
03/16 TO 03/16
03/08 TO 03/08
SNOWFALL (INCHES)
RECORDS
TOTAL 5.9 1970
TOTALS 0.0 0.0 0.0 0.0
SINCE 7/1 0.7 4.2 -3.5 MM
SNOWDEPTH AVG. 0 0
DAYS >= 1.0 0 0.0 0.0 0
GREATEST
SNOW DEPTH 0 0 MM
24 HR TOTAL MM 0.0
DEGREE DAYS
HEATING TOTAL 250 249 1 354
SINCE 7/1 2332 2270 62 MM
COOLING TOTAL 21 33 -12 29
SINCE 1/1 24 37 -13 MM
................................................................
WIND (MPH)
AVERAGE WIND SPEED 12.6
HIGHEST WIND SPEED/DIRECTION 48/290 DATE 03/02
HIGHEST GUST SPEED/DIRECTION 63/290 DATE 03/02
SKY COVER
POSSIBLE SUNSHINE (PERCENT) MM
AVERAGE SKY COVER 0.16
NUMBER OF DAYS FAIR 25
NUMBER OF DAYS PC 6
NUMBER OF DAYS CLOUDY 0
AVERAGE RH (PERCENT) 49
WEATHER CONDITIONS. NUMBER OF DAYS WITH
THUNDERSTORM 0 MIXED PRECIP 0
HEAVY RAIN 0 RAIN 0
LIGHT RAIN 2 FREEZING RAIN 0
LT FREEZING RAIN 0 HAIL 0
HEAVY SNOW 0 SNOW 0
LIGHT SNOW 0 SLEET 0
FOG 9 FOG W/VIS <= 1/4 MILE 0
HAZE 17
- INDICATES NEGATIVE NUMBERS.
R INDICATES RECORD WAS SET OR TIED.
MM INDICATES DATA IS MISSING.
T INDICATES TRACE AMOUNT.
$$