000
CXUS55 KABR 011700
CF6MBG
PRELIMINARY LOCAL CLIMATOLOGICAL DATA (WS FORM: F-6)
STATION: MOBRIDGE SD
MONTH: MARCH
YEAR: 2020
LATITUDE: 45 32 N
LONGITUDE: 100 25 W
TEMPERATURE IN F: :PCPN: SNOW: WIND :SUNSHINE: SKY :PK WND
================================================================================
1 2 3 4 5 6A 6B 7 8 9 10 11 12 13 14 15 16 17 18
12Z AVG MX 2MIN
DY MAX MIN AVG DEP HDD CDD WTR SNW DPTH SPD SPD DIR MIN PSBL S-S WX SPD DR
================================================================================
1 40 22 31 6 34 0 0.00 0.0 1 13.4 30 310 M M 4 41 320
2 46 17 32 6 33 0 0.00 0.0 T 9.2 18 290 M M 2 28 300
3 46 30 38 12 27 0 T 0.0 T 7.0 14 270 M M 4 18 280
4 53 24 39 12 26 0 T 0.0 0 10.3 32 320 M M 1 42 310
5 46 26 36 9 29 0 0.00 0.0 0 16.5 30 310 M M 5 45 300
6 50 26 38 11 27 0 0.00 0.0 0 13.8 29 170 M M 0 36 160
7 63 34 49 21 16 0 0.00 0.0 0 7.7 13 140 M M 0 16 150
8 46 30 38 10 27 0 0.00 0.0 0 13.0 28 330 M M 5 8 35 330
9 35 23 29 0 36 0 0.00 0.0 0 6.3 16 340 M M 8 23 340
10 42 24 33 4 32 0 T T T 6.1 13 150 M M 7 1 17 150
11 51 30 41 11 24 0 0.00 0.0 0 6.9 16 340 M M 3 21 340
12 45 23 34 4 31 0 0.02 0.0 0 15.4 31 320 M M 5 44 330
13 39 21 30 0 35 0 0.00 0.0 0 8.6 20 70 M M 4 27 70
14 33 23 28 -3 37 0 0.01 T T 16.4 22 90 M M 10 29 90
15 35 28 32 1 33 0 T T T 15.5 25 150 M M 10 8 33 150
16 35 20 28 -4 37 0 T T T 9.7 20 340 M M 9 18 27 340
17 45 14 30 -2 35 0 0.00 0.0 0 9.2 23 160 M M 5 31 170
18 50 29 40 7 25 0 0.00 0.0 0 8.3 18 80 M M 8 26 80
19 34 14 24 -9 41 0 0.02 T 0 17.1 29 350 M M 7 168 38 350
20 30 7 19 -15 46 0 0.00 0.0 0 8.4 18 150 M M 2 27 150
21 48 21 35 1 30 0 0.00 0.0 0 13.1 20 170 M M 6 28 150
22 50 21 36 2 29 0 0.00 0.0 0 7.7 18 360 M M 2 128 24 360
23 57 25 41 6 24 0 0.00 0.0 0 12.1 23 160 M M 1 29 170
24 67 34 51 16 14 0 0.00 0.0 0 9.3 20 330 M M 4 12 27 340
25 43 27 35 -1 30 0 0.03 T 0 5.9 17 360 M M 10 1 26 350
26 40 31 36 0 29 0 0.00 0.0 0 6.9 14 180 M M 10 1 17 160
27 52 31 42 5 23 0 0.00 0.0 0 5.0 15 150 M M 6 12 18 150
28 61 28 45 8 20 0 0.00 0.0 0 7.4 20 360 M M 0 1 28 360
29 64 24 44 6 21 0 0.00 0.0 0 6.7 15 100 M M 2 20 190
30 70 32 51 13 14 0 0.00 0.0 0 13.2 25 130 M M 2 35 130
31 67 40 54 15 11 0 0.00 0.0 0 13.9 23 140 M M 2 31 140
================================================================================
SM 1483 779 876 0 0.08 T 320.0 M 144
================================================================================
AV 47.8 25.1 10.3 FASTST M M 5 MAX(MPH)
MISC ----> # 32 320 # 45 300
================================================================================
NOTES:
# LAST OF SEVERAL OCCURRENCES
COLUMN 17 PEAK WIND IN M.P.H.
PRELIMINARY LOCAL CLIMATOLOGICAL DATA (WS FORM: F-6) , PAGE 2
STATION: MOBRIDGE SD
MONTH: MARCH
YEAR: 2020
LATITUDE: 45 32 N
LONGITUDE: 100 25 W
[TEMPERATURE DATA] [PRECIPITATION DATA] SYMBOLS USED IN COLUMN 16
AVERAGE MONTHLY: 36.5 TOTAL FOR MONTH: 0.08 1 = FOG OR MIST
DPTR FM NORMAL: 4.6 DPTR FM NORMAL: -0.82 2 = FOG REDUCING VISIBILITY
HIGHEST: 70 ON 30 GRTST 24HR 0.03 ON 25-25 TO 1/4 MILE OR LESS
LOWEST: 7 ON 20 3 = THUNDER
SNOW, ICE PELLETS, HAIL 4 = ICE PELLETS
TOTAL MONTH: T 5 = HAIL
GRTST 24HR T ON 25-25 6 = FREEZING RAIN OR DRIZZLE
GRTST DEPTH: 1 ON 1 7 = DUSTSTORM OR SANDSTORM:
VSBY 1/2 MILE OR LESS
8 = SMOKE OR HAZE
[NO. OF DAYS WITH] [WEATHER - DAYS WITH] 9 = BLOWING SNOW
X = TORNADO
MAX 32 OR BELOW: 1 0.01 INCH OR MORE: 4
MAX 90 OR ABOVE: 0 0.10 INCH OR MORE: 0
MIN 32 OR BELOW: 28 0.50 INCH OR MORE: 0
MIN 0 OR BELOW: 0 1.00 INCH OR MORE: 0
[HDD (BASE 65) ]
TOTAL THIS MO. 876 CLEAR (SCALE 0-3) 12
DPTR FM NORMAL -151 PTCLDY (SCALE 4-7) 14
TOTAL FM JUL 1 6762 CLOUDY (SCALE 8-10) 5
DPTR FM NORMAL -240
[CDD (BASE 65) ]
TOTAL THIS MO. 0
DPTR FM NORMAL 0 [PRESSURE DATA]
TOTAL FM JAN 1 0 HIGHEST SLP 30.72 ON 20
DPTR FM NORMAL 0 LOWEST SLP 29.49 ON 2
[REMARKS]
#FINAL-03-20#