000
CXUS53 KDTX 010635
CF6MBS
PRELIMINARY LOCAL CLIMATOLOGICAL DATA (WS FORM: F-6)
STATION: TRI CITIES MI
MONTH: JUNE
YEAR: 2023
LATITUDE: 43 31 N
LONGITUDE: 84 5 W
TEMPERATURE IN F: :PCPN: SNOW: WIND :SUNSHINE: SKY :PK WND
================================================================================
1 2 3 4 5 6A 6B 7 8 9 10 11 12 13 14 15 16 17 18
12Z AVG MX 2MIN
DY MAX MIN AVG DEP HDD CDD WTR SNW DPTH SPD SPD DIR MIN PSBL S-S WX SPD DR
================================================================================
1 90 58 74 10 0 9 0.00 0.0 0 5.8 14 50 M M 0 8 19 210
2 88 58 73 9 0 8 0.00 0.0 0 6.2 15 50 M M 0 8 18 70
3 83 59 71 6 0 6 0.00 0.0 0 12.7 26 60 M M 1 8 32 60
4 76 51 64 -1 1 0 0.00 0.0 0 8.3 20 60 M M 0 8 29 50
5 83 53 68 3 0 3 0.00 0.0 0 4.8 13 70 M M 5 17 80
6 72 50 61 -5 4 0 0.00 0.0 0 10.1 20 60 M M 1 8 24 70
7 72 49 61 -5 4 0 0.00 0.0 0 9.7 22 100 M M 2 8 28 80
8 76 48 62 -4 3 0 0.00 0.0 0 8.3 18 70 M M 3 8 24 60
9 79 49 64 -3 1 0 0.00 0.0 0 6.9 15 320 M M 1 8 27 330
10 84 58 71 4 0 6 T 0.0 0 8.2 20 300 M M 3 8 25 300
11 64 52 58 -9 7 0 0.25 0.0 0 12.4 18 60 M M 10 8 24 50
12 64 50 57 -10 8 0 0.00 0.0 0 11.8 18 280 M M 10 24 280
13 72 47 60 -8 5 0 T 0.0 0 6.3 20 130 M M 6 123 25 120
14 76 48 62 -6 3 0 0.00 0.0 0 6.0 14 30 M M 3 128 18 30
15 66 53 60 -8 5 0 0.06 0.0 0 7.7 18 70 M M 7 13 22 30
16 74 56 65 -3 0 0 0.00 0.0 0 8.8 17 40 M M 7 18 22 50
17 81 51 66 -3 0 1 0.00 0.0 0 5.2 13 330 M M 0 1 17 320
18 85 54 70 1 0 5 0.00 0.0 0 5.4 13 210 M M 0 18 210
19 83 55 69 0 0 4 0.00 0.0 0 9.9 23 60 M M 0 29 40
20 82 59 71 1 0 6 0.00 0.0 0 12.6 23 60 M M 0 30 50
21 84 61 73 3 0 8 0.00 0.0 0 11.0 21 60 M M 0 27 70
22 85 60 73 3 0 8 0.00 0.0 0 9.0 18 100 M M 2 8 27 50
23 75 63 69 -1 0 4 0.05 0.0 0 5.2 12 70 M M 7 16 80
24 89 66 78 8 0 13 0.00 0.0 0 2.8 10 140 M M 5 14 360
25 87 63 75 5 0 10 0.74 0.0 0 10.7 31 250 M M 4 138 42 250
26 77 64 71 0 0 6 0.40 0.0 0 6.7 17 330 M M 9 13 23 330
27 75 61 68 -3 0 3 0.00 0.0 0 9.6 17 360 M M 10 18 22 350
28 80 54 67 -4 0 2 0.00 0.0 0 5.1 9 210 M M 4 18 14 350
29 86 61 74 3 0 9 0.45 0.0 0 9.0 24 170 M M 8 138 32 160
30 88 63 76 5 0 11 0.08 0.0 0 5.4 25 290 M M 3 1238 33 290
================================================================================
SM 2376 1674 41 122 2.03 0.0 241.6 M 111
================================================================================
AV 79.2 55.8 8.1 FASTST M M 4 MAX(MPH)
MISC ----> 31 250 42 250
================================================================================
NOTES:
# LAST OF SEVERAL OCCURRENCES
COLUMN 17 PEAK WIND IN M.P.H.
PRELIMINARY LOCAL CLIMATOLOGICAL DATA (WS FORM: F-6) , PAGE 2
STATION: TRI CITIES MI
MONTH: JUNE
YEAR: 2023
LATITUDE: 43 31 N
LONGITUDE: 84 5 W
[TEMPERATURE DATA] [PRECIPITATION DATA] SYMBOLS USED IN COLUMN 16
AVERAGE MONTHLY: 67.5 TOTAL FOR MONTH: 2.03 1 = FOG OR MIST
DPTR FM NORMAL: -0.6 DPTR FM NORMAL: -1.25 2 = FOG REDUCING VISIBILITY
HIGHEST: 90 ON 1 GRTST 24HR 0.81 ON 25-26 TO 1/4 MILE OR LESS
LOWEST: 47 ON 13 3 = THUNDER
SNOW, ICE PELLETS, HAIL 4 = ICE PELLETS
TOTAL MONTH: 0.0 INCH 5 = HAIL
GRTST 24HR 0.0 6 = FREEZING RAIN OR DRIZZLE
GRTST DEPTH: 0 7 = DUSTSTORM OR SANDSTORM:
VSBY 1/2 MILE OR LESS
8 = SMOKE OR HAZE
[NO. OF DAYS WITH] [WEATHER - DAYS WITH] 9 = BLOWING SNOW
X = TORNADO
MAX 32 OR BELOW: 0 0.01 INCH OR MORE: 7
MAX 90 OR ABOVE: 1 0.10 INCH OR MORE: 4
MIN 32 OR BELOW: 0 0.50 INCH OR MORE: 1
MIN 0 OR BELOW: 0 1.00 INCH OR MORE: 0
[HDD (BASE 65) ]
TOTAL THIS MO. 41 CLEAR (SCALE 0-3) 16
DPTR FM NORMAL -6 PTCLDY (SCALE 4-7) 9
TOTAL FM JUL 1 6105 CLOUDY (SCALE 8-10) 5
DPTR FM NORMAL -677
[CDD (BASE 65) ]
TOTAL THIS MO. 122
DPTR FM NORMAL -18 [PRESSURE DATA]
TOTAL FM JAN 1 163 HIGHEST SLP M ON M
DPTR FM NORMAL -21 LOWEST SLP 29.47 ON 26
[REMARKS]
#FINAL-06-23#