000
CXUS54 KLIX 010810
CF6MCB
PRELIMINARY LOCAL CLIMATOLOGICAL DATA (WS FORM: F-6)
STATION: MCCOMB
MONTH: OCTOBER
YEAR: 2021
LATITUDE: 31 10 N
LONGITUDE: 90 28 W
TEMPERATURE IN F: :PCPN: SNOW: WIND :SUNSHINE: SKY :PK WND
================================================================================
1 2 3 4 5 6A 6B 7 8 9 10 11 12 13 14 15 16 17 18
12Z AVG MX 2MIN
DY MAX MIN AVG DEP HDD CDD WTR SNW DPTH SPD SPD DIR MIN PSBL S-S WX SPD DR
================================================================================
1 84 70 77 4 0 12 0.08 0.0 M 4.1 15 150 M M 5 138 20 180
2 82 71 77 4 0 12 0.44 0.0 M 3.3 17 190 M M 5 13 21 190
3 87 70 79 7 0 14 0.12 M M 3.3 12 270 M M 6 12 14 320
4 87 71 79 7 0 14 0.00 M M 4.7 13 330 M M 5 12 16 320
5 83 64 74 2 0 9 0.03 M M 4.3 10 330 M M 3 13 14 360
6 85 61 73 2 0 8 0.00 M M 2.1 10 360 M M 1 13 330
7 86 63 75 4 0 10 0.00 M M 1.3 8 20 M M 2 10 350
8 87 60 74 3 0 9 0.00 M M 1.9 10 360 M M 0 1 15 360
9 86 62 74 4 0 9 0.00 M M 0.4 6 170 M M 0 18 9 180
10 87 62 75 5 0 10 0.00 0.0 M 5.3 15 160 M M 1 18 20 160
11 86 64 75 5 0 10 0.00 0.0 M 8.1 17 170 M M 5 1 23 180
12 88 70 79 10 0 14 0.00 0.0 M 6.0 13 160 M M 6 1 16 140
13 86 67 77 8 0 12 0.00 0.0 M 5.9 17 160 M M 3 1 21 200
14 88 69 79 11 0 14 0.00 0.0 M 4.9 16 160 M M 3 12 21 170
15 87 69 78 10 0 13 0.04 M M 4.8 21 330 M M 4 12 29 350
16 73 51 62 -6 3 0 0.01 M M 11.3 20 340 M M 2 1 27 10
17 73 47 60 -7 5 0 0.00 M M 4.7 14 350 M M 0 18 350
18 73 49 61 -6 4 0 0.00 M M 2.7 10 100 M M 0 14 90
19 78 49 64 -2 1 0 0.00 M M 3.0 8 110 M M 0 14 130
20 81 63 72 6 0 7 0.05 M M 3.3 15 140 M M 7 1 20 160
21 87 67 77 11 0 12 0.00 0.0 M 1.9 9 340 M M 5 12 11 280
22 85 61 73 8 0 8 0.00 0.0 M 2.6 9 310 M M 0 1 12 50
23 83 59 71 6 0 6 0.00 0.0 M 4.9 15 170 M M 0 19 180
24 83 69 76 12 0 11 T 0.0 M 5.9 18 150 M M 3 1 23 160
25 85 64 75 11 0 10 0.00 0.0 M 3.7 14 330 M M 5 12 17 320
26 82 57 70 6 0 5 0.00 0.0 M 2.9 8 80 M M 0 12 30
27 76 60 68 5 0 3 0.98 M M 7.3 17 300 M M 7 13 24 150
28 69 54 62 -1 3 0 T 0.0 M 9.2 24 290 M M 4 34 300
29 60 51 56 -6 9 0 0.00 0.0 M 8.8 18 310 M M 7 26 320
30 65 48 57 -5 8 0 0.00 M M 4.2 14 320 M M 5 17 310
31 76 44 60 -2 5 0 0.00 M M 1.7 9 340 M M 0 1 13 330
================================================================================
SM 2518 1886 38 232 1.75 0.0 138.5 M 94
================================================================================
AV 81.2 60.8 4.5 FASTST M M 3 MAX(MPH)
MISC ----> 24 290 34 300
================================================================================
NOTES:
# LAST OF SEVERAL OCCURRENCES
COLUMN 17 PEAK WIND IN M.P.H.
PRELIMINARY LOCAL CLIMATOLOGICAL DATA (WS FORM: F-6) , PAGE 2
STATION: MCCOMB
MONTH: OCTOBER
YEAR: 2021
LATITUDE: 31 10 N
LONGITUDE: 90 28 W
[TEMPERATURE DATA] [PRECIPITATION DATA] SYMBOLS USED IN COLUMN 16
AVERAGE MONTHLY: 71.0 TOTAL FOR MONTH: 1.75 1 = FOG OR MIST
DPTR FM NORMAL: 3.5 DPTR FM NORMAL: -2.04 2 = FOG REDUCING VISIBILITY
HIGHEST: 88 ON 14,12 GRTST 24HR 0.98 ON 27-27 TO 1/4 MILE OR LESS
LOWEST: 44 ON 31 3 = THUNDER
SNOW, ICE PELLETS, HAIL 4 = ICE PELLETS
TOTAL MONTH: 0.0 INCH 5 = HAIL
GRTST 24HR 0.0 6 = FREEZING RAIN OR DRIZZLE
GRTST DEPTH: M ON M 7 = DUSTSTORM OR SANDSTORM:
VSBY 1/2 MILE OR LESS
8 = SMOKE OR HAZE
[NO. OF DAYS WITH] [WEATHER - DAYS WITH] 9 = BLOWING SNOW
X = TORNADO
MAX 32 OR BELOW: 0 0.01 INCH OR MORE: 8
MAX 90 OR ABOVE: 0 0.10 INCH OR MORE: 3
MIN 32 OR BELOW: 0 0.50 INCH OR MORE: 1
MIN 0 OR BELOW: 0 1.00 INCH OR MORE: 0
[HDD (BASE 65) ]
TOTAL THIS MO. 38 CLEAR (SCALE 0-3) 16
DPTR FM NORMAL -28 PTCLDY (SCALE 4-7) 15
TOTAL FM JUL 1 38 CLOUDY (SCALE 8-10) 0
DPTR FM NORMAL -29
[CDD (BASE 65) ]
TOTAL THIS MO. 232
DPTR FM NORMAL 89 [PRESSURE DATA]
TOTAL FM JAN 1 2427 HIGHEST SLP M ON M
DPTR FM NORMAL 95 LOWEST SLP 29.56 ON 27
[REMARKS]
#FINAL-10-21#