000
CXAK56 PAFG 010951
CF6MCG
PRELIMINARY LOCAL CLIMATOLOGICAL DATA (WS FORM: F-6)
STATION: MCGRATH AK
MONTH: APRIL
YEAR: 2023
LATITUDE: 62 57 N
LONGITUDE: 155 36 W
TEMPERATURE IN F: :PCPN: SNOW: WIND :SUNSHINE: SKY :PK WND
================================================================================
1 2 3 4 5 6A 6B 7 8 9 10 11 12 13 14 15 16 17 18
12Z AVG MX 2MIN
DY MAX MIN AVG DEP HDD CDD WTR SNW DPTH SPD SPD DIR MIN PSBL S-S WX SPD DR
================================================================================
1 30 12 21 1 44 0 T M M 8.5 23 200 M M 7 18 33 200
2 28 2 15 -6 50 0 T M M 11.1 24 200 M M 8 1 35 200
3 26 -5 11 -11 54 0 0.09 M M 1.5 8 110 M M 5 1 10 110
4 36 17 27 4 38 0 0.37 M M 4.7 13 360 M M 10 128 18 10
5 19 -9 5 -19 60 0 0.01 M M 4.2 13 10 M M 3 18 16 10
6 16 -21 -2 -26 67 0 0.00 M M 1.5 6 80 M M 0 M M
7 17 -23 -3 -28 68 0 0.00 M M 2.9 12 350 M M 0 15 350
8 10 -24 -7 -33 72 0 T M M 5.6 14 300 M M 0 18 300
9 8 -28 -10 -37 75 0 0.00 M M 1.4 9 260 M M 0 12 270
10 15 -30 -7 -35 72 0 0.00 M M 2.7 9 110 M M 1 13 110
11 17 -11 3 -26 62 0 0.13 M M 1.2 7 360 M M 8 18 9 360
12 19 -11 4 -26 61 0 0.15 M M 5.7 13 20 M M 7 18 16 290
13 19 -18 1 -30 64 0 0.00 M M 7.4 15 20 M M 1 19 360
14 24 -3 11 -20 54 0 0.00 M M 7.0 15 40 M M 7 1 20 40
15 35 -5 15 -17 50 0 0.00 M M 7.3 18 10 M M 0 23 10
16 26 -4 11 -22 54 0 0.00 M M 7.0 16 10 M M 1 20 360
17 21 -11 5 -29 60 0 0.00 M M 6.2 16 330 M M 0 1 23 320
18 29 1 15 -20 50 0 0.00 M M 9.5 22 40 M M 6 30 30
19 38 14 26 -10 39 0 0.00 M M 3.1 9 20 M M 3 12 30
20 46 6 26 -10 39 0 0.00 M M 3.5 10 20 M M 0 13 20
21 51 12 32 -5 33 0 0.00 M M 3.4 12 350 M M 1 14 360
22 41 23 32 -6 33 0 0.00 M M 13.2 26 40 M M 5 33 50
23 23 14 19 -19 46 0 0.00 M M 12.9 25 40 M M 1 34 40
24 M M M M M M 0.00 M M M M M M M 0 M M
25 M M M M M M 0.00 M M M M M M M 0 M M
26 M M M M M M 0.00 M M M M M M M 0 M M
27 M M M M M M 0.00 M M M M M M M 0 M M
28 M M M M M M 0.00 M M M M M M M 0 M M
29 M M M M M M 0.00 M M M M M M M M M M
30 M M M M M M 0.00 M M M M M M M M M M
================================================================================
SM 594 -102 1245 0 0.75 M 131.5 M 74
================================================================================
AV 25.8 -4.4 5.7 FASTST M M 3 MAX(MPH)
MISC ----> 26 40 35 200
================================================================================
NOTES:
# LAST OF SEVERAL OCCURRENCES
COLUMN 17 PEAK WIND IN M.P.H.
PRELIMINARY LOCAL CLIMATOLOGICAL DATA (WS FORM: F-6) , PAGE 2
STATION: MCGRATH AK
MONTH: APRIL
YEAR: 2023
LATITUDE: 62 57 N
LONGITUDE: 155 36 W
[TEMPERATURE DATA] [PRECIPITATION DATA] SYMBOLS USED IN COLUMN 16
AVERAGE MONTHLY: 10.7 TOTAL FOR MONTH: 0.75 1 = FOG OR MIST
DPTR FM NORMAL: -21.5 DPTR FM NORMAL: 0.01 2 = FOG REDUCING VISIBILITY
HIGHEST: 51 ON 21 GRTST 24HR 0.45 ON 3- 4 TO 1/4 MILE OR LESS
LOWEST: -30 ON 10 3 = THUNDER
SNOW, ICE PELLETS, HAIL 4 = ICE PELLETS
TOTAL MONTH: M 5 = HAIL
GRTST 24HR M ON M 6 = FREEZING RAIN OR DRIZZLE
GRTST DEPTH: M ON M 7 = DUSTSTORM OR SANDSTORM:
VSBY 1/2 MILE OR LESS
8 = SMOKE OR HAZE
[NO. OF DAYS WITH] [WEATHER - DAYS WITH] 9 = BLOWING SNOW
X = TORNADO
MAX 32 OR BELOW: 17 0.01 INCH OR MORE: 5
MAX 90 OR ABOVE: 0 0.10 INCH OR MORE: 3
MIN 32 OR BELOW: 23 0.50 INCH OR MORE: 0
MIN 0 OR BELOW: 14 1.00 INCH OR MORE: 0
[HDD (BASE 65) ]
TOTAL THIS MO. 1245 CLEAR (SCALE 0-3) 18
DPTR FM NORMAL 261 PTCLDY (SCALE 4-7) 9
TOTAL FM JUL 1 11836 CLOUDY (SCALE 8-10) 3
DPTR FM NORMAL -613
[CDD (BASE 65) ]
TOTAL THIS MO. 0
DPTR FM NORMAL 0 [PRESSURE DATA]
TOTAL FM JAN 1 0 HIGHEST SLP M ON M
DPTR FM NORMAL 0 LOWEST SLP 29.50 ON 7
[REMARKS]
#FINAL-04-23#