000
CXAK56 PAFG 010957
CF6MCG
PRELIMINARY LOCAL CLIMATOLOGICAL DATA (WS FORM: F-6)
STATION: MCGRATH AK
MONTH: MARCH
YEAR: 2023
LATITUDE: 62 57 N
LONGITUDE: 155 36 W
TEMPERATURE IN F: :PCPN: SNOW: WIND :SUNSHINE: SKY :PK WND
================================================================================
1 2 3 4 5 6A 6B 7 8 9 10 11 12 13 14 15 16 17 18
12Z AVG MX 2MIN
DY MAX MIN AVG DEP HDD CDD WTR SNW DPTH SPD SPD DIR MIN PSBL S-S WX SPD DR
================================================================================
1 23 7 15 7 50 0 0.21 M M 4.1 17 260 M M 9 18 21 260
2 10 -7 2 -6 63 0 0.01 M M 4.6 13 280 M M 8 18 16 290
3 1 -32 -15 -23 80 0 0.00 M M 2.0 7 280 M M 0 18 9 280
4 3 -30 -13 -21 78 0 0.00 M M 1.3 8 120 M M 6 10 110
5 14 -15 0 -8 65 0 0.00 M M 0.4 5 290 M M 4 6 290
6 27 6 17 8 48 0 0.00 M M 1.2 7 110 M M 2 8 120
7 32 -4 14 5 51 0 0.00 M M 1.3 6 350 M M 5 7 360
8 36 27 32 23 33 0 0.05 M M 3.7 16 280 M M 9 18 22 270
9 31 8 20 11 45 0 0.00 M M 7.2 15 10 M M 5 20 320
10 23 -3 10 1 55 0 0.00 M M 4.6 10 10 M M 2 12 13 10
11 25 -12 7 -3 58 0 0.00 M M 0.9 6 350 M M 3 128 7 330
12 16 -5 6 -4 59 0 0.03 M M 6.7 22 350 M M 4 189 30 350
13 8 -22 -7 -17 72 0 0.00 M M 1.6 8 330 M M 3 10 360
14 7 -11 -2 -12 67 0 0.00 M M 9.0 21 30 M M 2 27 20
15 6 -6 0 -10 65 0 0.00 M M 10.3 20 20 M M 0 24 20
16 8 -22 -7 -18 72 0 0.00 M M 4.1 12 40 M M 0 15 60
17 15 -26 -5 -16 70 0 0.00 M M 3.8 17 40 M M 1 22 30
18 32 -2 15 3 50 0 0.00 M M 4.9 18 20 M M 2 24 20
19 37 11 24 12 41 0 0.00 M M 4.8 14 10 M M 3 18 20
20 36 9 23 11 42 0 T M M 5.0 13 200 M M 5 1 20 190
21 35 15 25 12 40 0 0.02 M M 4.5 10 140 M M 7 1 14 140
22 37 11 24 11 41 0 0.00 M M 2.8 9 10 M M 5 M M
23 27 12 20 6 45 0 T M M 11.4 28 190 M M 8 8 39 190
24 24 8 16 2 49 0 T M M 9.2 24 250 M M 5 1 33 210
25 27 -3 12 -3 53 0 0.00 M M 3.3 9 140 M M 8 12 150
26 38 23 31 15 34 0 0.27 M M 9.2 25 210 M M 9 1 33 220
27 38 20 29 13 36 0 0.10 M M 11.6 24 210 M M 8 1 35 220
28 31 11 21 4 44 0 0.00 M M 1.7 8 120 M M 5 11 140
29 31 4 18 0 47 0 0.01 M M 2.3 9 110 M M 7 18 13 110
30 34 22 28 9 37 0 0.10 M M 0.3 5 130 M M 9 18 6 120
31 32 18 25 6 40 0 0.03 M M 3.7 14 340 M M 10 1 17 350
================================================================================
SM 744 12 1630 0 0.83 M 141.5 M 154
================================================================================
AV 24.0 0.4 4.6 FASTST M M 5 MAX(MPH)
MISC ----> 28 190 39 190
================================================================================
NOTES:
# LAST OF SEVERAL OCCURRENCES
COLUMN 17 PEAK WIND IN M.P.H.
PRELIMINARY LOCAL CLIMATOLOGICAL DATA (WS FORM: F-6) , PAGE 2
STATION: MCGRATH AK
MONTH: MARCH
YEAR: 2023
LATITUDE: 62 57 N
LONGITUDE: 155 36 W
[TEMPERATURE DATA] [PRECIPITATION DATA] SYMBOLS USED IN COLUMN 16
AVERAGE MONTHLY: 12.2 TOTAL FOR MONTH: 0.83 1 = FOG OR MIST
DPTR FM NORMAL: 0.3 DPTR FM NORMAL: 0.15 2 = FOG REDUCING VISIBILITY
HIGHEST: 38 ON 27,26 GRTST 24HR 0.45 ON 28- 1 TO 1/4 MILE OR LESS
LOWEST: -32 ON 3 3 = THUNDER
SNOW, ICE PELLETS, HAIL 4 = ICE PELLETS
TOTAL MONTH: M 5 = HAIL
GRTST 24HR M ON M 6 = FREEZING RAIN OR DRIZZLE
GRTST DEPTH: M ON M 7 = DUSTSTORM OR SANDSTORM:
VSBY 1/2 MILE OR LESS
8 = SMOKE OR HAZE
[NO. OF DAYS WITH] [WEATHER - DAYS WITH] 9 = BLOWING SNOW
X = TORNADO
MAX 32 OR BELOW: 23 0.01 INCH OR MORE: 10
MAX 90 OR ABOVE: 0 0.10 INCH OR MORE: 4
MIN 32 OR BELOW: 31 0.50 INCH OR MORE: 0
MIN 0 OR BELOW: 15 1.00 INCH OR MORE: 0
[HDD (BASE 65) ]
TOTAL THIS MO. 1630 CLEAR (SCALE 0-3) 11
DPTR FM NORMAL -16 PTCLDY (SCALE 4-7) 13
TOTAL FM JUL 1 10591 CLOUDY (SCALE 8-10) 7
DPTR FM NORMAL -872
[CDD (BASE 65) ]
TOTAL THIS MO. 0
DPTR FM NORMAL 0 [PRESSURE DATA]
TOTAL FM JAN 1 0 HIGHEST SLP M ON M
DPTR FM NORMAL 0 LOWEST SLP 28.90 ON 1
[REMARKS]
#FINAL-03-23#