000
CXAK56 PAFG 011857
CF6MCG
PRELIMINARY LOCAL CLIMATOLOGICAL DATA (WS FORM: F-6)
STATION: MCGRATH AK
MONTH: FEBRUARY
YEAR: 2024
LATITUDE: 62 57 N
LONGITUDE: 155 36 W
TEMPERATURE IN F: :PCPN: SNOW: WIND :SUNSHINE: SKY :PK WND
================================================================================
1 2 3 4 5 6A 6B 7 8 9 10 11 12 13 14 15 16 17 18
12Z AVG MX 2MIN
DY MAX MIN AVG DEP HDD CDD WTR SNW DPTH SPD SPD DIR MIN PSBL S-S WX SPD DR
================================================================================
1 -20 -40 -30 -29 95 0 T M M 0.3 5 260 M M 3 6 340
2 -22 -45 -33 -33 98 0 0.00 M M 1.0 8 280 M M 0 8 9 290
3 -18 -48 -33 -33 98 0 T M M 0.1 5 340 M M 1 8 6 330
4 -1 -18 -9 -10 74 0 0.18 M M 1.0 7 100 M M 10 18 10 120
5 1 -14 -6 -7 71 0 0.04 M M 0.9 5 150 M M 8 1 M M
6 9 0 5 3 60 0 0.26 M M 0.7 8 220 M M 6 1 10 210
7 12 -10 1 -1 64 0 T M M 2.3 10 140 M M 6 18 14 140
8 9 -6 2 -1 63 0 0.00 M M 1.3 7 150 M M 4 1 9 150
9 20 8 14 11 51 0 0.00 M M 0.3 6 300 M M 7 8 300
10 30 10 20 16 45 0 0.08 M M 1.5 16 170 M M 10 1 26 180
11 31 -2 15 11 50 0 0.13 M M 5.3 18 190 M M 1 1 30 180
12 26 -7 10 6 55 0 0.02 M M 1.1 10 250 M M 7 18 13 260
13 39 12 26 21 39 0 0.27 M M 4.7 18 150 M M 8 29 130
14 37 20 29 24 36 0 M M M M M M M M M 1 M M
15 30 13 22 17 43 0 0.00 M M M M M M M M M M
16 38 5 22 16 43 0 0.00 M M M M M M M M M M
17 22 -3 10 4 55 0 0.00 M M 0.3 5 170 M M 4 1 6 180
18 24 18 21 15 44 0 0.13 M M 0.5 6 120 M M 10 1 10 140
19 21 19 20 14 45 0 0.26 M M 1.7 12 150 M M 10 12 17 140
20 27 20 24 17 41 0 0.11 M M 3.6 13 270 M M 10 18 19 260
21 33 7 20 13 45 0 0.06 M M 4.9 20 160 M M 6 1 36 170
22 33 21 27 20 38 0 T M M 6.3 17 180 M M 7 1 31 170
23 30 24 27 20 38 0 0.20 M M 5.0 10 180 M M 10 12 16 210
24 29 19 24 17 41 0 0.01 M M 5.2 15 280 M M 9 1 23 310
25 19 10 15 7 50 0 T M M 5.3 14 270 M M 10 20 270
26 12 -9 2 -6 63 0 0.01 M M 4.2 13 60 M M 7 18 17 80
27 7 -10 -1 -9 66 0 T M M 7.0 17 20 M M 1 23 20
28 4 -22 -9 -17 74 0 0.00 M M 6.5 16 360 M M 1 24 350
29 -3 -29 -16 -24 81 0 0.00 M M 5.6 17 350 M M 0 24 360
================================================================================
SM 479 -57 1666 0 1.76 M 76.6 M 156
================================================================================
AV 16.5 -2.0 2.9 FASTST M M 6 MAX(MPH)
MISC ----> 20 160 36 170
================================================================================
NOTES:
# LAST OF SEVERAL OCCURRENCES
COLUMN 17 PEAK WIND IN M.P.H.
PRELIMINARY LOCAL CLIMATOLOGICAL DATA (WS FORM: F-6) , PAGE 2
STATION: MCGRATH AK
MONTH: FEBRUARY
YEAR: 2024
LATITUDE: 62 57 N
LONGITUDE: 155 36 W
[TEMPERATURE DATA] [PRECIPITATION DATA] SYMBOLS USED IN COLUMN 16
AVERAGE MONTHLY: 7.3 TOTAL FOR MONTH: 1.76 1 = FOG OR MIST
DPTR FM NORMAL: 2.8 DPTR FM NORMAL: 0.89 2 = FOG REDUCING VISIBILITY
HIGHEST: 39 ON 13 GRTST 24HR 0.31 ON 19-20 TO 1/4 MILE OR LESS
LOWEST: -48 ON 3 3 = THUNDER
SNOW, ICE PELLETS, HAIL 4 = ICE PELLETS
TOTAL MONTH: M 5 = HAIL
GRTST 24HR M ON M 6 = FREEZING RAIN OR DRIZZLE
GRTST DEPTH: M ON M 7 = DUSTSTORM OR SANDSTORM:
VSBY 1/2 MILE OR LESS
8 = SMOKE OR HAZE
[NO. OF DAYS WITH] [WEATHER - DAYS WITH] 9 = BLOWING SNOW
X = TORNADO
MAX 32 OR BELOW: 24 0.01 INCH OR MORE: 14
MAX 90 OR ABOVE: 0 0.10 INCH OR MORE: 8
MIN 32 OR BELOW: 29 0.50 INCH OR MORE: 0
MIN 0 OR BELOW: 15 1.00 INCH OR MORE: 0
[HDD (BASE 65) ]
TOTAL THIS MO. 1666 CLEAR (SCALE 0-3) 7
DPTR FM NORMAL -27 PTCLDY (SCALE 4-7) 10
TOTAL FM JUL 1 9644 CLOUDY (SCALE 8-10) 12
DPTR FM NORMAL -288
[CDD (BASE 65) ]
TOTAL THIS MO. 0
DPTR FM NORMAL 0 [PRESSURE DATA]
TOTAL FM JAN 1 0 HIGHEST SLP 30.34 ON 29
DPTR FM NORMAL 0 LOWEST SLP 28.95 ON 9
[REMARKS]
#FINAL-02-24#