000
CXAK56 PAFG 050754
CF6MCG
PRELIMINARY LOCAL CLIMATOLOGICAL DATA (WS FORM: F-6)
STATION: MCGRATH AK
MONTH: JANUARY
YEAR: 2024
LATITUDE: 62 57 N
LONGITUDE: 155 36 W
TEMPERATURE IN F: :PCPN: SNOW: WIND :SUNSHINE: SKY :PK WND
================================================================================
1 2 3 4 5 6A 6B 7 8 9 10 11 12 13 14 15 16 17 18
12Z AVG MX 2MIN
DY MAX MIN AVG DEP HDD CDD WTR SNW DPTH SPD SPD DIR MIN PSBL S-S WX SPD DR
================================================================================
1 0 -9 -4 3 69 0 0.00 M M 0.1 5 40 M M 1 6 40
2 -1 -15 -8 -1 73 0 0.00 M M 0.3 5 280 M M 0 7 280
3 10 -15 -2 5 67 0 0.00 M M 1.5 12 360 M M 1 16 80
4 8 -10 -1 6 66 0 0.00 M M 3.5 14 90 M M 5 22 100
5 2 -15 -6 1 71 0 T M M 0.0 5 280 M M 6 1 5 330
6 12 -13 0 7 65 0 0.05 M M 0.9 8 230 M M 6 1 13 200
7 14 -1 7 14 58 0 0.04 M M 1.6 10 70 M M 9 1 18 80
8 14 -2 6 14 59 0 T M M 0.4 3 160 M M 9 1 4 160
9 16 13 15 23 50 0 0.00 M M 0.3 5 70 M M 10 1 6 110
10 14 0 7 15 58 0 0.06 M M 3.3 9 110 M M 8 1 12 120
11 22 5 14 22 51 0 0.01 M M 3.6 14 60 M M 7 18 20 70
12 22 0 11 18 54 0 0.00 M M 1.2 8 120 M M 2 12 110
13 9 2 6 13 59 0 0.01 M M 4.1 12 110 M M 4 21 110
14 23 2 13 20 52 0 0.07 M M 5.1 15 210 M M 10 18 23 210
15 25 9 17 24 48 0 T M M 4.3 9 210 M M 7 1 16 160
16 25 -4 11 18 54 0 0.00 M M 2.0 12 220 M M 4 1 16 220
17 10 -10 0 7 65 0 0.00 M M 1.5 5 270 M M M M M
18 -3 -17 -10 -4 75 0 0.00 M M M M M M M M M M
19 -2 -15 -8 -2 73 0 0.00 M M 0.3 6 260 M M 0 8 6 260
20 7 -13 -3 3 68 0 0.00 M M 7.1 17 20 M M 0 30 30
21 -2 -22 -12 -6 77 0 0.00 M M 8.7 15 30 M M 0 22 20
22 -15 -36 -25 -20 90 0 0.00 M M 0.1 5 320 M M 0 6 30
23 -19 -34 -26 -21 91 0 0.00 M M 0.4 5 340 M M 0 7 30
24 -18 -35 -26 -22 91 0 0.00 M M 0.0 5 170 M M 4 7 170
25 -24 -39 -31 -27 96 0 0.00 M M 0.8 7 280 M M 0 18 8 280
26 -19 -42 -30 -26 95 0 0.00 M M 2.5 9 330 M M 0 8 12 310
27 -25 -47 -36 -33 101 0 0.00 M M 1.7 8 310 M M 0 18 11 310
28 -27 -50 -38 -35 103 0 0.00 M M 1.4 8 310 M M 1 18 13 310
29 -16 -37 -26 -24 91 0 0.12 M M 3.2 8 290 M M 10 1 11 360
30 -20 -46 -33 -31 98 0 T M M 0.9 8 230 M M 4 18 14 250
31 -23 -50 -36 -35 101 0 T M M 0.0 3 360 M M 5 18 7 30
================================================================================
SM 19 -546 2269 0 0.36 M 60.8 M 113
================================================================================
AV 0.6-17.6 2.0 FASTST M M 4 MAX(MPH)
MISC ----> 17 20 30 30
================================================================================
NOTES:
# LAST OF SEVERAL OCCURRENCES
COLUMN 17 PEAK WIND IN M.P.H.
PRELIMINARY LOCAL CLIMATOLOGICAL DATA (WS FORM: F-6) , PAGE 2
STATION: MCGRATH AK
MONTH: JANUARY
YEAR: 2024
LATITUDE: 62 57 N
LONGITUDE: 155 36 W
[TEMPERATURE DATA] [PRECIPITATION DATA] SYMBOLS USED IN COLUMN 16
AVERAGE MONTHLY: -8.5 TOTAL FOR MONTH: 0.36 1 = FOG OR MIST
DPTR FM NORMAL: -2.7 DPTR FM NORMAL: -0.79 2 = FOG REDUCING VISIBILITY
HIGHEST: 25 ON 16,15 GRTST 24HR 0.63 ON 10-11 TO 1/4 MILE OR LESS
LOWEST: -50 ON 31,28 3 = THUNDER
SNOW, ICE PELLETS, HAIL 4 = ICE PELLETS
TOTAL MONTH: M 5 = HAIL
GRTST 24HR M ON M 6 = FREEZING RAIN OR DRIZZLE
GRTST DEPTH: M ON M 7 = DUSTSTORM OR SANDSTORM:
VSBY 1/2 MILE OR LESS
8 = SMOKE OR HAZE
[NO. OF DAYS WITH] [WEATHER - DAYS WITH] 9 = BLOWING SNOW
X = TORNADO
MAX 32 OR BELOW: 31 0.01 INCH OR MORE: 7
MAX 90 OR ABOVE: 0 0.10 INCH OR MORE: 1
MIN 32 OR BELOW: 31 0.50 INCH OR MORE: 0
MIN 0 OR BELOW: 26 1.00 INCH OR MORE: 0
[HDD (BASE 65) ]
TOTAL THIS MO. 2269 CLEAR (SCALE 0-3) 13
DPTR FM NORMAL 76 PTCLDY (SCALE 4-7) 10
TOTAL FM JUL 1 7978 CLOUDY (SCALE 8-10) 8
DPTR FM NORMAL -143
[CDD (BASE 65) ]
TOTAL THIS MO. 0
DPTR FM NORMAL 0 [PRESSURE DATA]
TOTAL FM JAN 1 0 HIGHEST SLP 30.90 ON 17
DPTR FM NORMAL 0 LOWEST SLP 29.10 ON 29
[REMARKS]
#FINAL-01-24#