000
CXAK56 PAFG 011621
CF6MCG
PRELIMINARY LOCAL CLIMATOLOGICAL DATA (WS FORM: F-6)
STATION: MCGRATH AK
MONTH: FEBRUARY
YEAR: 2021
LATITUDE: 62 57 N
LONGITUDE: 155 36 W
TEMPERATURE IN F: :PCPN: SNOW: WIND :SUNSHINE: SKY :PK WND
================================================================================
1 2 3 4 5 6A 6B 7 8 9 10 11 12 13 14 15 16 17 18
12Z AVG MX 2MIN
DY MAX MIN AVG DEP HDD CDD WTR SNW DPTH SPD SPD DIR MIN PSBL S-S WX SPD DR
================================================================================
1 -5 -26 -15 -12 80 0 0.00 M M 8.7 26 60 M M 0 35 50
2 -1 -9 -5 -2 70 0 T M M 9.9 20 60 M M 3 1 28 50
3 -4 -9 -6 -3 71 0 T M M 6.3 12 60 M M 10 1 17 70
4 2 -5 -1 1 66 0 T M M 4.7 12 40 M M 10 18 12 40
5 -2 -14 -8 -6 73 0 T M M 6.2 13 60 M M 8 1 19 60
6 5 -6 0 2 65 0 T M M 6.1 12 320 M M 10 1 13 320
7 14 -4 5 6 60 0 0.00 M M 8.0 21 60 M M 8 24 70
8 -2 -32 -17 -16 82 0 0.00 M M 5.8 14 20 M M 0 22 30
9 -11 -29 -20 -20 85 0 0.00 M M 7.5 15 60 M M 3 21 60
10 -3 -29 -16 -16 81 0 T M M 5.3 10 320 M M 10 1 13 330
11 21 -4 9 9 56 0 T M M 7.0 14 300 M M 8 1 16 40
12 21 -3 9 8 56 0 0.00 M M 5.7 13 320 M M 1 15 320
13 5 -23 -9 -10 74 0 0.00 M M 5.9 8 330 M M 1 1 M M
14 7 -25 -9 -10 74 0 0.00 M M 4.8 12 320 M M 5 18 13 320
15 14 6 10 8 55 0 T M M 4.9 9 330 M M 10 18 10 30
16 17 11 14 12 51 0 T M M 5.5 10 330 M M 10 1 14 330
17 17 8 13 10 52 0 T M M 5.3 12 30 M M 9 1 16 30
18 10 -23 -6 -9 71 0 T M M 9.2 18 340 M M 5 18 25 330
19 -5 -35 -20 -23 85 0 0.00 M M 5.1 14 310 M M 0 8 15 310
20 -7 -35 -21 -25 86 0 0.00 M M 7.2 14 320 M M 0 16 320
21 -6 -25 -15 -19 80 0 0.00 M M 4.3 9 320 M M 2 10 310
22 1 -38 -18 -22 83 0 0.00 M M 4.6 10 40 M M 0 11 30
23 2 -30 -14 -19 79 0 T M M 4.5 9 310 M M 8 1 11 330
24 17 2 10 5 55 0 T M M 5.0 9 40 M M 10 1 12 60
25 31 14 23 18 42 0 T M M 6.2 18 280 M M 9 128 23 280
26 27 17 22 16 43 0 0.36 M M 6.2 13 320 M M 10 1 18 30
27 17 -6 6 0 59 0 0.18 M M 7.0 16 320 M M 9 18 20 320
28 4 -13 -4 -10 69 0 0.01 M M 8.8 18 300 M M 6 18 23 310
================================================================================
SM 186 -365 1903 0 0.55 M 175.7 M 165
================================================================================
AV 6.6-13.0 6.3 FASTST M M 6 MAX(MPH)
MISC ----> 26 60 35 50
================================================================================
NOTES:
# LAST OF SEVERAL OCCURRENCES
COLUMN 17 PEAK WIND IN M.P.H.
PRELIMINARY LOCAL CLIMATOLOGICAL DATA (WS FORM: F-6) , PAGE 2
STATION: MCGRATH AK
MONTH: FEBRUARY
YEAR: 2021
LATITUDE: 62 57 N
LONGITUDE: 155 36 W
[TEMPERATURE DATA] [PRECIPITATION DATA] SYMBOLS USED IN COLUMN 16
AVERAGE MONTHLY: -3.2 TOTAL FOR MONTH: 0.55 1 = FOG OR MIST
DPTR FM NORMAL: -4.6 DPTR FM NORMAL: -0.39 2 = FOG REDUCING VISIBILITY
HIGHEST: 31 ON 25 GRTST 24HR 0.47 ON 26-27 TO 1/4 MILE OR LESS
LOWEST: -38 ON 22 3 = THUNDER
SNOW, ICE PELLETS, HAIL 4 = ICE PELLETS
TOTAL MONTH: M 5 = HAIL
GRTST 24HR M ON M 6 = FREEZING RAIN OR DRIZZLE
GRTST DEPTH: M ON M 7 = DUSTSTORM OR SANDSTORM:
VSBY 1/2 MILE OR LESS
8 = SMOKE OR HAZE
[NO. OF DAYS WITH] [WEATHER - DAYS WITH] 9 = BLOWING SNOW
X = TORNADO
MAX 32 OR BELOW: 28 0.01 INCH OR MORE: 3
MAX 90 OR ABOVE: 0 0.10 INCH OR MORE: 2
MIN 32 OR BELOW: 28 0.50 INCH OR MORE: 0
MIN 0 OR BELOW: 22 1.00 INCH OR MORE: 0
[HDD (BASE 65) ]
TOTAL THIS MO. 1903 CLEAR (SCALE 0-3) 10
DPTR FM NORMAL 124 PTCLDY (SCALE 4-7) 7
TOTAL FM JUL 1 9552 CLOUDY (SCALE 8-10) 11
DPTR FM NORMAL -680
[CDD (BASE 65) ]
TOTAL THIS MO. 0
DPTR FM NORMAL 0 [PRESSURE DATA]
TOTAL FM JAN 1 0 HIGHEST SLP 30.64 ON 8
DPTR FM NORMAL 0 LOWEST SLP 29.25 ON 21
[REMARKS]
#FINAL-02-21#