000
CXAK56 PAFG 011300
CF6MCG
PRELIMINARY LOCAL CLIMATOLOGICAL DATA (WS FORM: F-6)
STATION: MCGRATH AK
MONTH: DECEMBER
YEAR: 2023
LATITUDE: 62 57 N
LONGITUDE: 155 36 W
TEMPERATURE IN F: :PCPN: SNOW: WIND :SUNSHINE: SKY :PK WND
================================================================================
1 2 3 4 5 6A 6B 7 8 9 10 11 12 13 14 15 16 17 18
12Z AVG MX 2MIN
DY MAX MIN AVG DEP HDD CDD WTR SNW DPTH SPD SPD DIR MIN PSBL S-S WX SPD DR
================================================================================
1 9 -1 4 2 61 0 0.00 M M 0.3 5 280 M M 6 6 340
2 5 -10 -2 -4 67 0 0.00 M M 0.1 3 350 M M 5 5 320
3 -2 -10 -6 -7 71 0 0.00 M M 0.7 5 330 M M 7 1 6 310
4 -2 -13 -7 -8 72 0 0.00 M M 0.9 6 260 M M 0 8 340
5 6 -8 -1 -2 66 0 0.01 M M 0.7 6 260 M M 7 7 260
6 10 -2 4 4 61 0 0.00 M M 0.6 4 140 M M 10 M M
7 11 -8 2 2 63 0 0.14 M M 1.4 7 160 M M 10 1 12 160
8 6 -9 -1 -1 66 0 0.01 M M 0.4 6 150 M M 8 12 7 140
9 -7 -28 -17 -17 82 0 0.00 M M 0.7 6 270 M M 4 18 8 300
10 7 -31 -12 -12 77 0 0.07 M M 4.9 17 40 M M 4 18 24 40
11 8 5 7 8 58 0 0.20 M M 6.2 16 20 M M 10 1 26 20
12 5 -7 -1 0 66 0 0.02 M M 5.5 16 350 M M 10 24 350
13 2 -14 -6 -5 71 0 0.01 M M 4.0 13 340 M M 8 18 18 350
14 -5 -28 -16 -14 81 0 0.00 M M 2.1 9 300 M M 1 18 12 280
15 M M M M M M M M M M M M M M M M M
16 M M M M M M M M M M M M M M M M M
17 M M M M M M M M M M M M M M M M M
18 10 -19 -4 -1 69 0 0.00 M M 0.5 8 240 M M 7 18 11 210
19 -2 -14 -8 -5 73 0 0.01 M M 0.6 6 330 M M 7 12 8 330
20 9 -2 4 7 61 0 0.09 M M 0.0 5 280 M M 10 18 5 280
21 10 -5 3 7 62 0 0.11 M M 1.5 10 270 M M 9 18 18 300
22 4 -6 -1 3 66 0 0.04 M M 2.2 8 360 M M 10 1 13 350
23 10 -1 5 9 60 0 0.00 M M 2.8 8 300 M M 7 11 340
24 6 -18 -6 -1 71 0 0.05 M M 8.8 15 200 M M 8 18 22 210
25 -15 -43 -29 -24 94 0 0.00 M M 0.1 5 310 M M 0 18 7 150
26 -12 -45 -28 -23 93 0 T M M 1.5 10 120 M M 4 18 15 130
27 -11 -27 -19 -14 84 0 0.03 M M 0.3 6 280 M M 6 18 7 270
28 -1 -11 -6 0 71 0 0.02 M M 0.4 5 120 M M 10 1 7 110
29 -4 -31 -17 -11 82 0 0.00 M M 0.6 3 330 M M 9 1 5 340
30 -26 -35 -30 -24 95 0 0.00 M M 0.8 6 270 M M 1 6 270
31 -3 -26 -14 -8 79 0 0.00 M M 0.6 6 330 M M 7 7 360
================================================================================
SM 28 -447 2022 0 0.81 M 49.2 M 185
================================================================================
AV 1.0-16.0 1.8 FASTST M M 7 MAX(MPH)
MISC ----> 17 40 26 20
================================================================================
NOTES:
# LAST OF SEVERAL OCCURRENCES
COLUMN 17 PEAK WIND IN M.P.H.
PRELIMINARY LOCAL CLIMATOLOGICAL DATA (WS FORM: F-6) , PAGE 2
STATION: MCGRATH AK
MONTH: DECEMBER
YEAR: 2023
LATITUDE: 62 57 N
LONGITUDE: 155 36 W
[TEMPERATURE DATA] [PRECIPITATION DATA] SYMBOLS USED IN COLUMN 16
AVERAGE MONTHLY: -7.5 TOTAL FOR MONTH: 0.81 1 = FOG OR MIST
DPTR FM NORMAL: -5.2 DPTR FM NORMAL: -0.40 2 = FOG REDUCING VISIBILITY
HIGHEST: 11 ON 7 GRTST 24HR 0.24 ON 10-11 TO 1/4 MILE OR LESS
LOWEST: -45 ON 26 3 = THUNDER
SNOW, ICE PELLETS, HAIL 4 = ICE PELLETS
TOTAL MONTH: M 5 = HAIL
GRTST 24HR M ON M 6 = FREEZING RAIN OR DRIZZLE
GRTST DEPTH: M ON M 7 = DUSTSTORM OR SANDSTORM:
VSBY 1/2 MILE OR LESS
8 = SMOKE OR HAZE
[NO. OF DAYS WITH] [WEATHER - DAYS WITH] 9 = BLOWING SNOW
X = TORNADO
MAX 32 OR BELOW: 28 0.01 INCH OR MORE: 14
MAX 90 OR ABOVE: 0 0.10 INCH OR MORE: 3
MIN 32 OR BELOW: 28 0.50 INCH OR MORE: 0
MIN 0 OR BELOW: 27 1.00 INCH OR MORE: 0
[HDD (BASE 65) ]
TOTAL THIS MO. 2022 CLEAR (SCALE 0-3) 4
DPTR FM NORMAL -63 PTCLDY (SCALE 4-7) 13
TOTAL FM JUL 1 5709 CLOUDY (SCALE 8-10) 14
DPTR FM NORMAL -223
[CDD (BASE 65) ]
TOTAL THIS MO. 0
DPTR FM NORMAL 0 [PRESSURE DATA]
TOTAL FM JAN 1 19 HIGHEST SLP 30.03 ON 29
DPTR FM NORMAL -12 LOWEST SLP 28.72 ON 24
[REMARKS]
#FINAL-12-23#