000
CXAK59 PAFG 020126
CLMMCG
CLIMATE REPORT
NATIONAL WEATHER SERVICE FAIRBANKS AK
526 PM AKDT SAT APR 01 2023
...................................
...THE MCGRATH AK CLIMATE SUMMARY FOR THE MONTH OF MARCH 2023...
CLIMATE NORMAL PERIOD 1991 TO 2020
CLIMATE RECORD PERIOD 1946 TO 2023
WEATHER OBSERVED NORMAL DEPART LAST YEAR`S
VALUE DATE(S) VALUE FROM VALUE DATE(S)
NORMAL
................................................................
TEMPERATURE (F)
RECORD
HIGH 55 03/20/1998
LOW -51 03/17/1966
03/02/1956
HIGHEST 38 03/26 MM MM MM MM
03/27
LOWEST -32 03/03 MM MM MM 03/14
AVG. MAXIMUM 24.0 24.5 -0.5 MM
AVG. MINIMUM 0.4 -0.7 1.1 MM
MEAN 12.2 11.9 0.3 MM
DAYS MAX >= 90 0 0.0 0.0 MM
DAYS MAX <= 32 23 22.0 1.0 MM
DAYS MIN <= 32 31 30.7 0.3 MM
DAYS MIN <= 0 15 16.7 -1.7 MM
PRECIPITATION (INCHES)
RECORD
MAXIMUM 2.82 1991
MINIMUM T
TOTALS 0.83 0.68 0.15 MM
DAILY AVG. 0.03 0.02 0.01 MM
DAYS >= .01 10 7.8 2.2 MM
DAYS >= .10 4 2.3 1.7 MM
DAYS >= .50 0 0.2 -0.2 MM
DAYS >= 1.00 0 0.0 0.0 MM
GREATEST
24 HR. TOTAL 0.69 02/28 TO 03/01 MM
DEGREE DAYS
HEATING TOTAL 1630 1646 -16 MM
SINCE 7/1 10591 11463 -872 MM
COOLING TOTAL 0 0 0 MM
SINCE 1/1 0 0 0 MM
................................................................
WIND (MPH)
AVERAGE WIND SPEED 4.6
HIGHEST WIND SPEED/DIRECTION 28/190 DATE 03/23
HIGHEST GUST SPEED/DIRECTION 39/190 DATE 03/23
SKY COVER
AVERAGE SKY COVER 0.49
NUMBER OF DAYS FAIR 12
WEATHER CONDITIONS. NUMBER OF DAYS WITH
THUNDERSTORM 0 MIXED PRECIP 0
HEAVY RAIN 0 RAIN 0
LIGHT RAIN 0 FREEZING RAIN 0
LT FREEZING RAIN 0 HAIL 0
HEAVY SNOW 0 SNOW 3
LIGHT SNOW 11 SLEET 0
FOG 15 FOG W/VIS <= 1/4 MILE 2
HAZE 9
- INDICATES NEGATIVE NUMBERS.
R INDICATES RECORD WAS SET OR TIED.
MM INDICATES DATA IS MISSING.
T INDICATES TRACE AMOUNT.
$$