953
CXUS53 KGLD 010800
CF6MCK
PRELIMINARY LOCAL CLIMATOLOGICAL DATA (WS FORM: F-6)
STATION: MCCOOK NE
MONTH: JULY
YEAR: 2020
LATITUDE: 40 13 N
LONGITUDE: 100 35 W
TEMPERATURE IN F: :PCPN: SNOW: WIND :SUNSHINE: SKY :PK WND
================================================================================
1 2 3 4 5 6A 6B 7 8 9 10 11 12 13 14 15 16 17 18
12Z AVG MX 2MIN
DY MAX MIN AVG DEP HDD CDD WTR SNW DPTH SPD SPD DIR MIN PSBL S-S WX SPD DR
================================================================================
1 92 55 74 -1 0 9 T M M 10.3 21 80 M M 0 27 80
2 93 63 78 3 0 13 0.63 M M 11.3 38 80 M M 4 13 54 270
3 90 60 75 0 0 10 0.00 M M 8.1 16 130 M M 0 23 130
4 91 63 77 2 0 12 0.00 M M 6.2 16 130 M M 0 22 130
5 89 63 76 0 0 11 0.00 M M 6.5 15 120 M M 1 1 22 130
6 93 64 79 3 0 14 0.00 M M 7.5 16 160 M M 0 18 23 150
7 96 69 83 7 0 18 0.00 M M 13.2 25 160 M M 0 35 160
8 99 65 82 6 0 17 0.57 M M 14.2 41 290 M M 1 3 63 320
9 89 61 75 -1 0 10 0.00 M M 8.3 20 20 M M 2 25 90
10 92 65 79 3 0 14 0.00 M M 10.4 21 190 M M 2 29 180
11 91 64 78 2 0 13 0.00 M M 8.1 22 80 M M 1 30 80
12 93 60 77 1 0 12 0.64 M M 9.6 46 290 M M 0 13 57 290
13 95 63 79 3 0 14 1.37 M M 10.6 60 300 M M 1 1238 79 300
14 74 66 70 -6 0 5 0.00 M M 8.7 21 30 M M 7 28 20
15 82 64 73 -3 0 8 0.00 M M 8.7 25 20 M M 5 33 20
16 92 65 79 3 0 14 0.00 M M 10.1 18 170 M M 2 1 31 130
17 95 70 83 7 0 18 0.00 M M 9.2 20 180 M M 0 1 29 180
18 99 69 84 8 0 19 0.00 M M 8.7 22 20 M M 1 38 31 20
19 90 65 78 2 0 13 0.29 M M 9.7 37 340 M M 3 1238 48 330
20 90 64 77 1 0 12 0.23 M M 12.4 30 130 M M 3 13 38 130
21 85 60 73 -3 0 8 0.00 M M 6.8 14 90 M M 0 19 60
22 91 68 80 4 0 15 0.00 M M 11.9 23 140 M M 2 13 35 120
23 93 70 82 6 0 17 0.00 M M 13.8 22 170 M M 0 33 170
24 95 72 84 8 0 19 0.08 M M 15.7 31 160 M M 1 13 44 160
25 99 72 86 10 0 21 T M M 9.0 23 180 M M 2 3 36 180
26 88 67 78 2 0 13 T M M 7.7 21 30 M M 3 18 29 30
27 85 69 77 1 0 12 0.00 M M 8.9 17 70 M M 5 18 23 60
28 89 61 75 -1 0 10 0.00 M M 5.7 16 130 M M 2 12 20 120
29 93 63 78 2 0 13 0.94 M M 6.8 35 70 M M 1 1238 43 70
30 77 63 70 -6 0 5 0.68 M M 7.7 17 10 M M 7 18 21 10
31 85 57 71 -5 0 6 0.00 M M 2.6 10 120 M M 1 12 14 80
================================================================================
SM 2805 2000 0 395 5.43 M 288.4 M 57
================================================================================
AV 90.5 64.5 9.3 FASTST M M 2 MAX(MPH)
MISC ----> 60 300 79 300
================================================================================
NOTES:
# LAST OF SEVERAL OCCURRENCES
COLUMN 17 PEAK WIND IN M.P.H.
PRELIMINARY LOCAL CLIMATOLOGICAL DATA (WS FORM: F-6) , PAGE 2
STATION: MCCOOK NE
MONTH: JULY
YEAR: 2020
LATITUDE: 40 13 N
LONGITUDE: 100 35 W
[TEMPERATURE DATA] [PRECIPITATION DATA] SYMBOLS USED IN COLUMN 16
AVERAGE MONTHLY: 77.5 TOTAL FOR MONTH: 5.43 1 = FOG OR MIST
DPTR FM NORMAL: 1.6 DPTR FM NORMAL: 2.18 2 = FOG REDUCING VISIBILITY
HIGHEST: 99 ON 25,18 GRTST 24HR 1.62 ON 29-30 TO 1/4 MILE OR LESS
LOWEST: 55 ON 1 3 = THUNDER
SNOW, ICE PELLETS, HAIL 4 = ICE PELLETS
TOTAL MONTH: M 5 = HAIL
GRTST 24HR M ON M 6 = FREEZING RAIN OR DRIZZLE
GRTST DEPTH: M ON M 7 = DUSTSTORM OR SANDSTORM:
VSBY 1/2 MILE OR LESS
8 = SMOKE OR HAZE
[NO. OF DAYS WITH] [WEATHER - DAYS WITH] 9 = BLOWING SNOW
X = TORNADO
MAX 32 OR BELOW: 0 0.01 INCH OR MORE: 9
MAX 90 OR ABOVE: 21 0.10 INCH OR MORE: 8
MIN 32 OR BELOW: 0 0.50 INCH OR MORE: 6
MIN 0 OR BELOW: 0 1.00 INCH OR MORE: 1
[HDD (BASE 65) ]
TOTAL THIS MO. 0 CLEAR (SCALE 0-3) 25
DPTR FM NORMAL -3 PTCLDY (SCALE 4-7) 6
TOTAL FM JUL 1 0 CLOUDY (SCALE 8-10) 0
DPTR FM NORMAL 0
[CDD (BASE 65) ]
TOTAL THIS MO. 395
DPTR FM NORMAL 54 [PRESSURE DATA]
TOTAL FM JAN 1 783 HIGHEST SLP M ON M
DPTR FM NORMAL 212 LOWEST SLP 29.60 ON 8
[REMARKS]
#FINAL-07-20#