000
CXUS53 KPAH 010837 CCA
CF6MDH
PRELIMINARY LOCAL CLIMATOLOGICAL DATA (WS FORM: F-6)
STATION: CARBONDALE IL
MONTH: FEBRUARY
YEAR: 2024
LATITUDE: 37 46 N
LONGITUDE: 89 15 W
TEMPERATURE IN F: :PCPN: SNOW: WIND :SUNSHINE: SKY :PK WND
================================================================================
1 2 3 4 5 6A 6B 7 8 9 10 11 12 13 14 15 16 17 18
12Z AVG MX 2MIN
DY MAX MIN AVG DEP HDD CDD WTR SNW DPTH SPD SPD DIR MIN PSBL S-S WX SPD DR
================================================================================
1 62 32 47 13 18 0 T M M 10.2 15 200 M M 2 19 210
2 55 37 46 12 19 0 0.00 M M 4.8 13 40 M M 1 18 17 50
3 59 36 48 13 17 0 0.00 M M 7.0 15 50 M M 0 1 20 60
4 55 40 48 13 17 0 0.00 M M 7.8 13 50 M M 0 17 50
5 57 31 44 9 21 0 0.00 M M 8.4 17 350 M M 0 24 350
6 57 27 42 7 23 0 0.00 M M 3.7 12 50 M M 0 18 14 70
7 59 28 44 9 21 0 0.00 M M 3.9 15 160 M M 0 18 20 160
8 61 42 52 16 13 0 0.00 M M 16.7 32 190 M M 5 44 200
9 65 54 60 24 5 0 0.00 M M 12.5 24 200 M M 4 32 200
10 63 40 52 16 13 0 0.30 M M 9.2 21 200 M M 3 13 28 200
11 52 32 42 6 23 0 0.00 M M 8.0 15 350 M M 3 21 340
12 50 35 43 6 22 0 0.00 M M 10.0 23 10 M M 4 31 350
13 57 27 42 5 23 0 0.00 M M 6.7 15 200 M M 0 19 200
14 64 36 50 13 15 0 0.00 M M 6.5 14 190 M M 0 18 200
15 60 39 50 12 15 0 0.00 M M 10.1 22 340 M M 2 28 330
16 40 28 34 -4 31 0 0.10 M M 11.0 23 350 M M 10 128 31 10
17 28 17 23 -15 42 0 0.00 M M 8.7 18 340 M M 1 1 26 340
18 53 18 36 -2 29 0 0.00 M M 7.5 16 220 M M 0 22 250
19 58 22 40 1 25 0 0.00 M M 3.3 15 180 M M 0 22 170
20 63 28 46 7 19 0 0.00 M M 4.6 16 190 M M 0 21 190
21 73 32 53 14 12 0 0.00 M M 12.0 29 210 M M 2 39 200
22 67 44 56 16 9 0 0.28 M M 11.0 22 200 M M 5 138 33 210
23 61 40 51 11 14 0 0.00 M M 8.1 18 320 M M 1 8 27 290
24 50 33 42 2 23 0 0.00 M M 9.1 20 350 M M 2 27 360
25 67 33 50 10 15 0 T M M 11.4 26 200 M M 1 36 200
26 76 43 60 19 5 0 0.00 M M 14.3 32 190 M M 2 46 210
27 79 65 72 31 0 7 T M M 21.1 38 210 M M 5 53 200
28 70 25 48 7 17 0 0.06 M M 12.9 32 330 M M 3 3 48 330
29 50 22 36 -6 29 0 0.00 M M 4.4 13 160 M M 0 16 150
================================================================================
SM 1711 986 535 7 0.74 M 264.9 M 56
================================================================================
AV 59.0 34.0 9.1 FASTST M M 2 MAX(MPH)
MISC ----> 38 210 53 200
================================================================================
NOTES:
# LAST OF SEVERAL OCCURRENCES
COLUMN 17 PEAK WIND IN M.P.H.
PRELIMINARY LOCAL CLIMATOLOGICAL DATA (WS FORM: F-6) , PAGE 2
STATION: CARBONDALE IL
MONTH: FEBRUARY
YEAR: 2024
LATITUDE: 37 46 N
LONGITUDE: 89 15 W
[TEMPERATURE DATA] [PRECIPITATION DATA] SYMBOLS USED IN COLUMN 16
AVERAGE MONTHLY: 46.5 TOTAL FOR MONTH: 0.74 1 = FOG OR MIST
DPTR FM NORMAL: 9.0 DPTR FM NORMAL: -1.87 2 = FOG REDUCING VISIBILITY
HIGHEST: 79 ON 27 GRTST 24HR 0.30 ON 10-10 TO 1/4 MILE OR LESS
LOWEST: 17 ON 17 3 = THUNDER
SNOW, ICE PELLETS, HAIL 4 = ICE PELLETS
TOTAL MONTH: M 5 = HAIL
GRTST 24HR M ON M 6 = FREEZING RAIN OR DRIZZLE
GRTST DEPTH: M ON M 7 = DUSTSTORM OR SANDSTORM:
VSBY 1/2 MILE OR LESS
8 = SMOKE OR HAZE
[NO. OF DAYS WITH] [WEATHER - DAYS WITH] 9 = BLOWING SNOW
X = TORNADO
MAX 32 OR BELOW: 1 0.01 INCH OR MORE: 4
MAX 90 OR ABOVE: 0 0.10 INCH OR MORE: 3
MIN 32 OR BELOW: 14 0.50 INCH OR MORE: 0
MIN 0 OR BELOW: 0 1.00 INCH OR MORE: 0
[HDD (BASE 65) ]
TOTAL THIS MO. 535 CLEAR (SCALE 0-3) 23
DPTR FM NORMAL -235 PTCLDY (SCALE 4-7) 5
TOTAL FM JUL 1 2956 CLOUDY (SCALE 8-10) 1
DPTR FM NORMAL -619
[CDD (BASE 65) ]
TOTAL THIS MO. 7
DPTR FM NORMAL 7 [PRESSURE DATA]
TOTAL FM JAN 1 7 HIGHEST SLP 30.57 ON 29
DPTR FM NORMAL 7 LOWEST SLP 29.35 ON 27
[REMARKS]
#FINAL-02-24#