000
CXUS56 KPDT 011910
CF6MEH
PRELIMINARY LOCAL CLIMATOLOGICAL DATA (WS FORM: F-6)
STATION: MEACHAM OR
MONTH: DECEMBER
YEAR: 2021
LATITUDE: 45 30 N
LONGITUDE: 118 24 W
TEMPERATURE IN F: :PCPN: SNOW: WIND :SUNSHINE: SKY :PK WND
================================================================================
1 2 3 4 5 6A 6B 7 8 9 10 11 12 13 14 15 16 17 18
12Z AVG MX 2MIN
DY MAX MIN AVG DEP HDD CDD WTR SNW DPTH SPD SPD DIR MIN PSBL S-S WX SPD DR
================================================================================
1 64 35 50 20 15 0 0.00 M M 0.5 7 260 M M 1 15 250
2 49 34 42 12 23 0 0.00 M M 0.4 7 280 M M 7 13 290
3 47 26 37 7 28 0 0.00 M M 0.0 5 350 M M 3 1 9 20
4 51 27 39 10 26 0 0.50 M M 0.4 10 280 M M 5 1 28 300
5 40 24 32 3 33 0 0.03 M M 0.6 9 280 M M 6 22 290
6 34 26 30 1 35 0 0.48 M M 0.0 3 100 M M 10 1 7 210
7 46 33 40 11 25 0 0.02 M M 0.0 3 180 M M 9 1 7 110
8 40 25 33 5 32 0 0.33 M M 1.3 10 270 M M 8 1 22 260
9 31 25 28 0 37 0 0.47 M M 2.9 13 270 M M 10 12 31 260
10 32 26 29 1 36 0 0.13 M M 0.5 6 290 M M 10 1 15 250
11 37 29 33 5 32 0 0.01 M M 1.6 7 100 M M 10 8 19 210
12 38 29 34 6 31 0 0.21 M M 0.5 6 280 M M 10 12 16 230
13 39 27 33 5 32 0 0.35 M M 0.6 7 290 M M 6 1 M M
14 29 3 16 -12 49 0 0.00 M M 0.1 5 290 M M 4 11 310
15 26 1 14 -13 51 0 0.05 M M 0.5 6 100 M M 5 1 M M
16 33 24 29 2 36 0 0.44 M M 1.3 8 280 M M 10 12 19 250
17 31 19 25 -2 40 0 0.14 M M 0.1 5 290 M M 6 1 9 280
18 33 26 30 3 35 0 0.01 M M 1.0 7 100 M M 7 18 12 100
19 32 29 31 4 34 0 0.51 M M 0.0 7 100 M M 10 1 12 100
20 34 29 32 5 33 0 0.19 M M 0.0 0 0 M M 10 12 M M
21 37 27 32 5 33 0 0.00 M M 0.1 6 90 M M 5 1 11 90
22 38 25 32 5 33 0 0.01 M M 0.0 9 100 M M 6 17 100
23 39 22 31 4 34 0 0.46 M M 1.3 8 230 M M 8 12 24 290
24 31 21 26 -1 39 0 0.01 M M 0.0 6 100 M M 7 1 13 250
25 32 20 26 -1 39 0 0.00 M M 0.6 7 190 M M 7 19 210
26 27 16 22 -5 43 0 0.09 M M 0.7 7 210 M M 10 128 17 260
27 19 1 10 -17 55 0 0.01 M M 0.3 5 280 M M 9 1 10 250
28 22 9 16 -11 49 0 0.07 M M 0.1 5 280 M M 10 1 7 210
29 19 -2 9 -18 56 0 0.10 M M 0.7 6 300 M M 8 1 11 320
30 27 -1 13 -14 52 0 1.31 M M 0.6 8 290 M M 10 12 20 310
31 19 -16 2 -25 63 0 0.12 M M 0.3 7 260 M M 9 18 13 230
================================================================================
SM 1076 619 1159 0 6.05 M 17.0 M 236
================================================================================
AV 34.7 20.0 0.5 FASTST M M 8 MAX(MPH)
MISC ----> 13 270 31 260
================================================================================
NOTES:
# LAST OF SEVERAL OCCURRENCES
COLUMN 17 PEAK WIND IN M.P.H.
PRELIMINARY LOCAL CLIMATOLOGICAL DATA (WS FORM: F-6) , PAGE 2
STATION: MEACHAM OR
MONTH: DECEMBER
YEAR: 2021
LATITUDE: 45 30 N
LONGITUDE: 118 24 W
[TEMPERATURE DATA] [PRECIPITATION DATA] SYMBOLS USED IN COLUMN 16
AVERAGE MONTHLY: 27.3 TOTAL FOR MONTH: 6.05 1 = FOG OR MIST
DPTR FM NORMAL: -0.5 DPTR FM NORMAL: 0.90 2 = FOG REDUCING VISIBILITY
HIGHEST: 64 ON 1 GRTST 24HR 1.38 ON 30-31 TO 1/4 MILE OR LESS
LOWEST: -16 ON 31 3 = THUNDER
SNOW, ICE PELLETS, HAIL 4 = ICE PELLETS
TOTAL MONTH: M 5 = HAIL
GRTST 24HR M ON M 6 = FREEZING RAIN OR DRIZZLE
GRTST DEPTH: M ON M 7 = DUSTSTORM OR SANDSTORM:
VSBY 1/2 MILE OR LESS
8 = SMOKE OR HAZE
[NO. OF DAYS WITH] [WEATHER - DAYS WITH] 9 = BLOWING SNOW
X = TORNADO
MAX 32 OR BELOW: 14 0.01 INCH OR MORE: 25
MAX 90 OR ABOVE: 0 0.10 INCH OR MORE: 15
MIN 32 OR BELOW: 28 0.50 INCH OR MORE: 3
MIN 0 OR BELOW: 3 1.00 INCH OR MORE: 1
[HDD (BASE 65) ]
TOTAL THIS MO. 1159 CLEAR (SCALE 0-3) 2
DPTR FM NORMAL 6 PTCLDY (SCALE 4-7) 15
TOTAL FM JUL 1 3183 CLOUDY (SCALE 8-10) 14
DPTR FM NORMAL -314
[CDD (BASE 65) ]
TOTAL THIS MO. 0
DPTR FM NORMAL 0 [PRESSURE DATA]
TOTAL FM JAN 1 193 HIGHEST SLP 30.46 ON 5
DPTR FM NORMAL 154 LOWEST SLP 29.32 ON 26
[REMARKS]
#FINAL-12-21#