000
CXUS54 KMEG 101250
CF6MEM
PRELIMINARY LOCAL CLIMATOLOGICAL DATA (WS FORM: F-6)
STATION: MEMPHIS
MONTH: MAY
YEAR: 2021
LATITUDE: 35 3 N
LONGITUDE: 89 59 W
TEMPERATURE IN F: :PCPN: SNOW: WIND :SUNSHINE: SKY :PK WND
================================================================================
1 2 3 4 5 6A 6B 7 8 9 10 11 12 13 14 15 16 17 18
12Z AVG MX 2MIN
DY MAX MIN AVG DEP HDD CDD WTR SNW DPTH SPD SPD DIR MIN PSBL S-S WX SPD DR
================================================================================
1 82 53 68 0 0 3 0.00 0.0 0 5.3 13 190 M M 3 26 250
2 70 64 67 -1 0 2 0.20 0.0 0 7.9 22 180 M M 10 1 29 180
3 85 66 76 8 0 11 1.33 0.0 0 9.6 21 210 M M 7 13 28 220
4 79 59 69 1 0 4 1.02 0.0 0 8.8 25 190 M M 8 13 35 220
5 71 55 63 -6 2 0 0.00 0.0 0 8.9 18 350 M M 4 25 330
6 76 51 64 -5 1 0 0.31 0.0 0 5.6 31 340 M M 2 3 38 340
7 72 49 61 -8 4 0 T 0.0 0 4.4 16 220 M M 2 32 360
8 80 57 69 -1 0 4 T 0.0 0 9.8 20 170 M M 6 30 230
9 79 55 67 -3 0 2 0.09 0.0 0 15.0 28 190 M M 8 13 38 210
10 65 52 59 -11 6 0 0.00 0.0 0 10.2 18 20 M M 8 27 330
11 69 55 62 -8 3 0 0.36 0.0 0 11.2 18 90 M M 10 1 27 80
12 70 56 63 -8 2 0 0.00 0.0 0 11.8 21 50 M M 5 29 60
13 72 54 63 -8 2 0 0.00 0.0 0 9.7 18 10 M M 3 24 10
14 75 51 63 -8 2 0 0.00 0.0 0 5.2 14 100 M M 1 22 150
15 79 55 67 -5 0 2 0.00 0.0 0 7.5 14 200 M M 4 26 210
16 82 62 72 0 0 7 0.00 0.0 0 9.7 17 190 M M 7 32 180
17 80 67 74 2 0 9 0.12 0.0 0 10.4 22 170 M M 10 31 100
18 75 68 72 -1 0 7 T 0.0 0 11.3 21 140 M M 10 27 250
19 83 69 76 3 0 11 0.01 0.0 0 12.6 24 110 M M 8 31 100
20 85 71 78 5 0 13 0.00 0.0 0 13.0 23 110 M M 5 32 120
21 85 70 78 4 0 13 0.00 0.0 0 9.4 18 160 M M 7 30 100
22 87 67 77 3 0 12 0.00 0.0 0 4.3 14 160 M M 6 29 100
23 87 65 76 2 0 11 0.00 0.0 0 3.7 10 170 M M 5 29 90
24 89 67 78 4 0 13 0.00 0.0 0 3.2 10 240 M M 7 26 320
25 89 73 81 6 0 16 0.00 0.0 0 9.4 22 200 M M 7 34 190
26 85 69 77 2 0 12 0.19 0.0 0 7.8 20 230 M M 8 1 31 130
27 89 69 79 4 0 14 0.00 0.0 0 7.8 25 320 M M 7 33 340
28 81 60 71 -5 0 6 0.38 0.0 0 11.5 22 320 M M 8 1 28 310
29 61 55 58 -18 7 0 T 0.0 0 11.9 20 20 M M 10 30 350
30 75 52 64 -12 1 0 0.00 0.0 0 7.3 17 60 M M 5 29 330
31 79 56 68 -8 0 3 0.00 0.0 0 5.2 13 160 M M 5 34 210
================================================================================
SM 2436 1872 30 175 4.01 0.0 269.4 M 196
================================================================================
AV 78.6 60.4 8.7 FASTST M M 6 MAX(MPH)
MISC ----> 31 340 # 38 340
================================================================================
NOTES:
# LAST OF SEVERAL OCCURRENCES
COLUMN 17 PEAK WIND IN M.P.H.
PRELIMINARY LOCAL CLIMATOLOGICAL DATA (WS FORM: F-6) , PAGE 2
STATION: MEMPHIS
MONTH: MAY
YEAR: 2021
LATITUDE: 35 3 N
LONGITUDE: 89 59 W
[TEMPERATURE DATA] [PRECIPITATION DATA] SYMBOLS USED IN COLUMN 16
AVERAGE MONTHLY: 69.5 TOTAL FOR MONTH: 4.01 1 = FOG OR MIST
DPTR FM NORMAL: -2.6 DPTR FM NORMAL: -1.26 2 = FOG REDUCING VISIBILITY
HIGHEST: 89 ON 27,25 GRTST 24HR 1.53 ON 2- 3 TO 1/4 MILE OR LESS
LOWEST: 49 ON 7 3 = THUNDER
SNOW, ICE PELLETS, HAIL 4 = ICE PELLETS
TOTAL MONTH: 0.0 INCH 5 = HAIL
GRTST 24HR 0.0 6 = FREEZING RAIN OR DRIZZLE
GRTST DEPTH: 0 7 = DUSTSTORM OR SANDSTORM:
VSBY 1/2 MILE OR LESS
8 = SMOKE OR HAZE
[NO. OF DAYS WITH] [WEATHER - DAYS WITH] 9 = BLOWING SNOW
X = TORNADO
MAX 32 OR BELOW: 0 0.01 INCH OR MORE: 10
MAX 90 OR ABOVE: 0 0.10 INCH OR MORE: 8
MIN 32 OR BELOW: 0 0.50 INCH OR MORE: 2
MIN 0 OR BELOW: 0 1.00 INCH OR MORE: 2
[HDD (BASE 65) ]
TOTAL THIS MO. 30 CLEAR (SCALE 0-3) 5
DPTR FM NORMAL 9 PTCLDY (SCALE 4-7) 20
TOTAL FM JUL 1 2888 CLOUDY (SCALE 8-10) 6
DPTR FM NORMAL 16
[CDD (BASE 65) ]
TOTAL THIS MO. 175
DPTR FM NORMAL -65 [PRESSURE DATA]
TOTAL FM JAN 1 248 HIGHEST SLP 30.36 ON 22
DPTR FM NORMAL -89 LOWEST SLP 29.59 ON 3
[REMARKS]
#FINAL-05-21#