000
CXUS54 KLZK 011230
CF6MEZ
PRELIMINARY LOCAL CLIMATOLOGICAL DATA (WS FORM: F-6)
STATION: MENA AIRPORT
MONTH: APRIL
YEAR: 2023
LATITUDE: 34 9 N
LONGITUDE: 94 15 W
TEMPERATURE IN F: :PCPN: SNOW: WIND :SUNSHINE: SKY :PK WND
================================================================================
1 2 3 4 5 6A 6B 7 8 9 10 11 12 13 14 15 16 17 18
12Z AVG MX 2MIN
DY MAX MIN AVG DEP HDD CDD WTR SNW DPTH SPD SPD DIR MIN PSBL S-S WX SPD DR
================================================================================
1 66 40 53 -1 12 0 0.00 M M 8.0 15 300 M M 0 27 290
2 77 35 56 1 9 0 0.05 M M 2.6 8 70 M M 2 1 M M
3 83 54 69 14 0 4 T M M 3.5 9 230 M M 5 1 M M
4 79 69 74 19 0 9 T M M 5.1 8 140 M M 1 3 22 99
5 73 49 61 5 4 0 0.01 M M 6.2 12 270 M M 3 1 24 99
6 56 45 51 -5 14 0 0.00 M M 7.9 18 80 M M 1 18 90
7 63 44 54 -2 11 0 0.00 M M 8.6 14 90 M M 1 17 80
8 71 37 54 -2 11 0 0.00 M M 2.3 9 80 M M 0 M M
9 67 39 53 -4 12 0 0.00 M M 4.1 10 70 M M 1 M M
10 72 46 59 2 6 0 0.00 M M 1.5 6 260 M M 2 M M
11 73 42 58 1 7 0 0.00 M M 2.1 9 110 M M 1 M M
12 76 39 58 0 7 0 0.00 M M 1.1 7 70 M M 0 1 M M
13 76 50 63 5 2 0 0.00 M M 1.6 7 280 M M 0 1 M M
14 80 47 64 6 1 0 0.00 M M 3.1 12 270 M M 0 M M
15 82 51 67 9 0 2 T M M 7.8 21 300 M M 3 30 M
16 65 38 52 -7 13 0 0.00 M M 9.2 20 290 M M 0 37 M
17 76 33 55 -4 10 0 0.00 M M 3.3 9 270 M M 0 16 99
18 78 51 65 6 0 0 0.00 M M 4.9 9 240 M M 0 21 200
19 78 61 70 11 0 5 0.00 M M 4.8 8 160 M M 4 1 21 0
20 71 60 66 6 0 1 0.08 M M 5.3 12 220 M M 5 13 31 M
21 68 43 56 -4 9 0 0.00 M M 5.1 9 50 M M 1 18 50
22 64 38 51 -9 14 0 0.01 M M 4.3 13 360 M M 0 17 99
23 55 39 47 -13 18 0 0.02 M M 3.2 6 100 M M 2 1 M M
24 65 39 52 -9 13 0 T M M 4.0 10 80 M M 1 12 24 110
25 50 46 48 -13 17 0 0.12 M M 6.9 10 90 M M 8 1 M M
26 55 48 52 -9 13 0 0.07 M M 7.2 13 70 M M 9 1 20 70
27 63 48 56 -6 9 0 T M M 4.0 12 290 M M 5 12 M M
28 69 45 57 -5 8 0 0.17 M M 2.6 9 310 M M 3 12 M M
29 63 44 54 -8 11 0 0.06 M M 5.8 12 310 M M 5 1 20 20
30 69 42 56 -6 9 0 0.00 M M 6.7 21 300 M M 0 33 300
================================================================================
SM 2083 1362 240 21 0.59 M 142.6 M 63
================================================================================
AV 69.4 45.4 4.8 FASTST M M 2 MAX(MPH)
MISC ----> 21 300 37 9999
================================================================================
NOTES:
# LAST OF SEVERAL OCCURRENCES
COLUMN 17 PEAK WIND IN M.P.H.
PRELIMINARY LOCAL CLIMATOLOGICAL DATA (WS FORM: F-6) , PAGE 2
STATION: MENA AIRPORT
MONTH: APRIL
YEAR: 2023
LATITUDE: 34 9 N
LONGITUDE: 94 15 W
[TEMPERATURE DATA] [PRECIPITATION DATA] SYMBOLS USED IN COLUMN 16
AVERAGE MONTHLY: 57.4 TOTAL FOR MONTH: 0.59 1 = FOG OR MIST
DPTR FM NORMAL: -1.1 DPTR FM NORMAL: -4.84 2 = FOG REDUCING VISIBILITY
HIGHEST: 83 ON 3 GRTST 24HR 0.17 ON 28-28 TO 1/4 MILE OR LESS
LOWEST: 33 ON 17 3 = THUNDER
SNOW, ICE PELLETS, HAIL 4 = ICE PELLETS
TOTAL MONTH: M 5 = HAIL
GRTST 24HR M ON M 6 = FREEZING RAIN OR DRIZZLE
GRTST DEPTH: M ON M 7 = DUSTSTORM OR SANDSTORM:
VSBY 1/2 MILE OR LESS
8 = SMOKE OR HAZE
[NO. OF DAYS WITH] [WEATHER - DAYS WITH] 9 = BLOWING SNOW
X = TORNADO
MAX 32 OR BELOW: 0 0.01 INCH OR MORE: 9
MAX 90 OR ABOVE: 0 0.10 INCH OR MORE: 2
MIN 32 OR BELOW: 0 0.50 INCH OR MORE: 0
MIN 0 OR BELOW: 0 1.00 INCH OR MORE: 0
[HDD (BASE 65) ]
TOTAL THIS MO. 240 CLEAR (SCALE 0-3) 21
DPTR FM NORMAL 18 PTCLDY (SCALE 4-7) 8
TOTAL FM JUL 1 3096 CLOUDY (SCALE 8-10) 1
DPTR FM NORMAL -476
[CDD (BASE 65) ]
TOTAL THIS MO. 21
DPTR FM NORMAL -5 [PRESSURE DATA]
TOTAL FM JAN 1 43 HIGHEST SLP M ON M
DPTR FM NORMAL 11 LOWEST SLP M ON M
[REMARKS]
#FINAL-04-23#