000
CXUS54 KLZK 011330
CF6MEZ
PRELIMINARY LOCAL CLIMATOLOGICAL DATA (WS FORM: F-6)
STATION: MENA AIRPORT
MONTH: FEBRUARY
YEAR: 2023
LATITUDE: 34 9 N
LONGITUDE: 94 15 W
TEMPERATURE IN F: :PCPN: SNOW: WIND :SUNSHINE: SKY :PK WND
================================================================================
1 2 3 4 5 6A 6B 7 8 9 10 11 12 13 14 15 16 17 18
12Z AVG MX 2MIN
DY MAX MIN AVG DEP HDD CDD WTR SNW DPTH SPD SPD DIR MIN PSBL S-S WX SPD DR
================================================================================
1 31 25 28 -12 37 0 0.01 M M 3.5 7 60 M M 9 1 M M
2 36 30 33 -7 32 0 0.01 M M 3.0 7 110 M M 9 1 M M
3 51 24 38 -2 27 0 0.00 M M 2.0 6 90 M M 0 1 M M
4 53 26 40 0 25 0 0.00 M M 2.9 8 220 M M 0 16 220
5 66 41 54 14 11 0 0.00 M M 5.0 9 260 M M 1 M M
6 62 37 50 9 15 0 0.00 M M 3.4 8 190 M M 5 1 M M
7 60 50 55 14 10 0 0.21 M M 3.5 7 90 M M 10 1 M M
8 55 41 48 7 17 0 0.34 M M 7.2 14 100 M M 10 13 23 250
9 56 35 46 5 19 0 0.00 M M 5.3 15 260 M M 2 23 260
10 43 35 39 -2 26 0 0.05 M M 3.9 8 10 M M 9 1 M M
11 51 29 40 -2 25 0 0.01 M M 5.1 9 360 M M 3 1 M M
12 62 24 43 1 22 0 0.00 M M 3.1 12 270 M M 0 M M
13 69 39 54 12 11 0 0.00 M M 3.1 9 270 M M 1 M M
14 62 49 56 14 9 0 0.08 M M 7.6 15 270 M M 3 1 30 270
15 73 38 56 14 9 0 0.00 M M 4.1 9 120 M M 1 20 99
16 70 29 50 7 15 0 0.07 M M 12.7 17 270 M M 7 1 25 240
17 47 24 36 -7 29 0 0.00 M M 5.7 13 330 M M 3 20 340
18 50 19 35 -8 30 0 0.00 M M 2.1 7 99 M M 2 M M
19 66 43 55 12 10 0 0.00 M M 7.8 13 270 M M 0 21 250
20 70 47 59 15 6 0 0.00 M M 6.9 13 250 M M 0 18 230
21 76 44 60 16 5 0 0.00 M M 2.9 8 90 M M 2 27 99
22 71 56 64 20 1 0 0.01 M M 5.8 15 260 M M 3 18 43 99
23 66 45 56 12 9 0 0.00 M M 8.2 14 300 M M 4 1 18 260
24 45 38 42 -3 23 0 0.04 M M 8.2 15 80 M M 9 1 M M
25 48 40 44 -1 21 0 0.02 M M 2.0 6 90 M M 9 1 M M
26 66 47 57 12 8 0 0.05 M M 2.5 9 160 M M 8 12 31 130
27 73 52 63 17 2 0 T M M 9.2 18 260 M M 1 8 36 220
28 77 36 57 11 8 0 M M M 2.6 7 240 M M 0 M M
================================================================================
SM 1655 1043 462 0 0.90 M 139.1 M 111
================================================================================
AV 59.1 37.3 5.0 FASTST M M 4 MAX(MPH)
MISC ----> 18 260 43 99
================================================================================
NOTES:
# LAST OF SEVERAL OCCURRENCES
COLUMN 17 PEAK WIND IN M.P.H.
PRELIMINARY LOCAL CLIMATOLOGICAL DATA (WS FORM: F-6) , PAGE 2
STATION: MENA AIRPORT
MONTH: FEBRUARY
YEAR: 2023
LATITUDE: 34 9 N
LONGITUDE: 94 15 W
[TEMPERATURE DATA] [PRECIPITATION DATA] SYMBOLS USED IN COLUMN 16
AVERAGE MONTHLY: 48.2 TOTAL FOR MONTH: 0.90 1 = FOG OR MIST
DPTR FM NORMAL: 5.7 DPTR FM NORMAL: -3.05 2 = FOG REDUCING VISIBILITY
HIGHEST: 77 ON 28 GRTST 24HR 0.34 ON 8- 8 TO 1/4 MILE OR LESS
LOWEST: 19 ON 18 3 = THUNDER
SNOW, ICE PELLETS, HAIL 4 = ICE PELLETS
TOTAL MONTH: M 5 = HAIL
GRTST 24HR M ON M 6 = FREEZING RAIN OR DRIZZLE
GRTST DEPTH: M ON M 7 = DUSTSTORM OR SANDSTORM:
VSBY 1/2 MILE OR LESS
8 = SMOKE OR HAZE
[NO. OF DAYS WITH] [WEATHER - DAYS WITH] 9 = BLOWING SNOW
X = TORNADO
MAX 32 OR BELOW: 1 0.01 INCH OR MORE: 12
MAX 90 OR ABOVE: 0 0.10 INCH OR MORE: 2
MIN 32 OR BELOW: 9 0.50 INCH OR MORE: 0
MIN 0 OR BELOW: 0 1.00 INCH OR MORE: 0
[HDD (BASE 65) ]
TOTAL THIS MO. 462 CLEAR (SCALE 0-3) 17
DPTR FM NORMAL -168 PTCLDY (SCALE 4-7) 3
TOTAL FM JUL 1 2461 CLOUDY (SCALE 8-10) 8
DPTR FM NORMAL -426
[CDD (BASE 65) ]
TOTAL THIS MO. 0
DPTR FM NORMAL 0 [PRESSURE DATA]
TOTAL FM JAN 1 3 HIGHEST SLP M ON M
DPTR FM NORMAL 3 LOWEST SLP M ON M
[REMARKS]
#FINAL-02-23#