000
CXUS54 KLZK 011230
CF6MEZ
PRELIMINARY LOCAL CLIMATOLOGICAL DATA (WS FORM: F-6)
STATION: MENA AIRPORT
MONTH: SEPTEMBER
YEAR: 2022
LATITUDE: 34 9 N
LONGITUDE: 94 15 W
TEMPERATURE IN F: :PCPN: SNOW: WIND :SUNSHINE: SKY :PK WND
================================================================================
1 2 3 4 5 6A 6B 7 8 9 10 11 12 13 14 15 16 17 18
12Z AVG MX 2MIN
DY MAX MIN AVG DEP HDD CDD WTR SNW DPTH SPD SPD DIR MIN PSBL S-S WX SPD DR
================================================================================
1 87 69 78 2 0 13 0.10 M M 1.6 9 40 M M 5 13 17 50
2 87 69 78 2 0 13 0.01 M M 3.1 8 260 M M 6 1 M M
3 88 65 77 2 0 12 0.00 M M 4.3 8 30 M M 1 16 30
4 89 63 76 1 0 11 0.02 M M 1.4 5 130 M M 1 8 M M
5 88 64 76 1 0 11 T M M 2.2 7 260 M M 1 3 M M
6 91 65 78 4 0 13 0.06 M M 2.0 9 80 M M 4 3 M M
7 87 64 76 2 0 11 0.10 M M 2.6 9 50 M M 3 12 M M
8 85 59 72 -2 0 7 0.00 M M 2.1 8 80 M M 1 18 99
9 84 56 70 -3 0 5 0.00 M M 1.6 7 99 M M 2 1 M M
10 83 56 70 -3 0 5 0.00 M M 2.1 8 50 M M 3 M M
11 76 55 66 -7 0 1 0.27 M M 3.3 9 310 M M 2 17 350
12 81 47 64 -8 1 0 2.08 M M 2.2 8 40 M M 0 M M
13 73 47 60 -12 5 0 1.96 M M 1.8 7 250 M M 0 M M
14 83 49 66 -6 0 1 0.16 M M 1.4 8 M M M 0 M M
15 84 51 68 -3 0 3 0.01 M M 1.7 7 110 M M 0 M M
16 65 56 61 -10 4 0 0.05 M M 1.6 7 280 M M 1 8 M M
17 89 60 75 5 0 10 0.02 M M 2.0 7 99 M M 1 18 99
18 92 70 81 11 0 16 0.23 M M 3.3 10 250 M M 1 M M
19 95 64 80 10 0 15 0.21 M M 2.1 9 250 M M 0 M M
20 95 63 79 10 0 14 2.88 M M 1.8 8 270 M M 0 M M
21 93 63 78 9 0 13 3.60 M M 3.0 12 270 M M 0 21 270
22 92 91 92 24 0 27 0.00 M M 3.8 14 90 M M 0 M M
23 88 59 74 6 0 9 0.00 M M 3.2 8 M M M 0 M M
24 M M M M M M 0.00 M M 3.7 15 M M M 3 22 250
25 93 56 75 8 0 10 0.00 M M 4.7 13 310 M M 2 8 22 M
26 84 49 67 0 0 2 0.00 M M 3.7 13 300 M M 0 18 21 300
27 85 44 65 -2 0 0 0.00 M M 1.4 8 90 M M 0 M M
28 87 47 67 1 0 2 4.80 M M 2.2 9 100 M M 0 18 M M
29 76 42 59 -7 6 0 4.80 M M 4.3 12 100 M M 0 8 17 100
30 80 37 59 -7 6 0 0.00 M M 2.3 9 100 M M 0 8 M M
================================================================================
SM 2480 1680 22 224 21.36 M 76.2 M 37
================================================================================
AV 85.5 57.9 2.5 FASTST M M 1 MAX(MPH)
MISC ----> 15 9999 # 22 250
================================================================================
NOTES:
# LAST OF SEVERAL OCCURRENCES
COLUMN 17 PEAK WIND IN M.P.H.
PRELIMINARY LOCAL CLIMATOLOGICAL DATA (WS FORM: F-6) , PAGE 2
STATION: MENA AIRPORT
MONTH: SEPTEMBER
YEAR: 2022
LATITUDE: 34 9 N
LONGITUDE: 94 15 W
[TEMPERATURE DATA] [PRECIPITATION DATA] SYMBOLS USED IN COLUMN 16
AVERAGE MONTHLY: 71.7 TOTAL FOR MONTH: 21.36 1 = FOG OR MIST
DPTR FM NORMAL: 0.8 DPTR FM NORMAL: 16.57 2 = FOG REDUCING VISIBILITY
HIGHEST: 95 ON 20,19 GRTST 24HR 4.80 ON 28-28 TO 1/4 MILE OR LESS
LOWEST: 37 ON 30 3 = THUNDER
SNOW, ICE PELLETS, HAIL 4 = ICE PELLETS
TOTAL MONTH: M 5 = HAIL
GRTST 24HR M ON M 6 = FREEZING RAIN OR DRIZZLE
GRTST DEPTH: M ON M 7 = DUSTSTORM OR SANDSTORM:
VSBY 1/2 MILE OR LESS
8 = SMOKE OR HAZE
[NO. OF DAYS WITH] [WEATHER - DAYS WITH] 9 = BLOWING SNOW
X = TORNADO
MAX 32 OR BELOW: 0 0.01 INCH OR MORE: 18
MAX 90 OR ABOVE: 7 0.10 INCH OR MORE: 11
MIN 32 OR BELOW: 0 0.50 INCH OR MORE: 6
MIN 0 OR BELOW: 0 1.00 INCH OR MORE: 6
[HDD (BASE 65) ]
TOTAL THIS MO. 22 CLEAR (SCALE 0-3) 26
DPTR FM NORMAL -8 PTCLDY (SCALE 4-7) 4
TOTAL FM JUL 1 22 CLOUDY (SCALE 8-10) 0
DPTR FM NORMAL -7
[CDD (BASE 65) ]
TOTAL THIS MO. 224
DPTR FM NORMAL 17 [PRESSURE DATA]
TOTAL FM JAN 1 1652 HIGHEST SLP M ON M
DPTR FM NORMAL 184 LOWEST SLP M ON M
[REMARKS]
#FINAL-09-22#