000
CXUS54 KLZK 011130
CF6MEZ
PRELIMINARY LOCAL CLIMATOLOGICAL DATA (WS FORM: F-6)
STATION: MENA AIRPORT
MONTH: JUNE
YEAR: 2022
LATITUDE: 34 9 N
LONGITUDE: 94 15 W
TEMPERATURE IN F: :PCPN: SNOW: WIND :SUNSHINE: SKY :PK WND
================================================================================
1 2 3 4 5 6A 6B 7 8 9 10 11 12 13 14 15 16 17 18
12Z AVG MX 2MIN
DY MAX MIN AVG DEP HDD CDD WTR SNW DPTH SPD SPD DIR MIN PSBL S-S WX SPD DR
================================================================================
1 90 68 79 8 0 14 0.65 M M 3.4 13 330 M M 3 3 20 330
2 79 63 71 0 0 6 2.35 M M 4.6 10 350 M M 5 3 18 10
3 81 59 70 -2 0 5 0.04 M M 2.4 9 70 M M 4 M M
4 82 55 69 -3 0 4 0.00 M M 1.2 5 110 M M 0 M M
5 82 59 71 -1 0 6 0.00 M M 1.3 10 280 M M 1 M M
6 86 61 74 2 0 9 1.06 M M 2.8 13 350 M M 4 3 20 350
7 79 66 73 1 0 8 0.33 M M 1.1 5 270 M M 6 3 25 230
8 79 63 71 -2 0 6 1.08 M M 2.1 9 100 M M 6 3 20 30
9 86 63 75 2 0 10 0.00 M M 1.4 8 80 M M 3 M M
10 82 68 75 2 0 10 1.12 M M 1.3 7 90 M M 5 3 28 120
11 88 68 78 4 0 13 0.00 M M 1.0 4 230 M M 5 M M
12 93 73 83 9 0 18 0.00 M M 2.3 7 210 M M 0 17 260
13 91 79 85 11 0 20 0.00 M M 3.1 7 250 M M 0 M M
14 90 79 85 11 0 20 0.00 M M 5.3 8 220 M M 0 M M
15 90 77 84 10 0 19 0.00 M M 3.6 8 220 M M 2 M M
16 95 73 84 9 0 19 0.00 M M 1.8 6 250 M M 0 M M
17 95 70 83 8 0 18 0.00 M M 0.8 5 10 M M 2 M M
18 95 72 84 9 0 19 0.00 M M 0.8 7 90 M M 1 3 25 0
19 90 61 76 1 0 11 0.00 M M 3.1 9 70 M M 1 M M
20 95 55 75 -1 0 10 0.00 M M 1.5 7 90 M M 0 M M
21 95 63 79 3 0 14 0.00 M M 0.6 7 270 M M 1 M M
22 95 68 82 6 0 17 0.00 M M 1.1 6 360 M M 2 M M
23 97 68 83 7 0 18 0.00 M M 1.7 6 50 M M 0 M M
24 97 70 84 8 0 19 0.00 M M 0.5 5 210 M M 1 M M
25 99 72 86 10 0 21 0.00 M M 1.9 9 260 M M 1 M M
26 97 72 85 8 0 20 0.00 M M 3.5 10 40 M M 3 17 70
27 84 61 73 -4 0 8 0.04 M M 5.3 12 60 M M 4 20 40
28 86 57 72 -5 0 7 0.00 M M 2.9 8 80 M M 0 M M
29 91 52 72 -5 0 7 0.00 M M 3.3 12 80 M M 0 16 60
30 95 59 77 0 0 12 0.00 M M 1.1 5 130 M M 2 M M
================================================================================
SM 2684 1974 0 388 6.67 M 66.7 M 62
================================================================================
AV 89.5 65.8 2.2 FASTST M M 2 MAX(MPH)
MISC ----> # 13 350 28 120
================================================================================
NOTES:
# LAST OF SEVERAL OCCURRENCES
COLUMN 17 PEAK WIND IN M.P.H.
PRELIMINARY LOCAL CLIMATOLOGICAL DATA (WS FORM: F-6) , PAGE 2
STATION: MENA AIRPORT
MONTH: JUNE
YEAR: 2022
LATITUDE: 34 9 N
LONGITUDE: 94 15 W
[TEMPERATURE DATA] [PRECIPITATION DATA] SYMBOLS USED IN COLUMN 16
AVERAGE MONTHLY: 77.6 TOTAL FOR MONTH: 6.67 1 = FOG OR MIST
DPTR FM NORMAL: 3.2 DPTR FM NORMAL: 1.91 2 = FOG REDUCING VISIBILITY
HIGHEST: 99 ON 25 GRTST 24HR 2.35 ON 2- 2 TO 1/4 MILE OR LESS
LOWEST: 52 ON 29 3 = THUNDER
SNOW, ICE PELLETS, HAIL 4 = ICE PELLETS
TOTAL MONTH: M 5 = HAIL
GRTST 24HR M ON M 6 = FREEZING RAIN OR DRIZZLE
GRTST DEPTH: M ON M 7 = DUSTSTORM OR SANDSTORM:
VSBY 1/2 MILE OR LESS
8 = SMOKE OR HAZE
[NO. OF DAYS WITH] [WEATHER - DAYS WITH] 9 = BLOWING SNOW
X = TORNADO
MAX 32 OR BELOW: 0 0.01 INCH OR MORE: 8
MAX 90 OR ABOVE: 18 0.10 INCH OR MORE: 6
MIN 32 OR BELOW: 0 0.50 INCH OR MORE: 5
MIN 0 OR BELOW: 0 1.00 INCH OR MORE: 4
[HDD (BASE 65) ]
TOTAL THIS MO. 0 CLEAR (SCALE 0-3) 22
DPTR FM NORMAL -4 PTCLDY (SCALE 4-7) 8
TOTAL FM JUL 1 2089 CLOUDY (SCALE 8-10) 0
DPTR FM NORMAL -1543
[CDD (BASE 65) ]
TOTAL THIS MO. 388
DPTR FM NORMAL 103 [PRESSURE DATA]
TOTAL FM JAN 1 694 HIGHEST SLP M ON M
DPTR FM NORMAL 263 LOWEST SLP M ON M
[REMARKS]
#FINAL-06-22#