000
CXUS54 KLZK 011130
CF6MEZ
PRELIMINARY LOCAL CLIMATOLOGICAL DATA (WS FORM: F-6)
STATION: MENA AIRPORT
MONTH: MARCH
YEAR: 2022
LATITUDE: 34 9 N
LONGITUDE: 94 15 W
TEMPERATURE IN F: :PCPN: SNOW: WIND :SUNSHINE: SKY :PK WND
================================================================================
1 2 3 4 5 6A 6B 7 8 9 10 11 12 13 14 15 16 17 18
12Z AVG MX 2MIN
DY MAX MIN AVG DEP HDD CDD WTR SNW DPTH SPD SPD DIR MIN PSBL S-S WX SPD DR
================================================================================
1 72 32 52 6 13 0 0.00 M M 3.3 8 240 M M 0 M M
2 77 32 55 9 10 0 0.00 M M 2.4 10 260 M M 1 M M
3 81 34 58 11 7 0 0.00 M M 1.0 8 250 M M 0 M M
4 73 36 55 8 10 0 0.00 M M 2.2 8 140 M M 0 M M
5 70 61 66 19 0 1 0.13 M M 4.3 8 190 M M 7 20 190
6 77 48 63 15 2 0 0.45 M M 5.8 18 270 M M 9 3 30 270
7 46 30 38 -10 27 0 0.49 M M 6.9 14 290 M M 5 20 330
8 43 28 36 -12 29 0 0.06 M M 2.3 17 60 M M 5 20 60
9 57 27 42 -6 23 0 0.00 M M 1.2 7 80 M M 1 M M
10 64 30 47 -2 18 0 0.00 M M 1.4 7 90 M M 0 M M
11 37 32 35 -14 30 0 0.22 M M 4.8 12 40 M M 6 18 40
12 48 23 36 -13 29 0 0.00 M M 4.7 10 270 M M 0 17 310
13 63 36 50 1 15 0 0.00 M M 4.5 9 220 M M 0 20 240
14 63 46 55 5 10 0 0.49 M M 4.7 8 110 M M 8 M M
15 64 43 54 4 11 0 1.11 M M 5.1 10 350 M M 6 16 30
16 73 36 55 5 10 0 0.00 M M 1.5 6 250 M M 2 M M
17 75 46 61 11 4 0 0.10 M M 3.2 9 120 M M 3 18 130
18 63 41 52 1 13 0 0.00 M M 11.8 23 280 M M 8 32 280
19 70 36 53 2 12 0 0.00 M M 5.9 14 270 M M 0 25 290
20 77 36 57 6 8 0 0.00 M M 2.3 8 120 M M 0 16 240
21 68 54 61 9 4 0 2.39 M M 6.6 13 130 M M 7 3 29 130
22 61 43 52 0 13 0 0.60 M M 6.9 15 250 M M 10 22 250
23 55 34 45 -7 20 0 0.00 M M 11.4 21 260 M M 3 27 260
24 59 32 46 -6 19 0 0.00 M M 4.6 14 280 M M 1 20 310
25 70 32 51 -2 14 0 0.00 M M 3.8 12 340 M M 0 17 340
26 73 36 55 2 10 0 0.00 M M 1.6 7 60 M M 0 M M
27 72 37 55 2 10 0 0.00 M M 6.4 14 80 M M 0 23 70
28 75 37 56 3 9 0 0.00 M M 3.2 8 240 M M 1 M M
29 75 64 70 16 0 5 0.00 M M 7.0 9 130 M M 5 22 140
30 70 39 55 1 10 0 1.87 M M 8.9 24 290 M M 9 32 290
31 55 34 45 -9 20 0 0.00 M M 8.5 20 270 M M 1 35 270
================================================================================
SM 2026 1175 410 6 7.91 M 148.3 M 98
================================================================================
AV 65.4 37.9 4.8 FASTST M M 3 MAX(MPH)
MISC ----> 24 290 35 270
================================================================================
NOTES:
# LAST OF SEVERAL OCCURRENCES
COLUMN 17 PEAK WIND IN M.P.H.
PRELIMINARY LOCAL CLIMATOLOGICAL DATA (WS FORM: F-6) , PAGE 2
STATION: MENA AIRPORT
MONTH: MARCH
YEAR: 2022
LATITUDE: 34 9 N
LONGITUDE: 94 15 W
[TEMPERATURE DATA] [PRECIPITATION DATA] SYMBOLS USED IN COLUMN 16
AVERAGE MONTHLY: 51.6 TOTAL FOR MONTH: 7.91 1 = FOG OR MIST
DPTR FM NORMAL: 1.4 DPTR FM NORMAL: 2.89 2 = FOG REDUCING VISIBILITY
HIGHEST: 81 ON 3 GRTST 24HR 2.39 ON 21-21 TO 1/4 MILE OR LESS
LOWEST: 23 ON 12 3 = THUNDER
SNOW, ICE PELLETS, HAIL 4 = ICE PELLETS
TOTAL MONTH: M 5 = HAIL
GRTST 24HR M ON M 6 = FREEZING RAIN OR DRIZZLE
GRTST DEPTH: M ON M 7 = DUSTSTORM OR SANDSTORM:
VSBY 1/2 MILE OR LESS
8 = SMOKE OR HAZE
[NO. OF DAYS WITH] [WEATHER - DAYS WITH] 9 = BLOWING SNOW
X = TORNADO
MAX 32 OR BELOW: 0 0.01 INCH OR MORE: 11
MAX 90 OR ABOVE: 0 0.10 INCH OR MORE: 9
MIN 32 OR BELOW: 10 0.50 INCH OR MORE: 4
MIN 0 OR BELOW: 0 1.00 INCH OR MORE: 3
[HDD (BASE 65) ]
TOTAL THIS MO. 410 CLEAR (SCALE 0-3) 18
DPTR FM NORMAL -55 PTCLDY (SCALE 4-7) 10
TOTAL FM JUL 1 1905 CLOUDY (SCALE 8-10) 3
DPTR FM NORMAL -1445
[CDD (BASE 65) ]
TOTAL THIS MO. 6
DPTR FM NORMAL 0 [PRESSURE DATA]
TOTAL FM JAN 1 6 HIGHEST SLP M ON M
DPTR FM NORMAL 0 LOWEST SLP M ON M
[REMARKS]
#FINAL-03-22#