000
CXUS54 KLZK 011231
CF6MEZ
PRELIMINARY LOCAL CLIMATOLOGICAL DATA (WS FORM: F-6)
STATION: MENA AIRPORT
MONTH: FEBRUARY
YEAR: 2022
LATITUDE: 34 9 N
LONGITUDE: 94 15 W
TEMPERATURE IN F: :PCPN: SNOW: WIND :SUNSHINE: SKY :PK WND
================================================================================
1 2 3 4 5 6A 6B 7 8 9 10 11 12 13 14 15 16 17 18
12Z AVG MX 2MIN
DY MAX MIN AVG DEP HDD CDD WTR SNW DPTH SPD SPD DIR MIN PSBL S-S WX SPD DR
================================================================================
1 M M M M M M 0.00 M M M M M M M M M M
2 M M M M M M 0.00 M M M M M M M M M M
3 M M M M M M 0.00 M M M M M M M M M M
4 M M M M M M 0.00 M M M M M M M M M M
5 M M M M M M 0.00 M M M M M M M M M M
6 M M M M M M 0.00 M M M M M M M M M M
7 M M M M M M 0.00 M M M M M M M M M M
8 M M M M M M 0.00 M M M M M M M M M M
9 M M M M M M 0.00 M M M M M M M M M M
10 M M M M M M 0.00 M M M M M M M M M M
11 M M M M M M 0.00 M M M M M M M M M M
12 M M M M M M 0.00 M M M M M M M M M M
13 57 30 44 2 21 0 0.00 M M 6.8 15 300 M M 0 23 260
14 70 27 49 7 16 0 0.00 M M 3.4 13 250 M M 0 21 250
15 66 46 56 14 9 0 0.00 M M 4.4 8 150 M M 1 23 150
16 68 54 61 18 4 0 0.13 M M 6.2 10 130 M M 10 28 130
17 66 30 48 5 17 0 0.70 M M 10.1 20 270 M M 10 28 270
18 52 25 39 -4 26 0 0.00 M M 3.1 9 320 M M 2 M M
19 66 27 47 4 18 0 0.00 M M 3.5 8 280 M M 0 M M
20 68 41 55 11 10 0 0.00 M M 2.9 7 160 M M 0 22 230
21 72 55 64 20 1 0 0.17 M M 4.1 8 220 M M 8 20 160
22 68 30 49 5 16 0 1.63 M M 9.8 17 280 M M 5 3 28 280
23 32 28 30 -14 35 0 0.33 M M 6.9 13 40 M M 9 17 50
24 34 28 31 -14 34 0 0.13 M M 2.1 7 90 M M 10 M M
25 32 23 28 -17 37 0 0.00 M M 3.6 10 70 M M 9 M M
26 36 32 34 -11 31 0 0.11 M M 5.2 10 80 M M 9 M M
27 52 28 40 -6 25 0 0.00 M M 2.7 9 340 M M 2 M M
28 64 23 44 -2 21 0 0.00 M M 1.7 7 260 M M 0 M M
================================================================================
SM 903 527 321 0 3.20 M 76.5 M 75
================================================================================
AV 56.4 32.9 4.8 FASTST M M 5 MAX(MPH)
MISC ----> 20 270 28 280
================================================================================
NOTES:
# LAST OF SEVERAL OCCURRENCES
COLUMN 17 PEAK WIND IN M.P.H.
PRELIMINARY LOCAL CLIMATOLOGICAL DATA (WS FORM: F-6) , PAGE 2
STATION: MENA AIRPORT
MONTH: FEBRUARY
YEAR: 2022
LATITUDE: 34 9 N
LONGITUDE: 94 15 W
[TEMPERATURE DATA] [PRECIPITATION DATA] SYMBOLS USED IN COLUMN 16
AVERAGE MONTHLY: 44.7 TOTAL FOR MONTH: 3.20 1 = FOG OR MIST
DPTR FM NORMAL: 2.2 DPTR FM NORMAL: -0.75 2 = FOG REDUCING VISIBILITY
HIGHEST: 72 ON 21 GRTST 24HR 1.63 ON 22-22 TO 1/4 MILE OR LESS
LOWEST: 23 ON 28,25 3 = THUNDER
SNOW, ICE PELLETS, HAIL 4 = ICE PELLETS
TOTAL MONTH: M 5 = HAIL
GRTST 24HR M ON M 6 = FREEZING RAIN OR DRIZZLE
GRTST DEPTH: M ON M 7 = DUSTSTORM OR SANDSTORM:
VSBY 1/2 MILE OR LESS
8 = SMOKE OR HAZE
[NO. OF DAYS WITH] [WEATHER - DAYS WITH] 9 = BLOWING SNOW
X = TORNADO
MAX 32 OR BELOW: 2 0.01 INCH OR MORE: 7
MAX 90 OR ABOVE: 0 0.10 INCH OR MORE: 7
MIN 32 OR BELOW: 12 0.50 INCH OR MORE: 2
MIN 0 OR BELOW: 0 1.00 INCH OR MORE: 1
[HDD (BASE 65) ]
TOTAL THIS MO. 321 CLEAR (SCALE 0-3) 8
DPTR FM NORMAL -309 PTCLDY (SCALE 4-7) 2
TOTAL FM JUL 1 1495 CLOUDY (SCALE 8-10) 18
DPTR FM NORMAL -1392
[CDD (BASE 65) ]
TOTAL THIS MO. 0
DPTR FM NORMAL 0 [PRESSURE DATA]
TOTAL FM JAN 1 0 HIGHEST SLP M ON M
DPTR FM NORMAL 0 LOWEST SLP M ON M
[REMARKS]
#FINAL-02-22#