000
CXUS54 KLZK 011230
CF6MEZ
PRELIMINARY LOCAL CLIMATOLOGICAL DATA (WS FORM: F-6)
STATION: MENA AIRPORT
MONTH: NOVEMBER
YEAR: 2021
LATITUDE: 34 9 N
LONGITUDE: 94 15 W
TEMPERATURE IN F: :PCPN: SNOW: WIND :SUNSHINE: SKY :PK WND
================================================================================
1 2 3 4 5 6A 6B 7 8 9 10 11 12 13 14 15 16 17 18
12Z AVG MX 2MIN
DY MAX MIN AVG DEP HDD CDD WTR SNW DPTH SPD SPD DIR MIN PSBL S-S WX SPD DR
================================================================================
1 70 41 56 1 9 0 0.00 M M 1.3 9 70 M M 4 M M
2 52 45 49 -6 16 0 0.41 M M 8.0 12 70 M M 10 16 70
3 45 34 40 -15 25 0 0.62 M M 6.8 12 80 M M 8 18 70
4 55 32 44 -10 21 0 0.00 M M 1.2 9 80 M M 2 M M
5 57 30 44 -10 21 0 0.00 M M 0.7 6 50 M M 0 M M
6 64 30 47 -7 18 0 0.00 M M 0.3 4 250 M M 0 M M
7 70 34 52 -1 13 0 0.00 M M 1.1 7 260 M M 0 M M
8 72 45 59 6 6 0 0.00 M M 2.6 8 240 M M 0 M M
9 70 46 58 6 7 0 0.00 M M 1.4 6 200 M M 5 M M
10 72 55 64 12 1 0 0.91 M M 2.8 7 220 M M 7 3 20 220
11 63 37 50 -2 15 0 0.08 M M 5.2 14 280 M M 2 22 320
12 55 34 45 -6 20 0 0.00 M M 6.0 16 280 M M 1 23 280
13 59 32 46 -5 19 0 0.00 M M 3.9 9 350 M M 0 M M
14 66 37 52 1 13 0 0.00 M M 3.5 9 330 M M 0 17 330
15 73 34 54 4 11 0 0.00 M M 0.9 7 260 M M 0 M M
16 70 61 66 16 0 1 0.00 M M 4.3 8 190 M M 6 16 220
17 77 50 64 15 1 0 0.17 M M 5.6 16 270 M M 8 21 270
18 55 28 42 -7 23 0 0.00 M M 5.3 12 50 M M 2 18 30
19 59 23 41 -7 24 0 0.00 M M 1.2 5 110 M M 0 M M
20 64 37 51 3 14 0 0.00 M M 1.2 5 210 M M 2 M M
21 63 48 56 8 9 0 0.00 M M 3.9 8 330 M M 7 M M
22 63 34 49 2 16 0 0.00 M M 1.3 7 20 M M 0 M M
23 63 32 48 1 17 0 0.00 M M 2.3 7 130 M M 0 M M
24 66 54 60 14 5 0 0.06 M M 6.2 9 140 M M 7 18 200
25 64 34 49 3 16 0 0.12 M M 6.1 13 310 M M 5 21 340
26 55 27 41 -5 24 0 0.00 M M 1.5 8 260 M M 0 M M
27 59 32 46 1 19 0 0.00 M M 5.2 10 250 M M 1 16 250
28 61 34 48 3 17 0 0.00 M M 2.2 10 320 M M 0 M M
29 64 32 48 3 17 0 0.00 M M 2.1 7 250 M M 0 M M
30 73 41 57 13 8 0 0.00 M M 2.3 7 260 M M 0 M M
================================================================================
SM 1899 1133 425 1 2.37 M 96.6 M 77
================================================================================
AV 63.3 37.8 3.2 FASTST M M 3 MAX(MPH)
MISC ----> # 16 280 23 280
================================================================================
NOTES:
# LAST OF SEVERAL OCCURRENCES
COLUMN 17 PEAK WIND IN M.P.H.
PRELIMINARY LOCAL CLIMATOLOGICAL DATA (WS FORM: F-6) , PAGE 2
STATION: MENA AIRPORT
MONTH: NOVEMBER
YEAR: 2021
LATITUDE: 34 9 N
LONGITUDE: 94 15 W
[TEMPERATURE DATA] [PRECIPITATION DATA] SYMBOLS USED IN COLUMN 16
AVERAGE MONTHLY: 50.5 TOTAL FOR MONTH: 2.37 1 = FOG OR MIST
DPTR FM NORMAL: 0.6 DPTR FM NORMAL: -3.39 2 = FOG REDUCING VISIBILITY
HIGHEST: 77 ON 17 GRTST 24HR 0.91 ON 10-10 TO 1/4 MILE OR LESS
LOWEST: 23 ON 19 3 = THUNDER
SNOW, ICE PELLETS, HAIL 4 = ICE PELLETS
TOTAL MONTH: M 5 = HAIL
GRTST 24HR M ON M 6 = FREEZING RAIN OR DRIZZLE
GRTST DEPTH: M ON M 7 = DUSTSTORM OR SANDSTORM:
VSBY 1/2 MILE OR LESS
8 = SMOKE OR HAZE
[NO. OF DAYS WITH] [WEATHER - DAYS WITH] 9 = BLOWING SNOW
X = TORNADO
MAX 32 OR BELOW: 0 0.01 INCH OR MORE: 7
MAX 90 OR ABOVE: 0 0.10 INCH OR MORE: 5
MIN 32 OR BELOW: 10 0.50 INCH OR MORE: 2
MIN 0 OR BELOW: 0 1.00 INCH OR MORE: 0
[HDD (BASE 65) ]
TOTAL THIS MO. 425 CLEAR (SCALE 0-3) 20
DPTR FM NORMAL -33 PTCLDY (SCALE 4-7) 7
TOTAL FM JUL 1 524 CLOUDY (SCALE 8-10) 3
DPTR FM NORMAL -154
[CDD (BASE 65) ]
TOTAL THIS MO. 1
DPTR FM NORMAL -4 [PRESSURE DATA]
TOTAL FM JAN 1 1824 HIGHEST SLP M ON M
DPTR FM NORMAL 307 LOWEST SLP M ON M
[REMARKS]
#FINAL-11-21#