000
CXUS54 KLZK 011130
CF6MEZ
PRELIMINARY LOCAL CLIMATOLOGICAL DATA (WS FORM: F-6)
STATION: MENA AIRPORT
MONTH: JULY
YEAR: 2021
LATITUDE: 34 9 N
LONGITUDE: 94 15 W
TEMPERATURE IN F: :PCPN: SNOW: WIND :SUNSHINE: SKY :PK WND
================================================================================
1 2 3 4 5 6A 6B 7 8 9 10 11 12 13 14 15 16 17 18
12Z AVG MX 2MIN
DY MAX MIN AVG DEP HDD CDD WTR SNW DPTH SPD SPD DIR MIN PSBL S-S WX SPD DR
================================================================================
1 88 72 80 3 0 15 0.28 M M 2.0 10 260 M M 3 3 M M
2 82 64 73 -4 0 8 0.36 M M 2.8 12 40 M M 5 16 80
3 86 59 73 -5 0 8 0.00 M M 2.4 9 80 M M 0 18 0
4 86 59 73 -5 0 8 0.00 M M 1.6 7 70 M M 1 M M
5 88 59 74 -4 0 9 0.00 M M 2.8 9 60 M M 1 17 40
6 91 63 77 -1 0 12 0.76 M M 1.2 14 50 M M 4 M M
7 90 70 80 2 0 15 0.07 M M 0.6 14 310 M M 2 20 310
8 91 70 81 3 0 16 0.00 M M 2.3 7 270 M M 2 M M
9 90 73 82 4 0 17 0.00 M M 3.6 7 230 M M 3 M M
10 90 68 79 1 0 14 0.75 M M 6.4 18 310 M M 6 3 28 310
11 84 68 76 -2 0 11 0.58 M M 3.3 9 240 M M 6 18 250
12 86 64 75 -3 0 10 0.00 M M 3.5 10 290 M M 2 M M
13 90 63 77 -1 0 12 0.00 M M 1.4 8 260 M M 1 M M
14 90 70 80 2 0 15 0.00 M M 2.0 10 240 M M 1 M M
15 90 75 83 4 0 18 0.00 M M 3.3 8 230 M M 3 M M
16 82 70 76 -3 0 11 0.62 M M 1.8 7 70 M M 7 3 17 320
17 90 70 80 1 0 15 0.02 M M 2.1 9 270 M M 5 M M
18 86 70 78 -1 0 13 1.64 M M 2.0 9 50 M M 6 3 M M
19 86 72 79 0 0 14 0.00 M M 3.2 9 70 M M 5 16 80
20 86 68 77 -2 0 12 0.00 M M 3.5 12 50 M M 3 18 30
21 86 63 75 -4 0 10 0.00 M M 2.1 7 60 M M 3 M M
22 88 70 79 0 0 14 0.00 M M 0.5 5 100 M M 4 M M
23 90 70 80 1 0 15 0.00 M M 1.4 9 240 M M 3 M M
24 93 72 83 4 0 18 0.00 M M 1.7 6 260 M M 2 M M
25 95 73 84 5 0 19 0.00 M M 0.6 6 100 M M 1 3 M M
26 93 72 83 4 0 18 0.50 M M 1.5 7 250 M M 2 3 26 250
27 93 72 83 4 0 18 0.00 M M 1.2 12 260 M M 1 M M
28 95 72 84 5 0 19 0.00 M M 0.9 6 100 M M 2 M M
29 95 72 84 5 0 19 0.00 M M 0.6 5 70 M M 1 M M
30 95 68 82 3 0 17 0.00 M M 0.6 5 330 M M 1 M M
31 97 70 84 5 0 19 M M M 1.8 8 260 M M 1 M M
================================================================================
SM 2772 2121 0 439 5.58 M 64.8 M 87
================================================================================
AV 89.4 68.4 2.1 FASTST M M 3 MAX(MPH)
MISC ----> 18 310 28 310
================================================================================
NOTES:
# LAST OF SEVERAL OCCURRENCES
COLUMN 17 PEAK WIND IN M.P.H.
PRELIMINARY LOCAL CLIMATOLOGICAL DATA (WS FORM: F-6) , PAGE 2
STATION: MENA AIRPORT
MONTH: JULY
YEAR: 2021
LATITUDE: 34 9 N
LONGITUDE: 94 15 W
[TEMPERATURE DATA] [PRECIPITATION DATA] SYMBOLS USED IN COLUMN 16
AVERAGE MONTHLY: 78.9 TOTAL FOR MONTH: 5.58 1 = FOG OR MIST
DPTR FM NORMAL: 0.4 DPTR FM NORMAL: 0.53 2 = FOG REDUCING VISIBILITY
HIGHEST: 97 ON 31 GRTST 24HR 1.64 ON 18-18 TO 1/4 MILE OR LESS
LOWEST: 59 ON 5, 4 3 = THUNDER
SNOW, ICE PELLETS, HAIL 4 = ICE PELLETS
TOTAL MONTH: M 5 = HAIL
GRTST 24HR M ON M 6 = FREEZING RAIN OR DRIZZLE
GRTST DEPTH: M ON M 7 = DUSTSTORM OR SANDSTORM:
VSBY 1/2 MILE OR LESS
8 = SMOKE OR HAZE
[NO. OF DAYS WITH] [WEATHER - DAYS WITH] 9 = BLOWING SNOW
X = TORNADO
MAX 32 OR BELOW: 0 0.01 INCH OR MORE: 10
MAX 90 OR ABOVE: 18 0.10 INCH OR MORE: 8
MIN 32 OR BELOW: 0 0.50 INCH OR MORE: 6
MIN 0 OR BELOW: 0 1.00 INCH OR MORE: 1
[HDD (BASE 65) ]
TOTAL THIS MO. 0 CLEAR (SCALE 0-3) 20
DPTR FM NORMAL 0 PTCLDY (SCALE 4-7) 11
TOTAL FM JUL 1 0 CLOUDY (SCALE 8-10) 0
DPTR FM NORMAL 0
[CDD (BASE 65) ]
TOTAL THIS MO. 439
DPTR FM NORMAL 20 [PRESSURE DATA]
TOTAL FM JAN 1 927 HIGHEST SLP M ON M
DPTR FM NORMAL 77 LOWEST SLP M ON M
[REMARKS]
#FINAL-07-21#