000
CXUS54 KLZK 011510
CF6MEZ
PRELIMINARY LOCAL CLIMATOLOGICAL DATA (WS FORM: F-6)
STATION: MENA AIRPORT
MONTH: NOVEMBER
YEAR: 2020
LATITUDE: 34 9 N
LONGITUDE: 94 15 W
TEMPERATURE IN F: :PCPN: SNOW: WIND :SUNSHINE: SKY :PK WND
================================================================================
1 2 3 4 5 6A 6B 7 8 9 10 11 12 13 14 15 16 17 18
12Z AVG MX 2MIN
DY MAX MIN AVG DEP HDD CDD WTR SNW DPTH SPD SPD DIR MIN PSBL S-S WX SPD DR
================================================================================
1 68 39 54 -1 11 0 0.00 M M 3.0 9 360 M M 0 16 30
2 63 32 48 -7 17 0 0.00 M M 0.7 5 240 M M 0 M M
3 73 36 55 0 10 0 0.00 M M 2.2 9 260 M M 0 16 260
4 73 43 58 4 7 0 0.00 M M 2.3 7 250 M M 0 M M
5 73 48 61 7 4 0 0.00 M M 1.8 7 220 M M 0 M M
6 73 45 59 5 6 0 0.00 M M 0.5 5 100 M M 3 M M
7 75 43 59 6 6 0 0.00 M M 0.8 6 130 M M 3 M M
8 77 57 67 14 0 2 0.03 M M 1.9 7 120 M M 9 M M
9 75 68 72 20 0 7 0.23 M M 2.1 6 120 M M 10 M M
10 73 52 63 11 2 0 0.02 M M 4.1 8 30 M M 9 M M
11 68 36 52 0 13 0 0.00 M M 2.7 6 80 M M 0 M M
12 70 36 53 2 12 0 0.17 M M 0.8 4 270 M M 4 M M
13 64 50 57 6 8 0 0.12 M M 2.9 9 80 M M 8 M M
14 73 48 61 10 4 0 0.00 M M 4.7 9 170 M M 6 21 230
15 72 34 53 3 12 0 0.01 M M 6.8 15 300 M M 0 22 300
16 68 30 49 -1 16 0 0.00 M M 1.2 7 240 M M 0 M M
17 70 36 53 4 12 0 0.00 M M 2.1 10 80 M M 0 M M
18 70 32 51 2 14 0 0.00 M M 1.9 7 140 M M 0 M M
19 70 55 63 15 2 0 0.00 M M 3.5 7 190 M M 1 16 220
20 64 57 61 13 4 0 0.00 M M 2.1 7 220 M M 9 16 190
21 72 55 64 16 1 0 0.10 M M 0.5 5 190 M M 9 M M
22 64 36 50 3 15 0 0.34 M M 4.3 12 330 M M 8 18 330
23 59 32 46 -1 19 0 M M M 1.2 5 150 M M 4 M M
24 64 39 52 6 13 0 0.91 M M 4.8 21 260 M M 10 40 260
25 55 36 46 0 19 0 0.17 M M 5.6 13 270 M M 5 26 270
26 66 32 49 3 16 0 M M M 0.9 5 110 M M 4 M M
27 61 43 52 7 13 0 M M M 2.4 9 10 M M 4 M M
28 55 34 45 0 20 0 M M M 2.5 10 90 M M 0 M M
29 48 37 43 -2 22 0 0.85 M M 5.4 16 300 M M 8 25 330
30 46 28 37 -7 28 0 M M M 8.3 16 310 M M 0 28 320
================================================================================
SM 2002 1249 326 9 2.95 M 84.0 M 114
================================================================================
AV 66.7 41.6 2.8 FASTST M M 4 MAX(MPH)
MISC ----> 21 260 40 260
================================================================================
NOTES:
# LAST OF SEVERAL OCCURRENCES
COLUMN 17 PEAK WIND IN M.P.H.
PRELIMINARY LOCAL CLIMATOLOGICAL DATA (WS FORM: F-6) , PAGE 2
STATION: MENA AIRPORT
MONTH: NOVEMBER
YEAR: 2020
LATITUDE: 34 9 N
LONGITUDE: 94 15 W
[TEMPERATURE DATA] [PRECIPITATION DATA] SYMBOLS USED IN COLUMN 16
AVERAGE MONTHLY: 54.2 TOTAL FOR MONTH: 2.95 1 = FOG OR MIST
DPTR FM NORMAL: 4.3 DPTR FM NORMAL: -2.81 2 = FOG REDUCING VISIBILITY
HIGHEST: 77 ON 8 GRTST 24HR 0.91 ON 24-24 TO 1/4 MILE OR LESS
LOWEST: 28 ON 30 3 = THUNDER
SNOW, ICE PELLETS, HAIL 4 = ICE PELLETS
TOTAL MONTH: M 5 = HAIL
GRTST 24HR M ON M 6 = FREEZING RAIN OR DRIZZLE
GRTST DEPTH: M ON M 7 = DUSTSTORM OR SANDSTORM:
VSBY 1/2 MILE OR LESS
8 = SMOKE OR HAZE
[NO. OF DAYS WITH] [WEATHER - DAYS WITH] 9 = BLOWING SNOW
X = TORNADO
MAX 32 OR BELOW: 0 0.01 INCH OR MORE: 11
MAX 90 OR ABOVE: 0 0.10 INCH OR MORE: 7
MIN 32 OR BELOW: 6 0.50 INCH OR MORE: 2
MIN 0 OR BELOW: 0 1.00 INCH OR MORE: 0
[HDD (BASE 65) ]
TOTAL THIS MO. 326 CLEAR (SCALE 0-3) 15
DPTR FM NORMAL -132 PTCLDY (SCALE 4-7) 8
TOTAL FM JUL 1 546 CLOUDY (SCALE 8-10) 7
DPTR FM NORMAL -132
[CDD (BASE 65) ]
TOTAL THIS MO. 9
DPTR FM NORMAL 4 [PRESSURE DATA]
TOTAL FM JAN 1 1706 HIGHEST SLP M ON M
DPTR FM NORMAL 189 LOWEST SLP M ON M
[REMARKS]
#FINAL-11-20#