120
CXUS54 KLZK 011130
CF6MEZ
PRELIMINARY LOCAL CLIMATOLOGICAL DATA (WS FORM: F-6)
STATION: Mena Airport
MONTH: OCTOBER
YEAR: 2020
LATITUDE: 34 9 N
LONGITUDE: 94 15 W
TEMPERATURE IN F: :PCPN: SNOW: WIND :SUNSHINE: SKY :PK WND
================================================================================
1 2 3 4 5 6A 6B 7 8 9 10 11 12 13 14 15 16 17 18
12Z AVG MX 2MIN
DY MAX MIN AVG DEP HDD CDD WTR SNW DPTH SPD SPD DIR MIN PSBL S-S WX SPD DR
================================================================================
1 73 48 61 -4 4 0 0.00 M M 3.9 9 290 M M 0 M M
2 70 41 56 -9 9 0 0.00 M M 0.6 4 90 M M 0 M M
3 72 45 59 -5 6 0 0.03 M M 1.2 6 250 M M 3 M M
4 72 45 59 -5 6 0 0.00 M M 2.3 8 350 M M 2 M M
5 72 41 57 -7 8 0 0.00 M M 1.5 6 60 M M 0 M M
6 81 43 62 -1 3 0 0.00 M M 0.3 5 280 M M 0 M M
7 86 50 68 5 0 3 0.00 M M 0.5 5 280 M M 0 M M
8 82 57 70 7 0 5 0.00 M M 0.5 5 90 M M 2 M M
9 79 63 71 9 0 6 0.00 M M 3.4 9 80 M M 9 M M
10 81 61 71 9 0 6 0.00 M M 1.6 7 320 M M 4 M M
11 86 54 70 8 0 5 0.00 M M 0.8 4 160 M M 2 M M
12 77 45 61 0 4 0 0.00 M M 5.9 16 300 M M 1 23 320
13 79 41 60 -1 5 0 0.00 M M 0.3 4 190 M M 0 M M
14 79 41 60 -1 5 0 0.00 M M 1.4 7 170 M M 0 M M
15 72 55 64 4 1 0 0.00 M M 5.6 14 70 M M 8 23 60
16 68 41 55 -5 10 0 0.00 M M 2.1 8 70 M M 1 M M
17 68 37 53 -7 12 0 0.00 M M 3.2 10 160 M M 5 20 160
18 77 63 70 10 0 5 0.00 M M 2.7 6 130 M M 10 M M
19 77 61 69 10 0 4 0.17 M M 5.1 14 270 M M 8 M M
20 82 63 73 14 0 8 0.09 M M 2.9 8 220 M M 6 M M
21 86 61 74 15 0 9 0.00 M M 1.4 6 130 M M 2 M M
22 82 72 77 19 0 12 0.00 M M 2.1 6 130 M M 2 M M
23 77 46 62 4 3 0 0.00 M M 7.2 16 270 M M 7 22 350
24 54 45 50 -8 15 0 0.00 M M 4.1 8 10 M M 10 M M
25 55 48 52 -6 13 0 0.00 M M 3.4 7 70 M M 10 M M
26 50 46 48 -9 17 0 0.45 M M 6.0 9 70 M M 10 M M
27 48 43 46 -11 19 0 0.93 M M 6.3 9 40 M M 10 M M
28 54 46 50 -7 15 0 3.14 M M 4.0 9 280 M M 10 3 M M
29 54 41 48 -8 17 0 0.01 M M 7.6 14 300 M M 8 20 300
30 66 34 50 -6 15 0 0.00 M M 1.7 7 70 M M 0 M M
31 64 36 50 -6 15 0 0.00 M M 1.0 7 240 M M 3 M M
================================================================================
SM 2223 1513 202 63 4.82 M 90.6 M 133
================================================================================
AV 71.7 48.8 2.9 FASTST M M 4 MAX(MPH)
MISC ----> # 16 300 # 23 320
================================================================================
NOTES:
# LAST OF SEVERAL OCCURRENCES
COLUMN 17 PEAK WIND IN M.P.H.
PRELIMINARY LOCAL CLIMATOLOGICAL DATA (WS FORM: F-6) , PAGE 2
STATION: Mena Airport
MONTH: OCTOBER
YEAR: 2020
LATITUDE: 34 9 N
LONGITUDE: 94 15 W
[TEMPERATURE DATA] [PRECIPITATION DATA] SYMBOLS USED IN COLUMN 16
AVERAGE MONTHLY: 60.3 TOTAL FOR MONTH: 4.82 1 = FOG OR MIST
DPTR FM NORMAL: -0.0 DPTR FM NORMAL: -1.18 2 = FOG REDUCING VISIBILITY
HIGHEST: 86 ON 21,11 GRTST 24HR 3.14 ON 28-28 TO 1/4 MILE OR LESS
LOWEST: 34 ON 30 3 = THUNDER
SNOW, ICE PELLETS, HAIL 4 = ICE PELLETS
TOTAL MONTH: M 5 = HAIL
GRTST 24HR M ON M 6 = FREEZING RAIN OR DRIZZLE
GRTST DEPTH: M ON M 7 = DUSTSTORM OR SANDSTORM:
VSBY 1/2 MILE OR LESS
8 = SMOKE OR HAZE
[NO. OF DAYS WITH] [WEATHER - DAYS WITH] 9 = BLOWING SNOW
X = TORNADO
MAX 32 OR BELOW: 0 0.01 INCH OR MORE: 7
MAX 90 OR ABOVE: 0 0.10 INCH OR MORE: 4
MIN 32 OR BELOW: 0 0.50 INCH OR MORE: 2
MIN 0 OR BELOW: 0 1.00 INCH OR MORE: 1
[HDD (BASE 65) ]
TOTAL THIS MO. 202 CLEAR (SCALE 0-3) 17
DPTR FM NORMAL 12 PTCLDY (SCALE 4-7) 6
TOTAL FM JUL 1 220 CLOUDY (SCALE 8-10) 8
DPTR FM NORMAL -1
[CDD (BASE 65) ]
TOTAL THIS MO. 63
DPTR FM NORMAL 19 [PRESSURE DATA]
TOTAL FM JAN 1 1697 HIGHEST SLP M ON M
DPTR FM NORMAL 185 LOWEST SLP M ON M
[REMARKS]
#FINAL-10-20#