000
CXUS52 KMFL 011510
CLMMIA
CLIMATE REPORT
NATIONAL WEATHER SERVICE MIAMI, FL
1010 AM EST FRI DEC 01 2023
...................................
...THE MIAMI CLIMATE SUMMARY FOR THE MONTH OF NOVEMBER 2023...
CLIMATE NORMAL PERIOD: 1991 TO 2020
CLIMATE RECORD PERIOD: 1895 TO 2023
WEATHER OBSERVED NORMAL DEPART LAST YEAR`S
VALUE DATE(S) VALUE FROM VALUE
NORMAL
..............................................................
TEMPERATURE (F)
RECORD
HIGH 91 11/01/2019
11/06/2002
10/22/2041
LOW 36 11/21/1914
HIGHEST 89 11/10 90
11/11
LOWEST 59 11/29 65
AVG. MAXIMUM 84.1 81.3 2.8 85.4
AVG. MINIMUM 71.5 68.3 3.2 72.4
MEAN 77.8 74.8 3.0 78.9
DAYS MAX >= 90 0 MM
DAYS MAX <= 32 0 MM
DAYS MIN <= 32 0 0
DAYS MIN <= 0 0 0
PRECIPITATION (INCHES)
RECORD
MAXIMUM 17.72 1925
MINIMUM 0.09 1970
TOTALS 9.36 3.53 5.83 8.49
DAILY AVG. 0.31 0.12 0.19
DAYS >= .01 9 15
DAYS >= .10 6 8
DAYS >= .50 2 4
DAYS >= 1.00 1 3
GREATEST
24 HR. TOTAL 7.53 11/15 TO 11/16 4.47
DEGREE DAYS
HEATING TOTAL 0 3 -3 0
SINCE 7/1 0 0 0 MM
COOLING TOTAL 393 297 96 426
SINCE 1/1 5319 4437 882 MM
..............................................................
WIND (MPH)
AVERAGE WIND SPEED 7.7
HIGHEST WIND SPEED/DIRECTION 30/050 DATE 11/16
HIGHEST GUST SPEED/DIRECTION 48/040 DATE 11/16
SKY COVER
POSSIBLE SUNSHINE (PERCENT) MM
AVERAGE SKY COVER 0.60
NUMBER OF DAYS FAIR 4
NUMBER OF DAYS PC 17
NUMBER OF DAYS CLOUDY 9
AVERAGE RH (PERCENT) 71
WEATHER CONDITIONS. NUMBER OF DAYS WITH
THUNDERSTORM 0 MIXED PRECIP 0
HEAVY RAIN 3 RAIN 4
LIGHT RAIN 13 FREEZING RAIN 0
LT FREEZING RAIN 0 HAIL 0
HEAVY SNOW 0 SNOW 0
LIGHT SNOW 0 SLEET 0
FOG 11 FOG W/VIS <= 1/4 MILE 1
HAZE 3
- INDICATES NEGATIVE NUMBERS.
R INDICATES RECORD WAS SET OR TIED.
MM INDICATES DATA IS MISSING.
T INDICATES TRACE AMOUNT.
$$