477
CXUS53 KIND 010600
CF6MIE
PRELIMINARY LOCAL CLIMATOLOGICAL DATA (WS FORM: F-6)
STATION: MUNCIE IN
MONTH: MARCH
YEAR: 2021
LATITUDE: 40 13 N
LONGITUDE: 85 23 W
TEMPERATURE IN F: :PCPN: SNOW: WIND :SUNSHINE: SKY :PK WND
================================================================================
1 2 3 4 5 6A 6B 7 8 9 10 11 12 13 14 15 16 17 18
12Z AVG MX 2MIN
DY MAX MIN AVG DEP HDD CDD WTR SNW DPTH SPD SPD DIR MIN PSBL S-S WX SPD DR
================================================================================
1 43 27 35 1 30 0 0.00 M M 13.7 23 310 M M 6 32 330
2 43 23 33 -1 32 0 0.00 M M 7.6 16 250 M M 0 22 250
3 59 35 47 12 18 0 0.00 M M 9.4 17 280 M M 0 25 260
4 46 28 37 2 28 0 0.00 M M 9.0 18 20 M M 0 27 350
5 48 22 35 0 30 0 0.00 M M 7.7 20 330 M M 0 23 330
6 46 25 36 0 29 0 0.00 M M 7.1 15 310 M M 0 21 320
7 50 22 36 0 29 0 0.00 M M 3.3 9 350 M M 0 13 320
8 68 33 51 15 14 0 0.00 M M 10.2 23 270 M M 0 32 250
9 68 46 57 20 8 0 0.00 M M 8.4 17 190 M M 0 23 190
10 71 55 63 26 2 0 0.00 M M 15.0 25 210 M M 5 42 210
11 66 46 56 18 9 0 0.20 M M 12.8 24 220 M M 8 38 210
12 60 33 47 9 18 0 0.00 M M 6.9 17 320 M M 0 21 310
13 54 31 43 5 22 0 0.00 M M 4.6 10 60 M M 0 15 60
14 59 32 46 7 19 0 0.00 M M 8.5 25 90 M M 0 33 90
15 38 31 35 -4 30 0 0.17 M M 17.7 29 100 M M 7 6 38 100
16 52 35 44 4 21 0 0.06 M M 4.6 13 120 M M 10 128 15 130
17 67 34 51 11 14 0 0.02 M M 8.1 16 190 M M 5 18 23 150
18 55 37 46 6 19 0 1.17 M M 20.4 31 50 M M 10 1 43 50
19 47 30 39 -2 26 0 0.00 M M 16.3 25 40 M M 0 35 30
20 58 27 43 2 22 0 0.00 M M 6.9 14 80 M M 0 19 110
21 67 31 49 7 16 0 0.00 M M 6.2 18 180 M M 0 21 220
22 70 44 57 15 8 0 0.00 M M 6.9 17 210 M M 4 23 210
23 72 43 58 16 7 0 0.01 M M 8.2 20 180 M M 5 28 170
24 74 49 62 19 3 0 0.04 M M 12.7 25 210 M M 6 38 220
25 65 41 53 10 12 0 0.36 M M 6.6 22 120 M M 5 13 31 200
26 64 45 55 11 10 0 0.00 M M 11.1 36 260 M M 10 8 52 260
27 74 42 58 14 7 0 0.70 M M 7.7 21 10 M M 1 138 27 190
28 55 36 46 2 19 0 0.09 M M 15.0 30 290 M M 8 1 46 290
29 59 30 45 0 20 0 0.00 M M 7.4 14 180 M M 0 25 190
30 73 48 61 16 4 0 0.06 M M 14.6 28 190 M M 2 43 210
31 57 36 47 1 18 0 0.01 M M 15.9 28 300 M M 4 1 39 310
================================================================================
SM 1828 1097 544 0 2.89 M 310.5 M 96
================================================================================
AV 59.0 35.4 10.0 FASTST M M 3 MAX(MPH)
MISC ----> 36 260 52 260
================================================================================
NOTES:
# LAST OF SEVERAL OCCURRENCES
COLUMN 17 PEAK WIND IN M.P.H.
PRELIMINARY LOCAL CLIMATOLOGICAL DATA (WS FORM: F-6) , PAGE 2
STATION: MUNCIE IN
MONTH: MARCH
YEAR: 2021
LATITUDE: 40 13 N
LONGITUDE: 85 23 W
[TEMPERATURE DATA] [PRECIPITATION DATA] SYMBOLS USED IN COLUMN 16
AVERAGE MONTHLY: 47.2 TOTAL FOR MONTH: 2.89 1 = FOG OR MIST
DPTR FM NORMAL: 7.6 DPTR FM NORMAL: -0.06 2 = FOG REDUCING VISIBILITY
HIGHEST: 74 ON 27,24 GRTST 24HR 1.19 ON 17-18 TO 1/4 MILE OR LESS
LOWEST: 22 ON 7, 5 3 = THUNDER
SNOW, ICE PELLETS, HAIL 4 = ICE PELLETS
TOTAL MONTH: M 5 = HAIL
GRTST 24HR M ON M 6 = FREEZING RAIN OR DRIZZLE
GRTST DEPTH: M ON M 7 = DUSTSTORM OR SANDSTORM:
VSBY 1/2 MILE OR LESS
8 = SMOKE OR HAZE
[NO. OF DAYS WITH] [WEATHER - DAYS WITH] 9 = BLOWING SNOW
X = TORNADO
MAX 32 OR BELOW: 0 0.01 INCH OR MORE: 12
MAX 90 OR ABOVE: 0 0.10 INCH OR MORE: 5
MIN 32 OR BELOW: 13 0.50 INCH OR MORE: 2
MIN 0 OR BELOW: 0 1.00 INCH OR MORE: 1
[HDD (BASE 65) ]
TOTAL THIS MO. 544 CLEAR (SCALE 0-3) 17
DPTR FM NORMAL -243 PTCLDY (SCALE 4-7) 10
TOTAL FM JUL 1 4392 CLOUDY (SCALE 8-10) 4
DPTR FM NORMAL -778
[CDD (BASE 65) ]
TOTAL THIS MO. 0
DPTR FM NORMAL -1 [PRESSURE DATA]
TOTAL FM JAN 1 0 HIGHEST SLP M ON M
DPTR FM NORMAL -1 LOWEST SLP 29.35 ON 26
[REMARKS]
#FINAL-03-21#