000
CXUS53 KIND 010600
CF6MIE
PRELIMINARY LOCAL CLIMATOLOGICAL DATA (WS FORM: F-6)
STATION: MUNCIE IN
MONTH: JULY
YEAR: 2020
LATITUDE: 40 13 N
LONGITUDE: 85 23 W
TEMPERATURE IN F: :PCPN: SNOW: WIND :SUNSHINE: SKY :PK WND
================================================================================
1 2 3 4 5 6A 6B 7 8 9 10 11 12 13 14 15 16 17 18
12Z AVG MX 2MIN
DY MAX MIN AVG DEP HDD CDD WTR SNW DPTH SPD SPD DIR MIN PSBL S-S WX SPD DR
================================================================================
1 89 68 79 4 0 14 0.00 M M 5.4 13 80 M M 1 18 19 100
2 89 66 78 3 0 13 0.00 M M 4.8 15 100 M M 0 24 90
3 92 71 82 7 0 17 0.00 M M 3.6 12 70 M M 3 15 30
4 93 71 82 7 0 17 0.00 M M 5.3 18 340 M M 1 8 24 340
5 92 71 82 7 0 17 0.00 M M 3.5 12 100 M M 1 8 14 90
6 93 70 82 7 0 17 0.74 M M 4.0 35 90 M M 1 3 58 90
7 92 72 82 7 0 17 0.10 M M 3.5 14 150 M M 1 3 18 160
8 92 74 83 8 0 18 T M M 3.6 17 260 M M 1 3 23 260
9 92 71 82 7 0 17 0.00 M M 5.0 14 160 M M 0 18 18 250
10 83 74 79 4 0 14 0.07 M M 10.9 26 310 M M 4 39 310
11 87 67 77 2 0 12 T M M 8.4 17 280 M M 2 25 300
12 81 65 73 -2 0 8 0.16 M M 5.5 16 70 M M 5 138 24 80
13 84 61 73 -2 0 8 0.00 M M 4.5 14 40 M M 1 19 360
14 87 60 74 -1 0 9 0.00 M M 2.9 12 120 M M 2 15 120
15 89 64 77 2 0 12 T 0.0 0 6.1 15 180 M M 1 1 24 140
16 82 71 77 2 0 12 0.01 0.0 0 8.9 17 280 M M 7 18 25 250
17 90 64 77 3 0 12 0.00 M M 3.3 12 180 M M 2 12 16 230
18 92 68 80 6 0 15 0.00 M M 7.0 15 240 M M 2 22 240
19 90 73 82 8 0 17 0.11 M M 10.0 28 310 M M 2 38 42 280
20 85 70 78 4 0 13 0.02 M M 5.0 16 290 M M 3 25 290
21 88 66 77 3 0 12 0.35 M M 4.5 28 280 M M 3 13 47 300
22 86 72 79 5 0 14 0.38 M M 7.5 15 240 M M 7 13 22 230
23 85 71 78 4 0 13 0.12 M M 6.9 14 320 M M 4 13 19 200
24 87 65 76 2 0 11 0.00 M M 2.9 12 320 M M 1 18 13 290
25 87 64 76 2 0 11 0.00 M M 2.2 12 60 M M 2 1 13 150
26 91 65 78 4 0 13 0.00 M M 5.8 14 260 M M 1 18 19 250
27 90 74 82 8 0 17 1.11 M M 8.4 29 240 M M 4 123 43 250
28 84 66 75 1 0 10 T M M 3.7 13 350 M M 2 1 17 290
29 88 68 78 4 0 13 0.00 M M 5.0 13 270 M M 0 17 290
30 77 70 74 0 0 9 0.15 M M 3.2 12 150 M M 6 1 18 140
31 82 67 75 1 0 10 0.00 M M 8.0 14 60 M M 5 18 40
================================================================================
SM 2719 2119 0 412 3.32 0.0 169.3 M 75
================================================================================
AV 87.7 68.4 5.5 FASTST M M 2 MAX(MPH)
MISC ----> 35 90 58 90
================================================================================
NOTES:
# LAST OF SEVERAL OCCURRENCES
COLUMN 17 PEAK WIND IN M.P.H.
PRELIMINARY LOCAL CLIMATOLOGICAL DATA (WS FORM: F-6) , PAGE 2
STATION: MUNCIE IN
MONTH: JULY
YEAR: 2020
LATITUDE: 40 13 N
LONGITUDE: 85 23 W
[TEMPERATURE DATA] [PRECIPITATION DATA] SYMBOLS USED IN COLUMN 16
AVERAGE MONTHLY: 78.0 TOTAL FOR MONTH: 3.32 1 = FOG OR MIST
DPTR FM NORMAL: 3.6 DPTR FM NORMAL: -1.06 2 = FOG REDUCING VISIBILITY
HIGHEST: 93 ON 6, 4 GRTST 24HR 1.11 ON 27-27 TO 1/4 MILE OR LESS
LOWEST: 60 ON 14 3 = THUNDER
SNOW, ICE PELLETS, HAIL 4 = ICE PELLETS
TOTAL MONTH: 0.0 INCH 5 = HAIL
GRTST 24HR 0.0 6 = FREEZING RAIN OR DRIZZLE
GRTST DEPTH: 0 7 = DUSTSTORM OR SANDSTORM:
VSBY 1/2 MILE OR LESS
8 = SMOKE OR HAZE
[NO. OF DAYS WITH] [WEATHER - DAYS WITH] 9 = BLOWING SNOW
X = TORNADO
MAX 32 OR BELOW: 0 0.01 INCH OR MORE: 12
MAX 90 OR ABOVE: 12 0.10 INCH OR MORE: 9
MIN 32 OR BELOW: 0 0.50 INCH OR MORE: 2
MIN 0 OR BELOW: 0 1.00 INCH OR MORE: 1
[HDD (BASE 65) ]
TOTAL THIS MO. 0 CLEAR (SCALE 0-3) 21
DPTR FM NORMAL -3 PTCLDY (SCALE 4-7) 10
TOTAL FM JUL 1 0 CLOUDY (SCALE 8-10) 0
DPTR FM NORMAL 0
[CDD (BASE 65) ]
TOTAL THIS MO. 412
DPTR FM NORMAL 118 [PRESSURE DATA]
TOTAL FM JAN 1 812 HIGHEST SLP M ON M
DPTR FM NORMAL 219 LOWEST SLP 29.72 ON 12
[REMARKS]
#FINAL-07-20#