000
CXUS53 KMKX 021755
CLAMKE
CLIMATE REPORT
NATIONAL WEATHER SERVICE MILWAUKEE/SULLIVAN WI
1155 AM CST TUE JAN 02 2024
...................................
...THE MILWAUKEE WI CLIMATE SUMMARY FOR THE YEAR OF 2023...
CLIMATE NORMAL PERIOD 1991 TO 2020
CLIMATE RECORD PERIOD 1871 TO 2024
WEATHER OBSERVED NORMAL DEPART LAST YEAR`S
VALUE DATE(S) VALUE FROM VALUE DATE(S)
NORMAL
................................................................
TEMPERATURE (F)
RECORD
HIGH 105 07/24/1934
LOW -26 02/03/1996
01/17/1982
HIGHEST 101 08/23 95 6 100 06/21
LOWEST -3 01/31 -13 10 -7 12/23
AVG. MAXIMUM 59.8 57.4 2.4 57.9
AVG. MINIMUM 44.6 41.3 3.3 41.7
MEAN 52.2 49.3 2.9 49.8
DAYS MAX >= 90 10 9.1 0.9 12
DAYS MAX <= 32 15 50.1 -35.1 51
DAYS MIN <= 32 90 122.8 -32.8 113
DAYS MIN <= 0 2 6.6 -4.6 4
PRECIPITATION (INCHES)
RECORD
MAXIMUM 50.36 1876
MINIMUM 18.69 1901
TOTALS 34.01 34.57 -0.56 34.74
DAILY AVG. 0.09 0.09 -0.00 0.10
DAYS >= .01 125 125.5 -0.5 119
DAYS >= .10 68 69.2 -1.2 63
DAYS >= .50 23 22.1 0.9 21
DAYS >= 1.00 6 6.8 -0.8 8
GREATEST
24 HR. TOTAL 2.09 08/14 TO 08/15 5.57 09/11 TO 09/12
SNOWFALL (INCHES)
RECORDS
TOTAL 110.3 1886
TOTALS 49.7 48.7 1.0 33.4
SINCE 7/1 4.4 13.2 -8.8 7.1
SNOWDEPTH AVG. 0 0
DAYS >= 1.0 13 13.6 -0.6 11
GREATEST
SNOW DEPTH 8 01/29 5 01/02
01/30 02/25
03/10
24 HR TOTAL 10.7 03/09 TO 03/10 3.9 01/01 TO 01/01
DEGREE DAYS
HEATING TOTAL 5409 6450 -1041 6359
SINCE 7/1 1818 2326 -508 2204
COOLING TOTAL 875 780 95 944
SINCE 1/1 875 780 95 944
FREEZE DATES
RECORD
EARLIEST 09/20/1956
LATEST 05/27/1961
EARLIEST 10/30
LATEST 04/17
................................................................
WIND (MPH)
AVERAGE WIND SPEED 9.4
RESULTANT WIND SPEED/DIRECTION 1/270
HIGHEST WIND SPEED/DIRECTION 38/130 DATE 04/04
38/120 06/25
HIGHEST GUST SPEED/DIRECTION 55/300 DATE 08/11
SKY COVER
AVERAGE SKY COVER 0.61
NUMBER OF DAYS FAIR 76
NUMBER OF DAYS PC 161
NUMBER OF DAYS CLOUDY 128
AVERAGE RH (PERCENT) 65
WEATHER CONDITIONS. NUMBER OF DAYS WITH
THUNDERSTORM 28 MIXED PRECIP 0
HEAVY RAIN 20 RAIN 54
LIGHT RAIN 127 FREEZING RAIN 1
LT FREEZING RAIN 3 HAIL 2
HEAVY SNOW 6 SNOW 20
LIGHT SNOW 55 SLEET 4
FOG 128 FOG W/VIS <= 1/4 MILE 14
HAZE 93
- INDICATES NEGATIVE NUMBERS.
R INDICATES RECORD WAS SET OR TIED.
MM INDICATES DATA IS MISSING.
T INDICATES TRACE AMOUNT.
$$
2%