155
CXHW52 PHFO 011250
CF6MKK
PRELIMINARY LOCAL CLIMATOLOGICAL DATA (WS FORM: F-6)
STATION: MOLOKAI HI
MONTH: JULY
YEAR: 2020
LATITUDE: 21 8 N
LONGITUDE: 157 6 W
TEMPERATURE IN F: :PCPN: SNOW: WIND :SUNSHINE: SKY :PK WND
================================================================================
1 2 3 4 5 6A 6B 7 8 9 10 11 12 13 14 15 16 17 18
12Z AVG MX 2MIN
DY MAX MIN AVG DEP HDD CDD WTR SNW DPTH SPD SPD DIR MIN PSBL S-S WX SPD DR
================================================================================
1 85 73 79 2 0 14 0.00 0.0 M 13.4 21 30 M M M 30 30
2 84 72 78 1 0 13 0.06 0.0 M 10.0 21 50 M M M 1 29 50
3 83 71 77 0 0 12 T 0.0 M 7.1 17 60 M M M 8 23 360
4 85 72 79 2 0 14 0.06 0.0 M 6.7 17 140 M M M 8 26 130
5 86 69 78 1 0 13 0.01 0.0 M 6.8 15 170 M M M 20 170
6 85 67 76 -1 0 11 0.00 0.0 M 10.1 22 50 M M M 29 40
7 85 72 79 2 0 14 0.00 0.0 M 12.0 22 50 M M M 32 50
8 84 74 79 2 0 14 0.01 0.0 M 13.2 25 50 M M M 35 60
9 88 72 80 3 0 15 0.00 0.0 M 11.7 22 50 M M M 30 50
10 87 73 80 2 0 15 0.00 0.0 M 13.8 28 50 M M M 39 60
11 85 74 80 2 0 15 0.00 0.0 M 13.8 24 50 M M M 37 50
12 85 75 80 2 0 15 0.00 0.0 M 13.5 24 50 M M M 32 50
13 87 74 81 3 0 16 0.02 0.0 M 11.2 24 60 M M M 33 50
14 88 74 81 3 0 16 0.02 0.0 M 11.8 23 50 M M M 32 50
15 85 74 80 2 0 15 T 0.0 M 12.0 21 50 M M M 28 50
16 87 72 80 2 0 15 0.00 0.0 M 7.9 17 50 M M M 24 30
17 89 69 79 1 0 14 0.00 0.0 M 5.4 15 350 M M M 21 30
18 87 69 78 0 0 13 T 0.0 M 12.1 25 30 M M M 36 40
19 85 74 80 2 0 15 T 0.0 M 16.2 25 50 M M M 1 36 50
20 M M M M M M M M M M M M M M M M M
21 83 70 77 -1 0 12 0.00 0.0 M 7.3 17 10 M M M 22 360
22 85 66 76 -2 0 11 0.20 0.0 M 4.1 15 360 M M M 1 26 150
23 85 68 77 -1 0 12 0.00 0.0 M 9.8 28 60 M M M 33 70
24 85 72 79 1 0 14 0.00 0.0 M 11.9 24 50 M M M 36 30
25 84 75 80 2 0 15 0.00 0.0 M 14.8 25 50 M M M 35 40
26 78 74 76 -2 0 11 0.21 0.0 M 11.7 28 350 M M M 18 39 350
27 86 73 80 2 0 15 T 0.0 M 13.2 25 50 M M M 38 40
28 83 71 77 -1 0 12 0.05 0.0 M 14.5 28 60 M M M 18 37 60
29 83 71 77 -1 0 12 0.02 0.0 M 13.4 24 60 M M M 1 32 60
30 84 71 78 0 0 13 0.00 0.0 M 13.9 24 60 M M M 31 50
31 83 72 78 0 0 13 0.00 0.0 M 14.1 25 60 M M M 35 60
================================================================================
SM 2549 2153 0 409 0.66 0.0 337.4 M M
================================================================================
AV 85.0 71.8 11.2 FASTST M M 0 MAX(MPH)
MISC ----> # 28 50 # 39 60
================================================================================
NOTES:
# LAST OF SEVERAL OCCURRENCES
COLUMN 17 PEAK WIND IN M.P.H.
PRELIMINARY LOCAL CLIMATOLOGICAL DATA (WS FORM: F-6) , PAGE 2
STATION: MOLOKAI HI
MONTH: JULY
YEAR: 2020
LATITUDE: 21 8 N
LONGITUDE: 157 6 W
[TEMPERATURE DATA] [PRECIPITATION DATA] SYMBOLS USED IN COLUMN 16
AVERAGE MONTHLY: 78.4 TOTAL FOR MONTH: 0.66 1 = FOG OR MIST
DPTR FM NORMAL: 0.7 DPTR FM NORMAL: 0.05 2 = FOG REDUCING VISIBILITY
HIGHEST: 89 ON 17 GRTST 24HR 0.21 ON 26-26 TO 1/4 MILE OR LESS
LOWEST: 66 ON 22 3 = THUNDER
SNOW, ICE PELLETS, HAIL 4 = ICE PELLETS
TOTAL MONTH: 0.0 INCH 5 = HAIL
GRTST 24HR 0.0 6 = FREEZING RAIN OR DRIZZLE
GRTST DEPTH: M ON M 7 = DUSTSTORM OR SANDSTORM:
VSBY 1/2 MILE OR LESS
8 = SMOKE OR HAZE
[NO. OF DAYS WITH] [WEATHER - DAYS WITH] 9 = BLOWING SNOW
X = TORNADO
MAX 32 OR BELOW: 0 0.01 INCH OR MORE: 10
MAX 90 OR ABOVE: 0 0.10 INCH OR MORE: 2
MIN 32 OR BELOW: 0 0.50 INCH OR MORE: 0
MIN 0 OR BELOW: 0 1.00 INCH OR MORE: 0
[HDD (BASE 65) ]
TOTAL THIS MO. 0 CLEAR (SCALE 0-3) 0
DPTR FM NORMAL 0 PTCLDY (SCALE 4-7) 0
TOTAL FM JUL 1 0 CLOUDY (SCALE 8-10) 0
DPTR FM NORMAL 0
[CDD (BASE 65) ]
TOTAL THIS MO. 409
DPTR FM NORMAL 17 [PRESSURE DATA]
TOTAL FM JAN 1 2143 HIGHEST SLP 30.11 ON 7
DPTR FM NORMAL 383 LOWEST SLP 29.84 ON 26
[REMARKS]
#FINAL-07-20#