000
CXUS54 KTSA 011104
CF6MLC
PRELIMINARY LOCAL CLIMATOLOGICAL DATA (WS FORM: F-6)
STATION: MCALESTER OKLAHOMA
MONTH: JULY
YEAR: 2023
LATITUDE: 34 52 N
LONGITUDE: 95 47 W
TEMPERATURE IN F: :PCPN: SNOW: WIND :SUNSHINE: SKY :PK WND
================================================================================
1 2 3 4 5 6A 6B 7 8 9 10 11 12 13 14 15 16 17 18
12Z AVG MX 2MIN
DY MAX MIN AVG DEP HDD CDD WTR SNW DPTH SPD SPD DIR MIN PSBL S-S WX SPD DR
================================================================================
1 88 74 81 0 0 16 0.00 0.0 M 6.7 18 220 M M 1 24 230
2 95 71 83 2 0 18 0.00 0.0 M 4.1 12 270 M M 2 16 320
3 96 70 83 2 0 18 0.19 0.0 M 4.9 33 350 M M 2 13 46 360
4 91 67 79 -3 0 14 0.00 0.0 M 4.4 12 220 M M 2 13 18 220
5 94 74 84 2 0 19 0.03 0.0 M 4.9 21 360 M M 2 3 29 320
6 85 71 78 -4 0 13 1.44 0.0 M 4.2 15 230 M M 4 13 22 240
7 86 70 78 -4 0 13 0.14 0.0 M 3.5 25 320 M M 3 13 35 190
8 92 71 82 0 0 17 0.04 0.0 M 2.0 18 250 M M 3 3 26 250
9 84 69 77 -5 0 12 1.76 0.0 M 6.1 25 10 M M 2 13 39 320
10 90 66 78 -4 0 13 0.00 0.0 M 2.9 8 210 M M 1 11 130
11 87 71 79 -3 0 14 0.59 0.0 M 4.6 15 240 M M 4 13 23 220
12 94 74 84 2 0 19 0.00 0.0 M 4.9 15 210 M M 2 23 210
13 93 80 87 5 0 22 T 0.0 M 5.4 13 170 M M 3 3 23 140
14 87 75 81 -2 0 16 0.03 0.0 M 5.8 17 270 M M 2 3 27 290
15 89 71 80 -3 0 15 0.01 0.0 M 4.6 15 10 M M 4 3 22 60
16 88 69 79 -4 0 14 0.00 0.0 M 2.7 17 240 M M 1 1 25 260
17 92 69 81 -2 0 16 0.00 0.0 M 2.9 13 210 M M 1 19 190
18 97 80 89 6 0 24 0.00 0.0 M 8.5 16 210 M M 1 25 230
19 97 80 89 6 0 24 0.00 0.0 M 8.2 20 220 M M 0 30 210
20 95 80 88 5 0 23 0.00 0.0 M 5.7 16 220 M M 0 24 200
21 86 73 80 -3 0 15 0.00 0.0 M 4.7 17 350 M M 3 1 25 320
22 89 66 78 -5 0 13 0.00 0.0 M 4.1 13 20 M M 1 19 350
23 93 63 78 -5 0 13 0.00 0.0 M 2.4 9 210 M M 1 14 220
24 93 68 81 -2 0 16 0.00 0.0 M 5.3 14 220 M M 1 20 170
25 97 72 85 2 0 20 0.00 0.0 M 6.3 14 200 M M 1 20 200
26 97 78 88 5 0 23 0.00 0.0 M 7.9 21 220 M M 1 29 210
27 96 77 87 4 0 22 0.00 0.0 M 6.6 18 220 M M 0 27 230
28 96 79 88 5 0 23 0.00 0.0 M 6.0 16 220 M M 0 24 210
29 99 73 86 3 0 21 0.00 0.0 M 3.2 10 220 M M 1 15 200
30 100 72 86 3 0 21 0.00 0.0 M 2.5 9 250 M M 1 16 200
31 96 73 85 2 0 20 0.00 0.0 M 4.3 15 210 M M 1 23 220
================================================================================
SM 2862 2246 0 547 4.23 0.0 150.3 M 51
================================================================================
AV 92.3 72.5 4.8 FASTST M M 2 MAX(MPH)
MISC ----> 33 350 46 360
================================================================================
NOTES:
# LAST OF SEVERAL OCCURRENCES
COLUMN 17 PEAK WIND IN M.P.H.
PRELIMINARY LOCAL CLIMATOLOGICAL DATA (WS FORM: F-6) , PAGE 2
STATION: MCALESTER OKLAHOMA
MONTH: JULY
YEAR: 2023
LATITUDE: 34 52 N
LONGITUDE: 95 47 W
[TEMPERATURE DATA] [PRECIPITATION DATA] SYMBOLS USED IN COLUMN 16
AVERAGE MONTHLY: 82.4 TOTAL FOR MONTH: 4.23 1 = FOG OR MIST
DPTR FM NORMAL: -0.2 DPTR FM NORMAL: 0.86 2 = FOG REDUCING VISIBILITY
HIGHEST: 100 ON 30 GRTST 24HR 1.76 ON 8- 9 TO 1/4 MILE OR LESS
LOWEST: 63 ON 23 3 = THUNDER
SNOW, ICE PELLETS, HAIL 4 = ICE PELLETS
TOTAL MONTH: 0.0 INCH 5 = HAIL
GRTST 24HR 0.0 6 = FREEZING RAIN OR DRIZZLE
GRTST DEPTH: M ON M 7 = DUSTSTORM OR SANDSTORM:
VSBY 1/2 MILE OR LESS
8 = SMOKE OR HAZE
[NO. OF DAYS WITH] [WEATHER - DAYS WITH] 9 = BLOWING SNOW
X = TORNADO
MAX 32 OR BELOW: 0 0.01 INCH OR MORE: 9
MAX 90 OR ABOVE: 21 0.10 INCH OR MORE: 5
MIN 32 OR BELOW: 0 0.50 INCH OR MORE: 3
MIN 0 OR BELOW: 0 1.00 INCH OR MORE: 2
[HDD (BASE 65) ]
TOTAL THIS MO. 0 CLEAR (SCALE 0-3) 28
DPTR FM NORMAL 0 PTCLDY (SCALE 4-7) 3
TOTAL FM JUL 1 0 CLOUDY (SCALE 8-10) 0
DPTR FM NORMAL 0
[CDD (BASE 65) ]
TOTAL THIS MO. 547
DPTR FM NORMAL 1 [PRESSURE DATA]
TOTAL FM JAN 1 1204 HIGHEST SLP 30.10 ON 29
DPTR FM NORMAL -6 LOWEST SLP 29.74 ON 14
[REMARKS]
#FINAL-07-23#