000
CXUS51 KCAR 010600
CF6MLT
PRELIMINARY LOCAL CLIMATOLOGICAL DATA (WS FORM: F-6)
STATION: MILLINOCKET ME
MONTH: MARCH
YEAR: 2020
LATITUDE: 45 39 N
LONGITUDE: 68 41 W
TEMPERATURE IN F: :PCPN: SNOW: WIND :SUNSHINE: SKY :PK WND
================================================================================
1 2 3 4 5 6A 6B 7 8 9 10 11 12 13 14 15 16 17 18
12Z AVG MX 2MIN
DY MAX MIN AVG DEP HDD CDD WTR SNW DPTH SPD SPD DIR MIN PSBL S-S WX SPD DR
================================================================================
1 27 5 16 -7 49 0 T M M 7.5 16 310 M M 7 8 21 310
2 30 -1 15 -9 50 0 0.22 M M 3.3 12 170 M M 6 1268 17 190
3 51 30 41 17 24 0 0.04 M M 2.3 9 90 M M 6 126 12 310
4 39 31 35 11 30 0 0.37 M M 11.0 23 270 M M 10 1 41 260
5 39 26 33 9 32 0 0.00 M M 11.9 25 310 M M 1 36 290
6 36 17 27 2 38 0 T M M 6.1 20 30 M M 3 30 40
7 34 14 24 -1 41 0 0.00 M M 12.4 23 340 M M 0 33 350
8 44 19 32 7 33 0 0.00 M M 7.8 20 310 M M 4 29 310
9 41 25 33 7 32 0 T M M 4.4 14 50 M M 5 8 17 60
10 36 28 32 6 33 0 0.06 M M 2.9 8 150 M M 9 126 11 160
11 39 25 32 6 33 0 0.00 M M 9.8 20 310 M M 7 1 26 310
12 38 15 27 0 38 0 0.00 M M 2.0 9 300 M M 4 14 290
13 40 21 31 4 34 0 0.86 M M 6.0 16 270 M M 9 1 30 270
14 39 25 32 5 33 0 T M M 16.5 32 310 M M 6 46 320
15 32 16 24 -4 41 0 0.00 M M 9.9 18 310 M M 0 25 320
16 31 7 19 -9 46 0 0.00 M M 4.2 14 10 M M 0 19 360
17 35 23 29 1 36 0 0.19 M M 5.3 14 180 M M 9 128 23 190
18 36 20 28 0 37 0 0.00 M M 5.9 14 300 M M 1 1 23 310
19 41 22 32 3 33 0 0.01 M M 3.5 9 200 M M 9 18 18 180
20 50 32 41 12 24 0 0.06 M M 6.2 24 270 M M 10 12 43 270
21 42 18 30 0 35 0 0.00 M M 12.9 25 290 M M 2 37 290
22 31 9 20 -10 45 0 0.00 M M 5.2 13 300 M M 0 18 300
23 36 4 20 -10 45 0 0.17 M M 3.3 14 160 M M 5 1 25 160
24 39 26 33 2 32 0 0.10 M M 5.8 17 330 M M 8 1 23 350
25 46 18 32 1 33 0 0.00 M M 4.6 14 100 M M 0 1 21 120
26 48 24 36 5 29 0 0.00 M M 2.3 12 80 M M 1 8 14 80
27 42 31 37 5 28 0 0.01 M M 7.0 23 320 M M 9 1 31 330
28 51 28 40 8 25 0 0.00 M M 4.2 12 290 M M 0 8 17 300
29 49 29 39 7 26 0 0.19 M M 5.0 18 120 M M 4 1 27 130
30 33 26 30 -3 35 0 0.37 M M 6.8 15 90 M M 9 12 20 60
31 42 25 34 1 31 0 0.00 M M 7.7 16 20 M M 6 24 40
================================================================================
SM 1217 638 1081 0 2.65 M 203.7 M 150
================================================================================
AV 39.3 20.6 6.6 FASTST M M 5 MAX(MPH)
MISC ----> # 32 310 # 46 320
================================================================================
NOTES:
# LAST OF SEVERAL OCCURRENCES
COLUMN 17 PEAK WIND IN M.P.H.
PRELIMINARY LOCAL CLIMATOLOGICAL DATA (WS FORM: F-6) , PAGE 2
STATION: MILLINOCKET ME
MONTH: MARCH
YEAR: 2020
LATITUDE: 45 39 N
LONGITUDE: 68 41 W
[TEMPERATURE DATA] [PRECIPITATION DATA] SYMBOLS USED IN COLUMN 16
AVERAGE MONTHLY: 29.9 TOTAL FOR MONTH: 2.65 1 = FOG OR MIST
DPTR FM NORMAL: 1.9 DPTR FM NORMAL: -0.41 2 = FOG REDUCING VISIBILITY
HIGHEST: 51 ON 28, 3 GRTST 24HR 0.86 ON 13-13 TO 1/4 MILE OR LESS
LOWEST: -1 ON 2 3 = THUNDER
SNOW, ICE PELLETS, HAIL 4 = ICE PELLETS
TOTAL MONTH: M 5 = HAIL
GRTST 24HR M ON M 6 = FREEZING RAIN OR DRIZZLE
GRTST DEPTH: M ON M 7 = DUSTSTORM OR SANDSTORM:
VSBY 1/2 MILE OR LESS
8 = SMOKE OR HAZE
[NO. OF DAYS WITH] [WEATHER - DAYS WITH] 9 = BLOWING SNOW
X = TORNADO
MAX 32 OR BELOW: 5 0.01 INCH OR MORE: 13
MAX 90 OR ABOVE: 0 0.10 INCH OR MORE: 8
MIN 32 OR BELOW: 31 0.50 INCH OR MORE: 1
MIN 0 OR BELOW: 1 1.00 INCH OR MORE: 0
[HDD (BASE 65) ]
TOTAL THIS MO. 1081 CLEAR (SCALE 0-3) 11
DPTR FM NORMAL -66 PTCLDY (SCALE 4-7) 12
TOTAL FM JUL 1 6810 CLOUDY (SCALE 8-10) 8
DPTR FM NORMAL -389
[CDD (BASE 65) ]
TOTAL THIS MO. 0
DPTR FM NORMAL 0 [PRESSURE DATA]
TOTAL FM JAN 1 0 HIGHEST SLP 30.78 ON 22
DPTR FM NORMAL 0 LOWEST SLP 29.04 ON 4
[REMARKS]
#FINAL-03-20#